{"id":66,"date":"2020-11-25T21:27:01","date_gmt":"2020-11-25T20:27:01","guid":{"rendered":"http:\/\/ecole.ac-nice.fr\/valbonne\/greoliere\/?page_id=66"},"modified":"2021-04-20T19:31:19","modified_gmt":"2021-04-20T17:31:19","slug":"un-noel-pour-les-personnes-agees-isolees-de-greolieres","status":"publish","type":"page","link":"https:\/\/ecole.ac-nice.fr\/valbonne\/greoliere\/cm1-cm2\/un-noel-pour-les-personnes-agees-isolees-de-greolieres\/","title":{"rendered":"Un No\u00ebl pour les personnes \u00e2g\u00e9es isol\u00e9es de Gr\u00e9oli\u00e8res"},"content":{"rendered":"<p style=\"text-align: center\"><span style=\"font-family: arial, helvetica, sans-serif;color: #ff0000\">Les \u00e9l\u00e8ves ont souhait\u00e9 apporter un peu de r\u00e9confort aux papys et mamies isol\u00e9s de Gr\u00e9oli\u00e8res pour No\u00ebl.<\/span><\/p>\n<p>&nbsp;<\/p>\n<p><img loading=\"lazy\" decoding=\"async\" class=\" wp-image-154 aligncenter\" src=\"http:\/\/ecole.ac-nice.fr\/valbonne\/greoliere\/wp-content\/uploads\/sites\/22\/2021\/04\/cadeaux_papy_mamie-1-300x162.jpg\" alt=\"\" width=\"463\" height=\"250\" srcset=\"https:\/\/ecole.ac-nice.fr\/valbonne\/greoliere\/wp-content\/uploads\/sites\/22\/2021\/04\/cadeaux_papy_mamie-1-300x162.jpg 300w, https:\/\/ecole.ac-nice.fr\/valbonne\/greoliere\/wp-content\/uploads\/sites\/22\/2021\/04\/cadeaux_papy_mamie-1.jpg 546w\" sizes=\"auto, (max-width: 463px) 100vw, 463px\" \/><\/p>\n<p><img loading=\"lazy\" decoding=\"async\" class=\" wp-image-155 aligncenter\" src=\"http:\/\/ecole.ac-nice.fr\/valbonne\/greoliere\/wp-content\/uploads\/sites\/22\/2021\/04\/carte.jpg\" alt=\"\" width=\"293\" height=\"432\" \/><\/p>\n<p>&nbsp;<\/p>\n<p style=\"text-align: center\"><span style=\"font-family: arial, helvetica, sans-serif;color: #339966\">Ils ont fabriqu\u00e9 une jolie carte et ont \u00e9crit un petit mot. Puis, ils ont fabriqu\u00e9 de petits objets de d\u00e9coration pour le sapin ou le frigo sur le th\u00e8me de No\u00ebl. Ces petits pr\u00e9sents ont \u00e9t\u00e9 ensuite distribu\u00e9s par des membres de la mairie.<\/span><\/p>\n","protected":false},"excerpt":{"rendered":"<p>Les \u00e9l\u00e8ves ont souhait\u00e9 apporter un peu de r\u00e9confort aux papys et mamies isol\u00e9s de Gr\u00e9oli\u00e8res pour No\u00ebl. &nbsp; &nbsp; Ils ont fabriqu\u00e9 une jolie carte et ont \u00e9crit un petit mot. Puis, ils ont fabriqu\u00e9 de petits objets de d\u00e9coration pour le sapin ou le frigo sur le th\u00e8me de No\u00ebl. Ces petits pr\u00e9sents &hellip; <a href=\"https:\/\/ecole.ac-nice.fr\/valbonne\/greoliere\/cm1-cm2\/un-noel-pour-les-personnes-agees-isolees-de-greolieres\/\" class=\"more-link\">Continuer la lecture de <span class=\"screen-reader-text\">Un No\u00ebl pour les personnes \u00e2g\u00e9es isol\u00e9es de Gr\u00e9oli\u00e8res<\/span> <span class=\"meta-nav\">&rarr;<\/span><\/a><\/p>\n","protected":false},"author":23,"featured_media":0,"parent":60,"menu_order":0,"comment_status":"closed","ping_status":"closed","template":"","meta":{"footnotes":""},"class_list":["post-66","page","type-page","status-publish","hentry"],"_links":{"self":[{"href":"https:\/\/ecole.ac-nice.fr\/valbonne\/greoliere\/wp-json\/wp\/v2\/pages\/66","targetHints":{"allow":["GET"]}}],"collection":[{"href":"https:\/\/ecole.ac-nice.fr\/valbonne\/greoliere\/wp-json\/wp\/v2\/pages"}],"about":[{"href":"https:\/\/ecole.ac-nice.fr\/valbonne\/greoliere\/wp-json\/wp\/v2\/types\/page"}],"author":[{"embeddable":true,"href":"https:\/\/ecole.ac-nice.fr\/valbonne\/greoliere\/wp-json\/wp\/v2\/users\/23"}],"replies":[{"embeddable":true,"href":"https:\/\/ecole.ac-nice.fr\/valbonne\/greoliere\/wp-json\/wp\/v2\/comments?post=66"}],"version-history":[{"count":3,"href":"https:\/\/ecole.ac-nice.fr\/valbonne\/greoliere\/wp-json\/wp\/v2\/pages\/66\/revisions"}],"predecessor-version":[{"id":156,"href":"https:\/\/ecole.ac-nice.fr\/valbonne\/greoliere\/wp-json\/wp\/v2\/pages\/66\/revisions\/156"}],"up":[{"embeddable":true,"href":"https:\/\/ecole.ac-nice.fr\/valbonne\/greoliere\/wp-json\/wp\/v2\/pages\/60"}],"wp:attachment":[{"href":"https:\/\/ecole.ac-nice.fr\/valbonne\/greoliere\/wp-json\/wp\/v2\/media?parent=66"}],"curies":[{"name":"wp","href":"https:\/\/api.w.org\/{rel}","templated":true}]}}