{"id":591,"date":"2017-12-08T14:47:59","date_gmt":"2017-12-08T13:47:59","guid":{"rendered":"http:\/\/ecole.ac-nice.fr\/val-siagne\/?page_id=591"},"modified":"2020-06-25T17:57:26","modified_gmt":"2020-06-25T15:57:26","slug":"ecoles-de-pegomas","status":"publish","type":"page","link":"https:\/\/ecole.ac-nice.fr\/val-siagne\/circo\/ecoles-par-commune\/ecoles-de-pegomas\/","title":{"rendered":"Ecoles de P\u00e9gomas"},"content":{"rendered":"<p>Les \u00e9coles de P\u00e9gomas :<\/p>\n<p><em>(en cliquant sur l\u2019adresse ou la photo de l\u2019\u00e9cole, vous pourrez visualiser son emplacement sur une carte dynamique \u2013 google maps -)<\/em><\/p>\n<ul>\n<li><span style=\"color: #ff6600;\"><strong>Ecole maternelle Jules Ferry :<\/strong><\/span><\/li>\n<\/ul>\n<p>266 avenue Lucien Funel 06580 P\u00e9gomas<\/p>\n<p>M\u00e9l : <a href=\"mailto:ecole.0061151U@ac-nice.fr\" target=\"_blank\" rel=\"noopener noreferrer\">ecole.0061151U@ac-nice.fr<\/a><\/p>\n<p>Directeur :\u00a0 Mme Christelle FARGEON<\/p>\n<p>T\u00e9l :\u00a0 04 93<\/p>\n<p>Site internet :<\/p>\n<p>&nbsp;<\/p>\n<ul>\n<li><span style=\"color: #800080;\"><strong>Ecole \u00e9l\u00e9mentaire Marie Curie :<\/strong><\/span><\/li>\n<\/ul>\n<p>805 route de la F\u00e9n\u00e9rie 06580 P\u00e9gomas<\/p>\n<p>M\u00e9l : <a href=\"mailto:ecole.0062067P@ac-nice.fr\" target=\"_blank\" rel=\"noopener noreferrer\">ecole.0062067P@ac-nice.fr<\/a><\/p>\n<p>Directrice : Mme Magali VIOLA<\/p>\n<p>T\u00e9l : 04 97 01 00 10<\/p>\n<p>Site internet :<\/p>\n<p>&nbsp;<\/p>\n<ul>\n<li><span style=\"color: #99cc00;\"><strong>Ecole primaire Jean Rostand :<\/strong><\/span><\/li>\n<\/ul>\n<p>216 avenue du Castellaras 06580 P\u00e9gomas<\/p>\n<p>M\u00e9l : <a href=\"mailto:ecole.0061167L@ac-nice.fr\" target=\"_blank\" rel=\"noopener noreferrer\">ecole.0061167L@ac-nice.fr<\/a><\/p>\n<p>Directrice : Mme Isabelle PELAPRAT<\/p>\n<p>T\u00e9l : 04 93 42 23 93<\/p>\n<p>Site internet :<\/p>\n","protected":false},"excerpt":{"rendered":"<p>Les \u00e9coles de P\u00e9gomas : (en cliquant sur l\u2019adresse ou la photo de l\u2019\u00e9cole, vous pourrez visualiser son emplacement sur une carte dynamique \u2013 google maps -) Ecole maternelle Jules Ferry : 266 avenue Lucien Funel 06580 P\u00e9gomas M\u00e9l : ecole.0061151U@ac-nice.fr Directeur :\u00a0 Mme Christelle FARGEON T\u00e9l :\u00a0 04 93 Site internet : &nbsp; Ecole &hellip; <a href=\"https:\/\/ecole.ac-nice.fr\/val-siagne\/circo\/ecoles-par-commune\/ecoles-de-pegomas\/\" class=\"more-link\">Continuer la lecture de <span class=\"screen-reader-text\">Ecoles de P\u00e9gomas<\/span> <span class=\"meta-nav\">&rarr;<\/span><\/a><\/p>\n","protected":false},"author":2,"featured_media":0,"parent":160,"menu_order":0,"comment_status":"closed","ping_status":"closed","template":"","meta":{"footnotes":""},"class_list":["post-591","page","type-page","status-publish","hentry"],"_links":{"self":[{"href":"https:\/\/ecole.ac-nice.fr\/val-siagne\/wp-json\/wp\/v2\/pages\/591","targetHints":{"allow":["GET"]}}],"collection":[{"href":"https:\/\/ecole.ac-nice.fr\/val-siagne\/wp-json\/wp\/v2\/pages"}],"about":[{"href":"https:\/\/ecole.ac-nice.fr\/val-siagne\/wp-json\/wp\/v2\/types\/page"}],"author":[{"embeddable":true,"href":"https:\/\/ecole.ac-nice.fr\/val-siagne\/wp-json\/wp\/v2\/users\/2"}],"replies":[{"embeddable":true,"href":"https:\/\/ecole.ac-nice.fr\/val-siagne\/wp-json\/wp\/v2\/comments?post=591"}],"version-history":[{"count":7,"href":"https:\/\/ecole.ac-nice.fr\/val-siagne\/wp-json\/wp\/v2\/pages\/591\/revisions"}],"predecessor-version":[{"id":1014,"href":"https:\/\/ecole.ac-nice.fr\/val-siagne\/wp-json\/wp\/v2\/pages\/591\/revisions\/1014"}],"up":[{"embeddable":true,"href":"https:\/\/ecole.ac-nice.fr\/val-siagne\/wp-json\/wp\/v2\/pages\/160"}],"wp:attachment":[{"href":"https:\/\/ecole.ac-nice.fr\/val-siagne\/wp-json\/wp\/v2\/media?parent=591"}],"curies":[{"name":"wp","href":"https:\/\/api.w.org\/{rel}","templated":true}]}}