{"id":543,"date":"2017-04-03T15:16:59","date_gmt":"2017-04-03T13:16:59","guid":{"rendered":"http:\/\/ecole.ac-nice.fr\/val-siagne\/?page_id=543"},"modified":"2026-01-27T14:23:21","modified_gmt":"2026-01-27T13:23:21","slug":"ecoles-de-mougins","status":"publish","type":"page","link":"https:\/\/ecole.ac-nice.fr\/val-siagne\/circo\/ecoles-par-commune\/ecoles-de-mougins\/","title":{"rendered":"Ecoles de Mougins"},"content":{"rendered":"<p><span style=\"color: #3366ff;\">Les \u00e9coles de Mougins :<\/span><\/p>\n<p><em>(en cliquant sur l\u2019adresse ou la photo de l\u2019\u00e9cole, vous pourrez visualiser son emplacement sur une carte dynamique \u2013 google maps -)<\/em><\/p>\n<p><span style=\"color: #ff6600;\">5 \u00e9coles maternelles<\/span>,<span style=\"color: #800080;\"> 5 \u00e9coles \u00e9l\u00e9mentaires<\/span> et <span style=\"color: #99cc00;\">1 \u00e9cole primaire (maternelle + \u00e9l\u00e9mentaire )<\/span> :<\/p>\n<ul>\n<li><span style=\"color: #ff6600;\"><strong>Ecole maternelle des Cabri\u00e8res<\/strong><\/span> :<\/li>\n<\/ul>\n<p><a href=\"https:\/\/goo.gl\/maps\/fN346TChpd92\" target=\"_blank\" rel=\"noopener noreferrer\"><img loading=\"lazy\" decoding=\"async\" class=\" wp-image-544 alignleft\" src=\"http:\/\/ecole.ac-nice.fr\/val-siagne\/wp-content\/uploads\/2017\/04\/cabMat.jpg\" alt=\"\" width=\"180\" height=\"121\" \/>1517, chemin des Cabri\u00e8res,\u00a0\u00a0\u00a0\u00a0 06 250 Mougins<\/a><\/p>\n<p>M\u00e9l : <a href=\"mailto:ecole.0061570Z@ac-nice.fr\">ecole.0061570Z@ac-nice.fr<\/a><\/p>\n<p>&nbsp;<\/p>\n<p>T\u00e9l : 04 93 75 33 81<\/p>\n<p>Site internet :<\/p>\n<p>&nbsp;<\/p>\n<ul>\n<li><span style=\"color: #ff6600;\"><strong>Ecole maternelle du Devens<\/strong><\/span> :<\/li>\n<\/ul>\n<p><img loading=\"lazy\" decoding=\"async\" class=\"wp-image-545 size-full alignleft\" src=\"http:\/\/ecole.ac-nice.fr\/val-siagne\/wp-content\/uploads\/2017\/04\/Devens.jpg\" alt=\"\" width=\"250\" height=\"109\" \/><a href=\"https:\/\/goo.gl\/maps\/N8ehypkApsF2\" target=\"_blank\" rel=\"noopener noreferrer\">70 chemin du pigeonnier,\u00a0\u00a0\u00a0\u00a0 06 250 Mougins<\/a><\/p>\n<p>M\u00e9l : <a href=\"mailto:ecole.0061784G@ac-nice.fr\">ecole.0061784G@ac-nice.fr<\/a><\/p>\n<p>&nbsp;<\/p>\n<p>T\u00e9l : 04 92 92 90 70<\/p>\n<p>Site internet :<\/p>\n<p>&nbsp;<\/p>\n<ul>\n<li><span style=\"color: #ff6600;\"><strong>Ecole maternelle de Mougins le Haut<\/strong><\/span> :<\/li>\n<\/ul>\n<p><a href=\"https:\/\/goo.gl\/maps\/mvH9TVHSsi32\" target=\"_blank\" rel=\"noopener noreferrer\"><img loading=\"lazy\" decoding=\"async\" class=\"wp-image-546 alignleft\" src=\"http:\/\/ecole.ac-nice.fr\/val-siagne\/wp-content\/uploads\/2017\/04\/Haut-300x144.jpg\" alt=\"\" width=\"225\" height=\"108\" srcset=\"https:\/\/ecole.ac-nice.fr\/val-siagne\/wp-content\/uploads\/2017\/04\/Haut-300x144.jpg 300w, https:\/\/ecole.ac-nice.fr\/val-siagne\/wp-content\/uploads\/2017\/04\/Haut.jpg 651w\" sizes=\"auto, (max-width: 225px) 100vw, 225px\" \/><\/a> <a href=\"https:\/\/goo.gl\/maps\/a94AqbFHyS42\" target=\"_blank\" rel=\"noopener noreferrer\">850 Rue St Antoine,\u00a0\u00a0\u00a0\u00a0 06 250 Mougins<\/a><\/p>\n<p>M\u00e9l : <a href=\"mailto:ecole.0061676P@ac-nice.fr\">ecole.0061676P@ac-nice.fr<\/a><\/p>\n<p>&nbsp;<\/p>\n<p>T\u00e9l : 04 93 64 58 76<\/p>\n<p>Site internet :<\/p>\n<p>&nbsp;<\/p>\n<ul>\n<li><span style=\"color: #ff6600;\"><strong>Ecole maternelle Cl\u00e9ment REBUFFEL<\/strong><\/span> :<\/li>\n<\/ul>\n<p><a href=\"https:\/\/goo.gl\/maps\/hLKotqHj2U52\" target=\"_blank\" rel=\"noopener noreferrer\"><img loading=\"lazy\" decoding=\"async\" class=\"wp-image-547 alignleft\" src=\"http:\/\/ecole.ac-nice.fr\/val-siagne\/wp-content\/uploads\/2017\/04\/MAtRebuffel.jpg\" alt=\"\" width=\"239\" height=\"132\" \/><\/a>\u00a0<a href=\"https:\/\/goo.gl\/maps\/hLKotqHj2U52\" target=\"_blank\" rel=\"noopener noreferrer\">230 avenue Paul ROBERT,\u00a0\u00a0\u00a0\u00a0 06 250 Mougins<\/a><\/p>\n<p>M\u00e9l : <a href=\"mailto:ecole.0061536M@ac-nice.fr\">ecole.0061536M@ac-nice.fr<\/a><\/p>\n<p>&nbsp;<\/p>\n<p>T\u00e9l : 04 92 28 05 70<\/p>\n<p>Site internet : <a href=\"https:\/\/ecole.ac-nice.fr\/val-siagne\/rebuffelmat\">https:\/\/ecole.ac-nice.fr\/val-siagne\/rebuffelmat<\/a><\/p>\n<p>&nbsp;<\/p>\n<ul>\n<li><span style=\"color: #ff6600;\"><strong>Ecole maternelle de Saint Martin en for\u00eat<\/strong><\/span> :<\/li>\n<\/ul>\n<p><a href=\"https:\/\/goo.gl\/maps\/asdvzhNDGxw\" target=\"_blank\" rel=\"noopener noreferrer\">3 chemin du grand vallon,\u00a0\u00a0\u00a0\u00a0 06 250 Mougins<\/a><a href=\"https:\/\/goo.gl\/maps\/asdvzhNDGxw\" target=\"_blank\" rel=\"noopener noreferrer\"><img loading=\"lazy\" decoding=\"async\" class=\"alignleft wp-image-551 size-full\" src=\"http:\/\/ecole.ac-nice.fr\/val-siagne\/wp-content\/uploads\/2017\/04\/MatStMart.jpg\" alt=\"\" width=\"250\" height=\"80\" \/><\/a><\/p>\n<p>M\u00e9l : <a href=\"mailto:ecole.0061601H@ac-nice.fr\">ecole.0061601H@ac-nice.fr<\/a><\/p>\n<p>T\u00e9l : 04 92 28 52 80<\/p>\n<p>Site internet : <a href=\"https:\/\/ecole.ac-nice.fr\/val-siagne\/stmartinmat\">https:\/\/ecole.ac-nice.fr\/val-siagne\/stmartinmat<\/a><\/p>\n<p>&nbsp;<\/p>\n<ul>\n<li><span style=\"color: #800080;\"><strong>Ecole \u00e9l\u00e9mentaire des Cabri\u00e8res<\/strong><\/span> :<\/li>\n<\/ul>\n<p><a href=\"https:\/\/goo.gl\/maps\/fN346TChpd92\" target=\"_blank\" rel=\"noopener noreferrer\">Avenue Mar\u00e9chal Juin,\u00a0\u00a0\u00a0\u00a0 06 250 Mougins<\/a><a href=\"https:\/\/goo.gl\/maps\/fN346TChpd92\" target=\"_blank\" rel=\"noopener noreferrer\"><img loading=\"lazy\" decoding=\"async\" class=\"wp-image-552 size-full alignleft\" src=\"http:\/\/ecole.ac-nice.fr\/val-siagne\/wp-content\/uploads\/2017\/04\/CabElem.jpg\" alt=\"\" width=\"200\" height=\"98\" \/><\/a><\/p>\n<p>M\u00e9l : <a href=\"mailto:ecole.0061569Y@ac-nice.fr\">ecole.0061569Y@ac-nice.fr<\/a><\/p>\n<p>&nbsp;<\/p>\n<p>T\u00e9l : 04 93 75 31 27<\/p>\n<p>Site internet :<\/p>\n<p>&nbsp;<\/p>\n<ul>\n<li><span style=\"color: #800080;\"><strong>Ecole \u00e9l\u00e9mentaire du Devens<\/strong> :<\/span><\/li>\n<\/ul>\n<p><img loading=\"lazy\" decoding=\"async\" class=\"wp-image-545 size-full alignleft\" src=\"http:\/\/ecole.ac-nice.fr\/val-siagne\/wp-content\/uploads\/2017\/04\/Devens.jpg\" alt=\"\" width=\"250\" height=\"109\" \/><a href=\"https:\/\/goo.gl\/maps\/N8ehypkApsF2\" target=\"_blank\" rel=\"noopener noreferrer\">70 chemin du pigeonnier,\u00a0\u00a0\u00a0\u00a0 06 250 Mougins<\/a><\/p>\n<p>M\u00e9l :<a href=\"mailto:ecole.0061729X@ac-nice.fr\">ecole.0061729X@ac-nice.fr<\/a><\/p>\n<p>&nbsp;<\/p>\n<p>T\u00e9l : 04 92 92 90 71<\/p>\n<p>Site internet :<\/p>\n<p>&nbsp;<\/p>\n<ul>\n<li><span style=\"color: #800080;\"><strong>Ecole \u00e9l\u00e9mentaire de Mougins le Haut<\/strong> :<\/span><\/li>\n<\/ul>\n<p><a href=\"https:\/\/goo.gl\/maps\/mvH9TVHSsi32\" target=\"_blank\" rel=\"noopener noreferrer\"><img loading=\"lazy\" decoding=\"async\" class=\"wp-image-546 alignleft\" src=\"http:\/\/ecole.ac-nice.fr\/val-siagne\/wp-content\/uploads\/2017\/04\/Haut-300x144.jpg\" alt=\"\" width=\"225\" height=\"108\" srcset=\"https:\/\/ecole.ac-nice.fr\/val-siagne\/wp-content\/uploads\/2017\/04\/Haut-300x144.jpg 300w, https:\/\/ecole.ac-nice.fr\/val-siagne\/wp-content\/uploads\/2017\/04\/Haut.jpg 651w\" sizes=\"auto, (max-width: 225px) 100vw, 225px\" \/><\/a> <a href=\"https:\/\/goo.gl\/maps\/a94AqbFHyS42\" target=\"_blank\" rel=\"noopener noreferrer\">850 Rue St Antoine,\u00a0\u00a0\u00a0\u00a0 06 250 Mougins<\/a><\/p>\n<p>M\u00e9l : <a href=\"mailto:ecole.0061675N@ac-nice.fr\">ecole.0061675N@ac-nice.fr<\/a><\/p>\n<p>&nbsp;<\/p>\n<p>T\u00e9l : 04 93 64 61 96<\/p>\n<p>Site internet<\/p>\n<p>&nbsp;<\/p>\n<ul>\n<li><span style=\"color: #800080;\"><strong>Ecole \u00e9l\u00e9mentaire Cl\u00e9ment REBUFFEL<\/strong><\/span> :<\/li>\n<\/ul>\n<p><a href=\"https:\/\/goo.gl\/maps\/MAwwpGV9N9y\" target=\"_blank\" rel=\"noopener noreferrer\">\u00a0 241 avenue Paul ROBERT,\u00a0\u00a0\u00a0\u00a0 06 250 Mougins<\/a><a href=\"https:\/\/goo.gl\/maps\/MAwwpGV9N9y\" target=\"_blank\" rel=\"noopener noreferrer\"><img loading=\"lazy\" decoding=\"async\" class=\"alignleft wp-image-555 size-full\" src=\"http:\/\/ecole.ac-nice.fr\/val-siagne\/wp-content\/uploads\/2017\/04\/RebuffelElem.jpg\" alt=\"\" width=\"250\" height=\"145\" \/><\/a><\/p>\n<p>M\u00e9l : <a href=\"mailto:ecole.0061537N@ac-nice.fr\">ecole.0061537N@ac-nice.fr<\/a><\/p>\n<p>&nbsp;<\/p>\n<p>&nbsp;<\/p>\n<p>T\u00e9l : 04 93 75 59 44<\/p>\n<p>Site internet : <a href=\"https:\/\/ecole.ac-nice.fr\/val-siagne\/rebuffel\">https:\/\/ecole.ac-nice.fr\/val-siagne\/rebuffel<\/a><\/p>\n<p>&nbsp;<\/p>\n<ul>\n<li><span style=\"color: #800080;\"><strong>Ecole \u00e9l\u00e9mentaire de Saint Martin de Gioue<\/strong> <\/span>:<\/li>\n<\/ul>\n<p><a href=\"https:\/\/goo.gl\/maps\/n9LKkfn7YAL2\" target=\"_blank\" rel=\"noopener noreferrer\">841 Chemin de la plaine,\u00a0\u00a0\u00a0\u00a0 06 250 Mougins<\/a><a href=\"https:\/\/goo.gl\/maps\/n9LKkfn7YAL2\" target=\"_blank\" rel=\"noopener noreferrer\"><img loading=\"lazy\" decoding=\"async\" class=\"wp-image-556 size-full alignleft\" src=\"http:\/\/ecole.ac-nice.fr\/val-siagne\/wp-content\/uploads\/2017\/04\/StMartElem.jpg\" alt=\"\" width=\"250\" height=\"105\" \/><\/a><\/p>\n<p>M\u00e9l : \u00a0<a href=\"mailto:ecole.0061634U@ac-nice.fr\">ecole.0061634U@ac-nice.fr<\/a><\/p>\n<p>&nbsp;<\/p>\n<p>T\u00e9l : 04 93 75 51 31<\/p>\n<p>Site internet :<\/p>\n<p>&nbsp;<\/p>\n<ul>\n<li><span style=\"color: #99cc00;\"><strong>Ecole primaire des 3 collines\u00a0<\/strong><\/span> :<\/li>\n<\/ul>\n<p><img loading=\"lazy\" decoding=\"async\" class=\"size-full wp-image-558 alignleft\" src=\"http:\/\/ecole.ac-nice.fr\/val-siagne\/wp-content\/uploads\/2017\/04\/3coll.jpg\" alt=\"\" width=\"250\" height=\"140\" \/> <a href=\"https:\/\/goo.gl\/maps\/QtNrLzEZ6zv\" target=\"_blank\" rel=\"noopener noreferrer\">328 All\u00e9e des s\u00e9quoias,\u00a0\u00a0\u00a0\u00a0 06 250 Mougins<\/a><\/p>\n<p>M\u00e9l : <a href=\"mailto:ecole.0062024T@ac-nice.fr\">ecole.0062024T@ac-nice.fr<\/a><\/p>\n<p>&nbsp;<\/p>\n<p>&nbsp;<\/p>\n<p>T\u00e9l : 04 92 90 56 60<\/p>\n<p>Site internet : <a href=\"https:\/\/ecole.ac-nice.fr\/val-siagne\/ecole3collines\/\">https:\/\/ecole.ac-nice.fr\/val-siagne\/ecole3collines\/<\/a><\/p>\n<p>&nbsp;<\/p>\n","protected":false},"excerpt":{"rendered":"<p>Les \u00e9coles de Mougins : (en cliquant sur l\u2019adresse ou la photo de l\u2019\u00e9cole, vous pourrez visualiser son emplacement sur une carte dynamique \u2013 google maps -) 5 \u00e9coles maternelles, 5 \u00e9coles \u00e9l\u00e9mentaires et 1 \u00e9cole primaire (maternelle + \u00e9l\u00e9mentaire ) : Ecole maternelle des Cabri\u00e8res : 1517, chemin des Cabri\u00e8res,\u00a0\u00a0\u00a0\u00a0 06 250 Mougins M\u00e9l &hellip; <a href=\"https:\/\/ecole.ac-nice.fr\/val-siagne\/circo\/ecoles-par-commune\/ecoles-de-mougins\/\" class=\"more-link\">Continuer la lecture de <span class=\"screen-reader-text\">Ecoles de Mougins<\/span> <span class=\"meta-nav\">&rarr;<\/span><\/a><\/p>\n","protected":false},"author":2,"featured_media":0,"parent":160,"menu_order":5,"comment_status":"closed","ping_status":"closed","template":"","meta":{"footnotes":""},"class_list":["post-543","page","type-page","status-publish","hentry"],"_links":{"self":[{"href":"https:\/\/ecole.ac-nice.fr\/val-siagne\/wp-json\/wp\/v2\/pages\/543","targetHints":{"allow":["GET"]}}],"collection":[{"href":"https:\/\/ecole.ac-nice.fr\/val-siagne\/wp-json\/wp\/v2\/pages"}],"about":[{"href":"https:\/\/ecole.ac-nice.fr\/val-siagne\/wp-json\/wp\/v2\/types\/page"}],"author":[{"embeddable":true,"href":"https:\/\/ecole.ac-nice.fr\/val-siagne\/wp-json\/wp\/v2\/users\/2"}],"replies":[{"embeddable":true,"href":"https:\/\/ecole.ac-nice.fr\/val-siagne\/wp-json\/wp\/v2\/comments?post=543"}],"version-history":[{"count":21,"href":"https:\/\/ecole.ac-nice.fr\/val-siagne\/wp-json\/wp\/v2\/pages\/543\/revisions"}],"predecessor-version":[{"id":1142,"href":"https:\/\/ecole.ac-nice.fr\/val-siagne\/wp-json\/wp\/v2\/pages\/543\/revisions\/1142"}],"up":[{"embeddable":true,"href":"https:\/\/ecole.ac-nice.fr\/val-siagne\/wp-json\/wp\/v2\/pages\/160"}],"wp:attachment":[{"href":"https:\/\/ecole.ac-nice.fr\/val-siagne\/wp-json\/wp\/v2\/media?parent=543"}],"curies":[{"name":"wp","href":"https:\/\/api.w.org\/{rel}","templated":true}]}}