{"id":485,"date":"2017-04-02T10:45:11","date_gmt":"2017-04-02T08:45:11","guid":{"rendered":"http:\/\/ecole.ac-nice.fr\/val-siagne\/?page_id=485"},"modified":"2019-08-26T18:09:56","modified_gmt":"2019-08-26T16:09:56","slug":"des-sites-pedagogiques","status":"publish","type":"page","link":"https:\/\/ecole.ac-nice.fr\/val-siagne\/des-liens-utiles\/des-sites-pedagogiques\/","title":{"rendered":"Des sites p\u00e9dagogiques"},"content":{"rendered":"<p>Des lieens vers des sites p\u00e9dagogiques :<\/p>\n<ul>\n<li><a href=\"https:\/\/eduscol.education.fr\/cid96257\/prim-a-bord-le-portail-premier-degre.html\" target=\"_blank\" rel=\"noopener noreferrer\">Prim \u00e0 bord (num\u00e9rique pour 1\u00b0 degr\u00e9)<\/a><\/li>\n<li><a href=\"https:\/\/www.reseau-canope.fr\/lesfondamentaux\/accueil.html\" target=\"_blank\" rel=\"noopener noreferrer\">les fondamentaux<\/a><\/li>\n<li><a href=\"http:\/\/www.edutheque.fr\/accueil.html\" target=\"_blank\" rel=\"noopener noreferrer\">Eduth\u00e8que<\/a><\/li>\n<\/ul>\n","protected":false},"excerpt":{"rendered":"<p>Des lieens vers des sites p\u00e9dagogiques : Prim \u00e0 bord (num\u00e9rique pour 1\u00b0 degr\u00e9) les fondamentaux Eduth\u00e8que<\/p>\n","protected":false},"author":2,"featured_media":0,"parent":435,"menu_order":2,"comment_status":"closed","ping_status":"closed","template":"","meta":{"footnotes":""},"class_list":["post-485","page","type-page","status-publish","hentry"],"_links":{"self":[{"href":"https:\/\/ecole.ac-nice.fr\/val-siagne\/wp-json\/wp\/v2\/pages\/485","targetHints":{"allow":["GET"]}}],"collection":[{"href":"https:\/\/ecole.ac-nice.fr\/val-siagne\/wp-json\/wp\/v2\/pages"}],"about":[{"href":"https:\/\/ecole.ac-nice.fr\/val-siagne\/wp-json\/wp\/v2\/types\/page"}],"author":[{"embeddable":true,"href":"https:\/\/ecole.ac-nice.fr\/val-siagne\/wp-json\/wp\/v2\/users\/2"}],"replies":[{"embeddable":true,"href":"https:\/\/ecole.ac-nice.fr\/val-siagne\/wp-json\/wp\/v2\/comments?post=485"}],"version-history":[{"count":2,"href":"https:\/\/ecole.ac-nice.fr\/val-siagne\/wp-json\/wp\/v2\/pages\/485\/revisions"}],"predecessor-version":[{"id":895,"href":"https:\/\/ecole.ac-nice.fr\/val-siagne\/wp-json\/wp\/v2\/pages\/485\/revisions\/895"}],"up":[{"embeddable":true,"href":"https:\/\/ecole.ac-nice.fr\/val-siagne\/wp-json\/wp\/v2\/pages\/435"}],"wp:attachment":[{"href":"https:\/\/ecole.ac-nice.fr\/val-siagne\/wp-json\/wp\/v2\/media?parent=485"}],"curies":[{"name":"wp","href":"https:\/\/api.w.org\/{rel}","templated":true}]}}