{"id":435,"date":"2017-04-01T18:06:07","date_gmt":"2017-04-01T16:06:07","guid":{"rendered":"http:\/\/ecole.ac-nice.fr\/val-siagne\/?page_id=435"},"modified":"2026-01-27T14:51:37","modified_gmt":"2026-01-27T13:51:37","slug":"des-liens-utiles","status":"publish","type":"page","link":"https:\/\/ecole.ac-nice.fr\/val-siagne\/des-liens-utiles\/","title":{"rendered":"Des liens utiles"},"content":{"rendered":"<p>Vous trouverez ci dessous un ensemble de liens utiles :<\/p>\n<p>les sites institutionnels :<\/p>\n<ul>\n<li><a href=\"http:\/\/www.education.gouv.fr\/\" target=\"_blank\" rel=\"noopener\">le site du minist\u00e8re de l&rsquo;Education Nationale<\/a><\/li>\n<li><a href=\"http:\/\/eduscol.education.fr\/\" target=\"_blank\" rel=\"noopener\">le site Eduscol <\/a>( informations et accompagnement des professionnels de l&rsquo;Education Nationale)<\/li>\n<li><a href=\"http:\/\/www2.ac-nice.fr\/\" target=\"_blank\" rel=\"noopener\">le site de l&rsquo;Acad\u00e9mie de Nice<\/a><\/li>\n<li><a href=\"http:\/\/www2.ac-nice.fr\/DSDEN06\/pid30544\/dsden-des-alpes-maritimes.html\" target=\"_blank\" rel=\"noopener\">Le site de l&rsquo;Inspection acad\u00e9mique de Nice<\/a><\/li>\n<li><a href=\"http:\/\/www.education.gouv.fr\/pid285\/le-bulletin-officiel.html\" target=\"_blank\" rel=\"noopener\">les derniers B.O.<\/a><\/li>\n<\/ul>\n<p>Des sites p\u00e9dagogiques :<\/p>\n<ul>\n<li><a href=\"http:\/\/eduscol.education.fr\/primabord\/\" target=\"_blank\" rel=\"noopener\">Prim \u00e0 bord (num\u00e9rique pour 1\u00b0 degr\u00e9)<\/a><\/li>\n<li><a href=\"https:\/\/www.reseau-canope.fr\/lesfondamentaux\/accueil.html\" target=\"_blank\" rel=\"noopener\">les fondamentaux<\/a><\/li>\n<li><a href=\"http:\/\/www.edutheque.fr\/accueil.html\" target=\"_blank\" rel=\"noopener\">Eduth\u00e8que<\/a><\/li>\n<\/ul>\n","protected":false},"excerpt":{"rendered":"<p>Vous trouverez ci dessous un ensemble de liens utiles : les sites institutionnels : le site du minist\u00e8re de l&rsquo;Education Nationale le site Eduscol ( informations et accompagnement des professionnels de l&rsquo;Education Nationale) le site de l&rsquo;Acad\u00e9mie de Nice Le site de l&rsquo;Inspection acad\u00e9mique de Nice les derniers B.O. Des sites p\u00e9dagogiques : Prim \u00e0 &hellip; <a href=\"https:\/\/ecole.ac-nice.fr\/val-siagne\/des-liens-utiles\/\" class=\"more-link\">Continuer la lecture de <span class=\"screen-reader-text\">Des liens utiles<\/span> <span class=\"meta-nav\">&rarr;<\/span><\/a><\/p>\n","protected":false},"author":2,"featured_media":0,"parent":0,"menu_order":0,"comment_status":"closed","ping_status":"closed","template":"","meta":{"footnotes":""},"class_list":["post-435","page","type-page","status-publish","hentry"],"_links":{"self":[{"href":"https:\/\/ecole.ac-nice.fr\/val-siagne\/wp-json\/wp\/v2\/pages\/435","targetHints":{"allow":["GET"]}}],"collection":[{"href":"https:\/\/ecole.ac-nice.fr\/val-siagne\/wp-json\/wp\/v2\/pages"}],"about":[{"href":"https:\/\/ecole.ac-nice.fr\/val-siagne\/wp-json\/wp\/v2\/types\/page"}],"author":[{"embeddable":true,"href":"https:\/\/ecole.ac-nice.fr\/val-siagne\/wp-json\/wp\/v2\/users\/2"}],"replies":[{"embeddable":true,"href":"https:\/\/ecole.ac-nice.fr\/val-siagne\/wp-json\/wp\/v2\/comments?post=435"}],"version-history":[{"count":2,"href":"https:\/\/ecole.ac-nice.fr\/val-siagne\/wp-json\/wp\/v2\/pages\/435\/revisions"}],"predecessor-version":[{"id":578,"href":"https:\/\/ecole.ac-nice.fr\/val-siagne\/wp-json\/wp\/v2\/pages\/435\/revisions\/578"}],"wp:attachment":[{"href":"https:\/\/ecole.ac-nice.fr\/val-siagne\/wp-json\/wp\/v2\/media?parent=435"}],"curies":[{"name":"wp","href":"https:\/\/api.w.org\/{rel}","templated":true}]}}