{"id":53,"date":"2017-03-28T12:02:00","date_gmt":"2017-03-28T10:02:00","guid":{"rendered":"http:\/\/ecole.ac-nice.fr\/val-siagne\/stmartinmat\/?page_id=53"},"modified":"2021-03-19T17:03:14","modified_gmt":"2021-03-19T16:03:14","slug":"la-classe","status":"publish","type":"page","link":"https:\/\/ecole.ac-nice.fr\/val-siagne\/stmartinmat\/presentation-de-lecole\/la-classe\/","title":{"rendered":"Les classes"},"content":{"rendered":"<p><strong>Donner envie aux enfants d&rsquo;aller \u00e0 l&rsquo;\u00e9cole pour apprendre, affirmer et \u00e9panouir leur personnalit\u00e9<\/strong> : voil\u00e0 la mission principale de l&rsquo;\u00e9cole maternelle.<\/p>\n<p>Tous les enfants sont capables d&rsquo;apprendre et de progresser. En manifestant sa confiance \u00e0 l&rsquo;\u00e9gard de chaque enfant, l&rsquo;\u00e9cole maternelle l&rsquo;engage \u00e0 avoir confiance dans son propre pouvoir d&rsquo;agir et de penser, dans sa capacit\u00e9 \u00e0 apprendre et r\u00e9ussir.<\/p>\n<p><img loading=\"lazy\" decoding=\"async\" class=\"alignnone size-medium wp-image-81\" src=\"http:\/\/ecole.ac-nice.fr\/val-siagne\/stmartinmatmat\/wp-content\/uploads\/sites\/3\/2017\/03\/classe-300x225.jpg\" alt=\"\" width=\"300\" height=\"225\" \/><\/p>\n<p>Notre \u00e9cole accueille une classe tr\u00e8s sp\u00e9cifique depuis le 1er septembre 2020, vous pourrez la d\u00e9couvrir en cliquant sur ce lien : <a href=\"http:\/\/ecole.ac-nice.fr\/val-siagne\/stmartinmat\/wp-content\/uploads\/sites\/11\/2021\/03\/Presentation-UEMA-compresse.pdf\">la classe UEMA<\/a><\/p>\n<p><a href=\"http:\/\/ecole.ac-nice.fr\/val-siagne\/stmartinmat\/presentation-de-lecole\/\">Retour : pr\u00e9sentation de l&rsquo;\u00e9cole<\/a><\/p>\n","protected":false},"excerpt":{"rendered":"<p>Donner envie aux enfants d&rsquo;aller \u00e0 l&rsquo;\u00e9cole pour apprendre, affirmer et \u00e9panouir leur personnalit\u00e9 : voil\u00e0 la mission principale de l&rsquo;\u00e9cole maternelle. Tous les enfants sont capables d&rsquo;apprendre et de progresser. En manifestant sa confiance \u00e0 l&rsquo;\u00e9gard de chaque enfant, l&rsquo;\u00e9cole maternelle l&rsquo;engage \u00e0 avoir confiance dans son propre pouvoir d&rsquo;agir et de penser, dans &hellip; <a href=\"https:\/\/ecole.ac-nice.fr\/val-siagne\/stmartinmat\/presentation-de-lecole\/la-classe\/\" class=\"more-link\">Continuer la lecture de <span class=\"screen-reader-text\">Les classes<\/span>  <span class=\"meta-nav\">&rarr;<\/span><\/a><\/p>\n","protected":false},"author":2,"featured_media":0,"parent":49,"menu_order":1,"comment_status":"closed","ping_status":"closed","template":"","meta":{"footnotes":""},"class_list":["post-53","page","type-page","status-publish","hentry"],"_links":{"self":[{"href":"https:\/\/ecole.ac-nice.fr\/val-siagne\/stmartinmat\/wp-json\/wp\/v2\/pages\/53","targetHints":{"allow":["GET"]}}],"collection":[{"href":"https:\/\/ecole.ac-nice.fr\/val-siagne\/stmartinmat\/wp-json\/wp\/v2\/pages"}],"about":[{"href":"https:\/\/ecole.ac-nice.fr\/val-siagne\/stmartinmat\/wp-json\/wp\/v2\/types\/page"}],"author":[{"embeddable":true,"href":"https:\/\/ecole.ac-nice.fr\/val-siagne\/stmartinmat\/wp-json\/wp\/v2\/users\/2"}],"replies":[{"embeddable":true,"href":"https:\/\/ecole.ac-nice.fr\/val-siagne\/stmartinmat\/wp-json\/wp\/v2\/comments?post=53"}],"version-history":[{"count":8,"href":"https:\/\/ecole.ac-nice.fr\/val-siagne\/stmartinmat\/wp-json\/wp\/v2\/pages\/53\/revisions"}],"predecessor-version":[{"id":402,"href":"https:\/\/ecole.ac-nice.fr\/val-siagne\/stmartinmat\/wp-json\/wp\/v2\/pages\/53\/revisions\/402"}],"up":[{"embeddable":true,"href":"https:\/\/ecole.ac-nice.fr\/val-siagne\/stmartinmat\/wp-json\/wp\/v2\/pages\/49"}],"wp:attachment":[{"href":"https:\/\/ecole.ac-nice.fr\/val-siagne\/stmartinmat\/wp-json\/wp\/v2\/media?parent=53"}],"curies":[{"name":"wp","href":"https:\/\/api.w.org\/{rel}","templated":true}]}}