{"id":51,"date":"2017-03-28T12:01:24","date_gmt":"2017-03-28T10:01:24","guid":{"rendered":"http:\/\/ecole.ac-nice.fr\/val-siagne\/stmartinmat\/?page_id=51"},"modified":"2018-02-19T15:52:30","modified_gmt":"2018-02-19T14:52:30","slug":"la-cour","status":"publish","type":"page","link":"https:\/\/ecole.ac-nice.fr\/val-siagne\/stmartinmat\/presentation-de-lecole\/la-cour\/","title":{"rendered":"La cour"},"content":{"rendered":"<p style=\"text-align: center\"><strong><span style=\"font-size: 18pt;color: #0000ff\"><img loading=\"lazy\" decoding=\"async\" class=\"size-medium wp-image-297 aligncenter\" src=\"http:\/\/ecole.ac-nice.fr\/val-siagne\/stmartinmat\/wp-content\/uploads\/sites\/11\/2018\/02\/DSCN4880-300x225.jpg\" alt=\"\" width=\"300\" height=\"225\" srcset=\"https:\/\/ecole.ac-nice.fr\/val-siagne\/stmartinmat\/wp-content\/uploads\/sites\/11\/2018\/02\/DSCN4880-300x225.jpg 300w, https:\/\/ecole.ac-nice.fr\/val-siagne\/stmartinmat\/wp-content\/uploads\/sites\/11\/2018\/02\/DSCN4880.jpg 400w\" sizes=\"auto, (max-width: 300px) 100vw, 300px\" \/>Une grande cour o\u00f9 l&rsquo;on peut se d\u00e9penser, profiter du toboggan, partir en voyage sur le petit train, ou bien simplement r\u00eavasser sur les bancs \u00e0 l&rsquo;ombre du grand pr\u00e9au&#8230;<\/span><\/strong><\/p>\n<p><img loading=\"lazy\" decoding=\"async\" class=\"size-medium wp-image-279 aligncenter\" src=\"http:\/\/ecole.ac-nice.fr\/val-siagne\/stmartinmat\/wp-content\/uploads\/sites\/11\/2018\/02\/Visite-guidee0002-300x225.jpg\" alt=\"\" width=\"300\" height=\"225\" srcset=\"https:\/\/ecole.ac-nice.fr\/val-siagne\/stmartinmat\/wp-content\/uploads\/sites\/11\/2018\/02\/Visite-guidee0002-300x225.jpg 300w, https:\/\/ecole.ac-nice.fr\/val-siagne\/stmartinmat\/wp-content\/uploads\/sites\/11\/2018\/02\/Visite-guidee0002.jpg 400w\" sizes=\"auto, (max-width: 300px) 100vw, 300px\" \/><\/p>\n<p>&nbsp;<\/p>\n<p><a href=\"http:\/\/ecole.ac-nice.fr\/val-siagne\/stmartinmat\/presentation-de-lecole\/\">Retour : pr\u00e9sentation de l&rsquo;\u00e9cole<\/a><\/p>\n","protected":false},"excerpt":{"rendered":"<p>Une grande cour o\u00f9 l&rsquo;on peut se d\u00e9penser, profiter du toboggan, partir en voyage sur le petit train, ou bien simplement r\u00eavasser sur les bancs \u00e0 l&rsquo;ombre du grand pr\u00e9au&#8230; &nbsp; Retour : pr\u00e9sentation de l&rsquo;\u00e9cole<\/p>\n","protected":false},"author":2,"featured_media":0,"parent":49,"menu_order":2,"comment_status":"closed","ping_status":"closed","template":"","meta":{"footnotes":""},"class_list":["post-51","page","type-page","status-publish","hentry"],"_links":{"self":[{"href":"https:\/\/ecole.ac-nice.fr\/val-siagne\/stmartinmat\/wp-json\/wp\/v2\/pages\/51","targetHints":{"allow":["GET"]}}],"collection":[{"href":"https:\/\/ecole.ac-nice.fr\/val-siagne\/stmartinmat\/wp-json\/wp\/v2\/pages"}],"about":[{"href":"https:\/\/ecole.ac-nice.fr\/val-siagne\/stmartinmat\/wp-json\/wp\/v2\/types\/page"}],"author":[{"embeddable":true,"href":"https:\/\/ecole.ac-nice.fr\/val-siagne\/stmartinmat\/wp-json\/wp\/v2\/users\/2"}],"replies":[{"embeddable":true,"href":"https:\/\/ecole.ac-nice.fr\/val-siagne\/stmartinmat\/wp-json\/wp\/v2\/comments?post=51"}],"version-history":[{"count":7,"href":"https:\/\/ecole.ac-nice.fr\/val-siagne\/stmartinmat\/wp-json\/wp\/v2\/pages\/51\/revisions"}],"predecessor-version":[{"id":305,"href":"https:\/\/ecole.ac-nice.fr\/val-siagne\/stmartinmat\/wp-json\/wp\/v2\/pages\/51\/revisions\/305"}],"up":[{"embeddable":true,"href":"https:\/\/ecole.ac-nice.fr\/val-siagne\/stmartinmat\/wp-json\/wp\/v2\/pages\/49"}],"wp:attachment":[{"href":"https:\/\/ecole.ac-nice.fr\/val-siagne\/stmartinmat\/wp-json\/wp\/v2\/media?parent=51"}],"curies":[{"name":"wp","href":"https:\/\/api.w.org\/{rel}","templated":true}]}}