{"id":262,"date":"2018-04-27T14:28:21","date_gmt":"2018-04-27T12:28:21","guid":{"rendered":"http:\/\/ecole.ac-nice.fr\/val-siagne\/rebuffel\/?page_id=262"},"modified":"2018-04-27T15:53:43","modified_gmt":"2018-04-27T13:53:43","slug":"classe-de-ce2-cm1-mme-dibiaggio-et-mme-garcia-pizon","status":"publish","type":"page","link":"https:\/\/ecole.ac-nice.fr\/val-siagne\/rebuffel\/classe-de-ce2-cm1-mme-dibiaggio-et-mme-garcia-pizon\/","title":{"rendered":"Classe de CE2-CM1 &#8211; Mme Dibiaggio et Mme Garcia-Pizon"},"content":{"rendered":"<p>Situ\u00e9e au 2e \u00e9tage, cette classe accueille 19 CE2 et 6 CM1.<\/p>\n<p>&nbsp;<\/p>\n<p>Pour recevoir les livrets des \u00e9l\u00e8ves, pensez \u00e0 nous envoyer votre adresse mail \u00e0\u00a0<span style=\"color: #0000ff\"><a style=\"color: #0000ff\" href=\"mailto:rebuffeldibiaggiogarcia@gmail.com\">rebuffeldibiaggiogarcia@gmail.com<\/a><span style=\"color: #000000\">.<\/span><\/span><\/p>\n","protected":false},"excerpt":{"rendered":"<p>Situ\u00e9e au 2e \u00e9tage, cette classe accueille 19 CE2 et 6 CM1. &nbsp; Pour recevoir les livrets des \u00e9l\u00e8ves, pensez \u00e0 nous envoyer votre adresse mail \u00e0\u00a0rebuffeldibiaggiogarcia@gmail.com.<\/p>\n","protected":false},"author":57,"featured_media":0,"parent":0,"menu_order":0,"comment_status":"closed","ping_status":"closed","template":"","meta":{"footnotes":""},"class_list":["post-262","page","type-page","status-publish","hentry"],"_links":{"self":[{"href":"https:\/\/ecole.ac-nice.fr\/val-siagne\/rebuffel\/wp-json\/wp\/v2\/pages\/262","targetHints":{"allow":["GET"]}}],"collection":[{"href":"https:\/\/ecole.ac-nice.fr\/val-siagne\/rebuffel\/wp-json\/wp\/v2\/pages"}],"about":[{"href":"https:\/\/ecole.ac-nice.fr\/val-siagne\/rebuffel\/wp-json\/wp\/v2\/types\/page"}],"author":[{"embeddable":true,"href":"https:\/\/ecole.ac-nice.fr\/val-siagne\/rebuffel\/wp-json\/wp\/v2\/users\/57"}],"replies":[{"embeddable":true,"href":"https:\/\/ecole.ac-nice.fr\/val-siagne\/rebuffel\/wp-json\/wp\/v2\/comments?post=262"}],"version-history":[{"count":3,"href":"https:\/\/ecole.ac-nice.fr\/val-siagne\/rebuffel\/wp-json\/wp\/v2\/pages\/262\/revisions"}],"predecessor-version":[{"id":287,"href":"https:\/\/ecole.ac-nice.fr\/val-siagne\/rebuffel\/wp-json\/wp\/v2\/pages\/262\/revisions\/287"}],"wp:attachment":[{"href":"https:\/\/ecole.ac-nice.fr\/val-siagne\/rebuffel\/wp-json\/wp\/v2\/media?parent=262"}],"curies":[{"name":"wp","href":"https:\/\/api.w.org\/{rel}","templated":true}]}}

<p>Située au 2e étage, cette classe accueille 19 CE2 et 6 CM1.</p>
<p>&nbsp;</p>
<p>Pour recevoir les livrets des élèves, pensez à nous envoyer votre adresse mail à <span style="color: #0000ff"><a style="color: #0000ff" href="mailto:rebuffeldibiaggiogarcia@gmail.com">rebuffeldibiaggiogarcia@gmail.com</a><span style="color: #000000">.</span></span></p>

<p>Située au 2e étage, cette classe accueille 19 CE2 et 6 CM1. &nbsp; Pour recevoir les livrets des élèves, pensez à nous envoyer votre adresse mail à rebuffeldibiaggiogarcia@gmail.com.</p>
