{"id":25,"date":"2017-03-26T19:25:43","date_gmt":"2017-03-26T17:25:43","guid":{"rendered":"http:\/\/ecole.ac-nice.fr\/val-siagne\/rebuffel\/?page_id=25"},"modified":"2018-02-19T15:02:04","modified_gmt":"2018-02-19T14:02:04","slug":"les-horaires","status":"publish","type":"page","link":"https:\/\/ecole.ac-nice.fr\/val-siagne\/rebuffel\/les-infos-administratives\/les-horaires\/","title":{"rendered":"Les horaires"},"content":{"rendered":"<p>Voici les horaires de notre \u00e9cole :<\/p>\n<p>lundi : 8h30 \u00e0 11h45<\/p>\n<p>mardi :\u00a08h30 \u00e0 11h45 et 13h45 \u00e0 16h15<\/p>\n<p>mercredi : 8h30 \u00e0 12h<\/p>\n<p>jeudi :\u00a08h30 \u00e0 11h45 et 13h45 \u00e0 16h15<\/p>\n<p>vendredi :\u00a08h30 \u00e0 11h45 et 13h45 \u00e0 16h15<\/p>\n<p>&nbsp;<\/p>\n<p>Ouverture du portail :<\/p>\n<p>de 8h20 \u00e0 8h30 le matin et de 13h40 \u00e0 13h45 les mardi, jeudi et vendredi<\/p>\n<p>Permanence de la Directrice :<\/p>\n<p>lundi et jeudi matins<\/p>\n","protected":false},"excerpt":{"rendered":"<p>Voici les horaires de notre \u00e9cole : lundi : 8h30 \u00e0 11h45 mardi :\u00a08h30 \u00e0 11h45 et 13h45 \u00e0 16h15 mercredi : 8h30 \u00e0 12h jeudi :\u00a08h30 \u00e0 11h45 et 13h45 \u00e0 16h15 vendredi :\u00a08h30 \u00e0 11h45 et 13h45 \u00e0 16h15 &nbsp; Ouverture du portail : de 8h20 \u00e0 8h30 le matin et de 13h40 &hellip; <a href=\"https:\/\/ecole.ac-nice.fr\/val-siagne\/rebuffel\/les-infos-administratives\/les-horaires\/\" class=\"more-link\">Continuer la lecture de <span class=\"screen-reader-text\">Les horaires<\/span>  <span class=\"meta-nav\">&rarr;<\/span><\/a><\/p>\n","protected":false},"author":2,"featured_media":0,"parent":23,"menu_order":1,"comment_status":"closed","ping_status":"closed","template":"page-templates\/full-width.php","meta":{"footnotes":""},"class_list":["post-25","page","type-page","status-publish","hentry"],"_links":{"self":[{"href":"https:\/\/ecole.ac-nice.fr\/val-siagne\/rebuffel\/wp-json\/wp\/v2\/pages\/25","targetHints":{"allow":["GET"]}}],"collection":[{"href":"https:\/\/ecole.ac-nice.fr\/val-siagne\/rebuffel\/wp-json\/wp\/v2\/pages"}],"about":[{"href":"https:\/\/ecole.ac-nice.fr\/val-siagne\/rebuffel\/wp-json\/wp\/v2\/types\/page"}],"author":[{"embeddable":true,"href":"https:\/\/ecole.ac-nice.fr\/val-siagne\/rebuffel\/wp-json\/wp\/v2\/users\/2"}],"replies":[{"embeddable":true,"href":"https:\/\/ecole.ac-nice.fr\/val-siagne\/rebuffel\/wp-json\/wp\/v2\/comments?post=25"}],"version-history":[{"count":4,"href":"https:\/\/ecole.ac-nice.fr\/val-siagne\/rebuffel\/wp-json\/wp\/v2\/pages\/25\/revisions"}],"predecessor-version":[{"id":174,"href":"https:\/\/ecole.ac-nice.fr\/val-siagne\/rebuffel\/wp-json\/wp\/v2\/pages\/25\/revisions\/174"}],"up":[{"embeddable":true,"href":"https:\/\/ecole.ac-nice.fr\/val-siagne\/rebuffel\/wp-json\/wp\/v2\/pages\/23"}],"wp:attachment":[{"href":"https:\/\/ecole.ac-nice.fr\/val-siagne\/rebuffel\/wp-json\/wp\/v2\/media?parent=25"}],"curies":[{"name":"wp","href":"https:\/\/api.w.org\/{rel}","templated":true}]}}

<p>Voici les horaires de notre école :</p>
<p>lundi : 8h30 à 11h45</p>
<p>mardi : 8h30 à 11h45 et 13h45 à 16h15</p>
<p>mercredi : 8h30 à 12h</p>
<p>jeudi : 8h30 à 11h45 et 13h45 à 16h15</p>
<p>vendredi : 8h30 à 11h45 et 13h45 à 16h15</p>
<p>&nbsp;</p>
<p>Ouverture du portail :</p>
<p>de 8h20 à 8h30 le matin et de 13h40 à 13h45 les mardi, jeudi et vendredi</p>
<p>Permanence de la Directrice :</p>
<p>lundi et jeudi matins</p>

<p>Voici les horaires de notre école : lundi : 8h30 à 11h45 mardi : 8h30 à 11h45 et 13h45 à 16h15 mercredi : 8h30 à 12h jeudi : 8h30 à 11h45 et 13h45 à 16h15 vendredi : 8h30 à 11h45 et 13h45 à 16h15 &nbsp; Ouverture du portail : de 8h20 à 8h30 le matin et de 13h40 &hellip; <a href="https://ecole.ac-nice.fr/val-siagne/rebuffel/les-infos-administratives/les-horaires/" class="more-link">Continuer la lecture de <span class="screen-reader-text">Les horaires</span>  <span class="meta-nav">&rarr;</span></a></p>
