{"id":216,"date":"2018-02-19T15:46:59","date_gmt":"2018-02-19T14:46:59","guid":{"rendered":"http:\/\/ecole.ac-nice.fr\/val-siagne\/rebuffel\/?page_id=216"},"modified":"2018-04-27T14:21:11","modified_gmt":"2018-04-27T12:21:11","slug":"classe-cp-ce1","status":"publish","type":"page","link":"https:\/\/ecole.ac-nice.fr\/val-siagne\/rebuffel\/classe-cp-ce1\/","title":{"rendered":"Classe de CP \/ CE1 &#8211; Mme Bailet-Fournier"},"content":{"rendered":"<p>La classe de CP\/CE1 se situe au rez-de-chauss\u00e9e. Il y a 21 \u00e9l\u00e8ves (15 CE1 et 6 CP). Nous avons beaucoup de chance car nous avons notre propre cour de r\u00e9cr\u00e9ation et notre propre cantine !!<\/p>\n","protected":false},"excerpt":{"rendered":"<p>La classe de CP\/CE1 se situe au rez-de-chauss\u00e9e. Il y a 21 \u00e9l\u00e8ves (15 CE1 et 6 CP). Nous avons beaucoup de chance car nous avons notre propre cour de r\u00e9cr\u00e9ation et notre propre cantine !!<\/p>\n","protected":false},"author":49,"featured_media":0,"parent":0,"menu_order":0,"comment_status":"closed","ping_status":"closed","template":"","meta":{"footnotes":""},"class_list":["post-216","page","type-page","status-publish","hentry"],"_links":{"self":[{"href":"https:\/\/ecole.ac-nice.fr\/val-siagne\/rebuffel\/wp-json\/wp\/v2\/pages\/216","targetHints":{"allow":["GET"]}}],"collection":[{"href":"https:\/\/ecole.ac-nice.fr\/val-siagne\/rebuffel\/wp-json\/wp\/v2\/pages"}],"about":[{"href":"https:\/\/ecole.ac-nice.fr\/val-siagne\/rebuffel\/wp-json\/wp\/v2\/types\/page"}],"author":[{"embeddable":true,"href":"https:\/\/ecole.ac-nice.fr\/val-siagne\/rebuffel\/wp-json\/wp\/v2\/users\/49"}],"replies":[{"embeddable":true,"href":"https:\/\/ecole.ac-nice.fr\/val-siagne\/rebuffel\/wp-json\/wp\/v2\/comments?post=216"}],"version-history":[{"count":3,"href":"https:\/\/ecole.ac-nice.fr\/val-siagne\/rebuffel\/wp-json\/wp\/v2\/pages\/216\/revisions"}],"predecessor-version":[{"id":255,"href":"https:\/\/ecole.ac-nice.fr\/val-siagne\/rebuffel\/wp-json\/wp\/v2\/pages\/216\/revisions\/255"}],"wp:attachment":[{"href":"https:\/\/ecole.ac-nice.fr\/val-siagne\/rebuffel\/wp-json\/wp\/v2\/media?parent=216"}],"curies":[{"name":"wp","href":"https:\/\/api.w.org\/{rel}","templated":true}]}}

<p>La classe de CP/CE1 se situe au rez-de-chaussée. Il y a 21 élèves (15 CE1 et 6 CP). Nous avons beaucoup de chance car nous avons notre propre cour de récréation et notre propre cantine !!</p>
