{"id":211,"date":"2018-02-19T15:49:22","date_gmt":"2018-02-19T14:49:22","guid":{"rendered":"http:\/\/ecole.ac-nice.fr\/val-siagne\/rebuffel\/?page_id=211"},"modified":"2018-04-27T14:23:16","modified_gmt":"2018-04-27T12:23:16","slug":"la-classe-de-ce1","status":"publish","type":"page","link":"https:\/\/ecole.ac-nice.fr\/val-siagne\/rebuffel\/la-classe-de-ce1\/","title":{"rendered":"Classe de CE1 &#8211; Mme Elena"},"content":{"rendered":"<p>La classe est situ\u00e9e au deuxi\u00e8me \u00e9tage avec une vue magnifique sur les collines mouginoises.<\/p>\n","protected":false},"excerpt":{"rendered":"<p>La classe est situ\u00e9e au deuxi\u00e8me \u00e9tage avec une vue magnifique sur les collines mouginoises.<\/p>\n","protected":false},"author":54,"featured_media":0,"parent":0,"menu_order":0,"comment_status":"closed","ping_status":"closed","template":"","meta":{"footnotes":""},"class_list":["post-211","page","type-page","status-publish","hentry"],"_links":{"self":[{"href":"https:\/\/ecole.ac-nice.fr\/val-siagne\/rebuffel\/wp-json\/wp\/v2\/pages\/211","targetHints":{"allow":["GET"]}}],"collection":[{"href":"https:\/\/ecole.ac-nice.fr\/val-siagne\/rebuffel\/wp-json\/wp\/v2\/pages"}],"about":[{"href":"https:\/\/ecole.ac-nice.fr\/val-siagne\/rebuffel\/wp-json\/wp\/v2\/types\/page"}],"author":[{"embeddable":true,"href":"https:\/\/ecole.ac-nice.fr\/val-siagne\/rebuffel\/wp-json\/wp\/v2\/users\/54"}],"replies":[{"embeddable":true,"href":"https:\/\/ecole.ac-nice.fr\/val-siagne\/rebuffel\/wp-json\/wp\/v2\/comments?post=211"}],"version-history":[{"count":2,"href":"https:\/\/ecole.ac-nice.fr\/val-siagne\/rebuffel\/wp-json\/wp\/v2\/pages\/211\/revisions"}],"predecessor-version":[{"id":257,"href":"https:\/\/ecole.ac-nice.fr\/val-siagne\/rebuffel\/wp-json\/wp\/v2\/pages\/211\/revisions\/257"}],"wp:attachment":[{"href":"https:\/\/ecole.ac-nice.fr\/val-siagne\/rebuffel\/wp-json\/wp\/v2\/media?parent=211"}],"curies":[{"name":"wp","href":"https:\/\/api.w.org\/{rel}","templated":true}]}}

<p>La classe est située au deuxième étage avec une vue magnifique sur les collines mouginoises.</p>
