{"id":21,"date":"2017-03-26T19:23:05","date_gmt":"2017-03-26T17:23:05","guid":{"rendered":"http:\/\/ecole.ac-nice.fr\/val-siagne\/rebuffel\/?page_id=21"},"modified":"2018-05-04T20:11:50","modified_gmt":"2018-05-04T18:11:50","slug":"accueil","status":"publish","type":"page","link":"https:\/\/ecole.ac-nice.fr\/val-siagne\/rebuffel\/","title":{"rendered":"Accueil"},"content":{"rendered":"<h1 style=\"text-align: center\"><em><span style=\"color: #0000ff;font-family: 'comic sans ms', sans-serif\"><strong>Bonjour <\/strong><strong>et bienvenue <\/strong><\/span><\/em><\/h1>\n<h1 style=\"text-align: center\"><em><span style=\"color: #0000ff;font-family: 'comic sans ms', sans-serif\"><strong>sur le site de l&rsquo;\u00e9cole \u00e9l\u00e9mentaire <\/strong><\/span><\/em><\/h1>\n<h1 style=\"text-align: center\"><em><span style=\"color: #0000ff;font-family: 'comic sans ms', sans-serif\"><strong>Cl\u00e9ment Rebuffel <\/strong><\/span><\/em><\/h1>\n<h1 style=\"text-align: center\"><strong><em><span style=\"color: #0000ff;font-family: 'comic sans ms', sans-serif\">Mougins 06250<\/span><\/em><br \/>\n<\/strong><\/h1>\n<p style=\"text-align: center\"><span style=\"text-decoration: underline\"><strong><img loading=\"lazy\" decoding=\"async\" class=\"alignnone wp-image-212 aligncenter\" src=\"http:\/\/ecole.ac-nice.fr\/val-siagne\/rebuffel\/wp-content\/uploads\/sites\/8\/2018\/02\/enveloppe.jpg\" alt=\"\" width=\"78\" height=\"74\" \/><\/strong><\/span><strong>\u00a0 <\/strong><a href=\"mailto:ecole.0061537N@ac-nice.fr\"><span style=\"text-decoration: underline\"><strong>ecole.0061537N@ac-nice.fr<\/strong><\/span><\/a><\/p>\n<h1 style=\"text-align: center\"><img loading=\"lazy\" decoding=\"async\" class=\"wp-image-209 aligncenter\" src=\"http:\/\/ecole.ac-nice.fr\/val-siagne\/rebuffel\/wp-content\/uploads\/sites\/8\/2018\/02\/image-telephone-300x300.png\" alt=\"\" width=\"79\" height=\"79\" srcset=\"https:\/\/ecole.ac-nice.fr\/val-siagne\/rebuffel\/wp-content\/uploads\/sites\/8\/2018\/02\/image-telephone-300x300.png 300w, https:\/\/ecole.ac-nice.fr\/val-siagne\/rebuffel\/wp-content\/uploads\/sites\/8\/2018\/02\/image-telephone-150x150.png 150w, https:\/\/ecole.ac-nice.fr\/val-siagne\/rebuffel\/wp-content\/uploads\/sites\/8\/2018\/02\/image-telephone.png 718w\" sizes=\"auto, (max-width: 79px) 100vw, 79px\" \/><\/h1>\n<p style=\"text-align: center\"><strong><span style=\"text-decoration: underline\">Par t\u00e9l\u00e9phone <\/span>:\u00a0 04 93 75 59 44<\/strong><\/p>\n<h1><img loading=\"lazy\" decoding=\"async\" class=\"alignnone  wp-image-328\" src=\"http:\/\/ecole.ac-nice.fr\/val-siagne\/rebuffel\/wp-content\/uploads\/sites\/8\/2018\/05\/ecole1a-300x185.jpg\" alt=\"\" width=\"504\" height=\"311\" srcset=\"https:\/\/ecole.ac-nice.fr\/val-siagne\/rebuffel\/wp-content\/uploads\/sites\/8\/2018\/05\/ecole1a-300x185.jpg 300w, https:\/\/ecole.ac-nice.fr\/val-siagne\/rebuffel\/wp-content\/uploads\/sites\/8\/2018\/05\/ecole1a-768x474.jpg 768w, https:\/\/ecole.ac-nice.fr\/val-siagne\/rebuffel\/wp-content\/uploads\/sites\/8\/2018\/05\/ecole1a-1024x632.jpg 1024w, https:\/\/ecole.ac-nice.fr\/val-siagne\/rebuffel\/wp-content\/uploads\/sites\/8\/2018\/05\/ecole1a.jpg 1909w\" sizes=\"auto, (max-width: 504px) 100vw, 504px\" \/><\/h1>\n<p><img loading=\"lazy\" decoding=\"async\" class=\"alignnone wp-image-249\" src=\"http:\/\/ecole.ac-nice.fr\/val-siagne\/rebuffel\/wp-content\/uploads\/sites\/8\/2018\/04\/\u00e9cole3-300x225.jpg\" alt=\"\" width=\"571\" height=\"428\" srcset=\"https:\/\/ecole.ac-nice.fr\/val-siagne\/rebuffel\/wp-content\/uploads\/sites\/8\/2018\/04\/\u00e9cole3-300x225.jpg 300w, https:\/\/ecole.ac-nice.fr\/val-siagne\/rebuffel\/wp-content\/uploads\/sites\/8\/2018\/04\/\u00e9cole3-768x576.jpg 768w, https:\/\/ecole.ac-nice.fr\/val-siagne\/rebuffel\/wp-content\/uploads\/sites\/8\/2018\/04\/\u00e9cole3-1024x768.jpg 1024w\" sizes=\"auto, (max-width: 571px) 100vw, 571px\" \/><\/p>\n<p><img loading=\"lazy\" decoding=\"async\" class=\"alignnone  wp-image-329\" src=\"http:\/\/ecole.ac-nice.fr\/val-siagne\/rebuffel\/wp-content\/uploads\/sites\/8\/2018\/05\/ecole3a-300x225.jpg\" alt=\"\" width=\"705\" height=\"529\" srcset=\"https:\/\/ecole.ac-nice.fr\/val-siagne\/rebuffel\/wp-content\/uploads\/sites\/8\/2018\/05\/ecole3a-300x225.jpg 300w, https:\/\/ecole.ac-nice.fr\/val-siagne\/rebuffel\/wp-content\/uploads\/sites\/8\/2018\/05\/ecole3a-768x576.jpg 768w, https:\/\/ecole.ac-nice.fr\/val-siagne\/rebuffel\/wp-content\/uploads\/sites\/8\/2018\/05\/ecole3a-1024x768.jpg 1024w, https:\/\/ecole.ac-nice.fr\/val-siagne\/rebuffel\/wp-content\/uploads\/sites\/8\/2018\/05\/ecole3a.jpg 2048w\" sizes=\"auto, (max-width: 705px) 100vw, 705px\" \/><\/p>\n","protected":false},"excerpt":{"rendered":"<p>Bonjour et bienvenue sur le site de l&rsquo;\u00e9cole \u00e9l\u00e9mentaire Cl\u00e9ment Rebuffel Mougins 06250 \u00a0 ecole.0061537N@ac-nice.fr Par t\u00e9l\u00e9phone :\u00a0 04 93 75 59 44<\/p>\n","protected":false},"author":2,"featured_media":0,"parent":0,"menu_order":0,"comment_status":"closed","ping_status":"closed","template":"","meta":{"footnotes":""},"class_list":["post-21","page","type-page","status-publish","hentry"],"_links":{"self":[{"href":"https:\/\/ecole.ac-nice.fr\/val-siagne\/rebuffel\/wp-json\/wp\/v2\/pages\/21","targetHints":{"allow":["GET"]}}],"collection":[{"href":"https:\/\/ecole.ac-nice.fr\/val-siagne\/rebuffel\/wp-json\/wp\/v2\/pages"}],"about":[{"href":"https:\/\/ecole.ac-nice.fr\/val-siagne\/rebuffel\/wp-json\/wp\/v2\/types\/page"}],"author":[{"embeddable":true,"href":"https:\/\/ecole.ac-nice.fr\/val-siagne\/rebuffel\/wp-json\/wp\/v2\/users\/2"}],"replies":[{"embeddable":true,"href":"https:\/\/ecole.ac-nice.fr\/val-siagne\/rebuffel\/wp-json\/wp\/v2\/comments?post=21"}],"version-history":[{"count":16,"href":"https:\/\/ecole.ac-nice.fr\/val-siagne\/rebuffel\/wp-json\/wp\/v2\/pages\/21\/revisions"}],"predecessor-version":[{"id":279,"href":"https:\/\/ecole.ac-nice.fr\/val-siagne\/rebuffel\/wp-json\/wp\/v2\/pages\/21\/revisions\/279"}],"wp:attachment":[{"href":"https:\/\/ecole.ac-nice.fr\/val-siagne\/rebuffel\/wp-json\/wp\/v2\/media?parent=21"}],"curies":[{"name":"wp","href":"https:\/\/api.w.org\/{rel}","templated":true}]}}