{"id":206,"date":"2018-02-19T15:47:15","date_gmt":"2018-02-19T14:47:15","guid":{"rendered":"http:\/\/ecole.ac-nice.fr\/val-siagne\/rebuffel\/?page_id=206"},"modified":"2018-04-27T14:30:17","modified_gmt":"2018-04-27T12:30:17","slug":"classe-de-cp","status":"publish","type":"page","link":"https:\/\/ecole.ac-nice.fr\/val-siagne\/rebuffel\/classe-de-cp\/","title":{"rendered":"Classe de CP &#8211; Mme Di Costanzo"},"content":{"rendered":"<p>La classe de CP (N\u00b01O) est situ\u00e9e dans le b\u00e2timent du bas de l&rsquo;\u00e9cole Rebuffel. Elle est au rez-de-chauss\u00e9e et accessible par la cour. Elle est situ\u00e9e \u00e0 c\u00f4t\u00e9 de la BCD, de la salle de garderie et de la cantine r\u00e9serv\u00e9e au CP. Elle a une vue sur les collines de Caussols et la ville de Grasse. Elle accueille actuellement 23 \u00e9l\u00e8ves.<\/p>\n<p>&nbsp;<\/p>\n<p>&nbsp;<\/p>\n","protected":false},"excerpt":{"rendered":"<p>La classe de CP (N\u00b01O) est situ\u00e9e dans le b\u00e2timent du bas de l&rsquo;\u00e9cole Rebuffel. Elle est au rez-de-chauss\u00e9e et accessible par la cour. Elle est situ\u00e9e \u00e0 c\u00f4t\u00e9 de la BCD, de la salle de garderie et de la cantine r\u00e9serv\u00e9e au CP. Elle a une vue sur les collines de Caussols et la &hellip; <a href=\"https:\/\/ecole.ac-nice.fr\/val-siagne\/rebuffel\/classe-de-cp\/\" class=\"more-link\">Continuer la lecture de <span class=\"screen-reader-text\">Classe de CP &#8211; Mme Di Costanzo<\/span>  <span class=\"meta-nav\">&rarr;<\/span><\/a><\/p>\n","protected":false},"author":52,"featured_media":0,"parent":0,"menu_order":0,"comment_status":"closed","ping_status":"closed","template":"","meta":{"footnotes":""},"class_list":["post-206","page","type-page","status-publish","hentry"],"_links":{"self":[{"href":"https:\/\/ecole.ac-nice.fr\/val-siagne\/rebuffel\/wp-json\/wp\/v2\/pages\/206","targetHints":{"allow":["GET"]}}],"collection":[{"href":"https:\/\/ecole.ac-nice.fr\/val-siagne\/rebuffel\/wp-json\/wp\/v2\/pages"}],"about":[{"href":"https:\/\/ecole.ac-nice.fr\/val-siagne\/rebuffel\/wp-json\/wp\/v2\/types\/page"}],"author":[{"embeddable":true,"href":"https:\/\/ecole.ac-nice.fr\/val-siagne\/rebuffel\/wp-json\/wp\/v2\/users\/52"}],"replies":[{"embeddable":true,"href":"https:\/\/ecole.ac-nice.fr\/val-siagne\/rebuffel\/wp-json\/wp\/v2\/comments?post=206"}],"version-history":[{"count":4,"href":"https:\/\/ecole.ac-nice.fr\/val-siagne\/rebuffel\/wp-json\/wp\/v2\/pages\/206\/revisions"}],"predecessor-version":[{"id":265,"href":"https:\/\/ecole.ac-nice.fr\/val-siagne\/rebuffel\/wp-json\/wp\/v2\/pages\/206\/revisions\/265"}],"wp:attachment":[{"href":"https:\/\/ecole.ac-nice.fr\/val-siagne\/rebuffel\/wp-json\/wp\/v2\/media?parent=206"}],"curies":[{"name":"wp","href":"https:\/\/api.w.org\/{rel}","templated":true}]}}

<p>La classe de CP (N°1O) est située dans le bâtiment du bas de l&rsquo;école Rebuffel. Elle est au rez-de-chaussée et accessible par la cour. Elle est située à côté de la BCD, de la salle de garderie et de la cantine réservée au CP. Elle a une vue sur les collines de Caussols et la ville de Grasse. Elle accueille actuellement 23 élèves.</p>
<p>&nbsp;</p>
<p>&nbsp;</p>

<p>La classe de CP (N°1O) est située dans le bâtiment du bas de l&rsquo;école Rebuffel. Elle est au rez-de-chaussée et accessible par la cour. Elle est située à côté de la BCD, de la salle de garderie et de la cantine réservée au CP. Elle a une vue sur les collines de Caussols et la &hellip; <a href="https://ecole.ac-nice.fr/val-siagne/rebuffel/classe-de-cp/" class="more-link">Continuer la lecture de <span class="screen-reader-text">Classe de CP &#8211; Mme Di Costanzo</span>  <span class="meta-nav">&rarr;</span></a></p>
