{"id":193,"date":"2018-02-19T15:37:53","date_gmt":"2018-02-19T14:37:53","guid":{"rendered":"http:\/\/ecole.ac-nice.fr\/val-siagne\/rebuffel\/?page_id=193"},"modified":"2018-05-01T18:39:14","modified_gmt":"2018-05-01T16:39:14","slug":"classe-de-cm1","status":"publish","type":"page","link":"https:\/\/ecole.ac-nice.fr\/val-siagne\/rebuffel\/classe-de-cm1\/","title":{"rendered":"Classe de CM1 &#8211; Mme Schwach"},"content":{"rendered":"<p>Situ\u00e9e au 2\u00e8 \u00e9tage, la classe de CM1 accueille 25 \u00e9l\u00e8ves.<\/p>\n<p>Pour recevoir les livrets des \u00e9l\u00e8ves, pensez \u00e0 nous envoyer votre adresse mail \u00e0 :\u00a0<a href=\"mailto:rebuffelelem08@laposte.net\">\u00a0rebuffelelem08@laposte.net<\/a><\/p>\n","protected":false},"excerpt":{"rendered":"<p>Situ\u00e9e au 2\u00e8 \u00e9tage, la classe de CM1 accueille 25 \u00e9l\u00e8ves. Pour recevoir les livrets des \u00e9l\u00e8ves, pensez \u00e0 nous envoyer votre adresse mail \u00e0 :\u00a0\u00a0rebuffelelem08@laposte.net<\/p>\n","protected":false},"author":55,"featured_media":0,"parent":0,"menu_order":0,"comment_status":"closed","ping_status":"closed","template":"","meta":{"footnotes":""},"class_list":["post-193","page","type-page","status-publish","hentry"],"_links":{"self":[{"href":"https:\/\/ecole.ac-nice.fr\/val-siagne\/rebuffel\/wp-json\/wp\/v2\/pages\/193","targetHints":{"allow":["GET"]}}],"collection":[{"href":"https:\/\/ecole.ac-nice.fr\/val-siagne\/rebuffel\/wp-json\/wp\/v2\/pages"}],"about":[{"href":"https:\/\/ecole.ac-nice.fr\/val-siagne\/rebuffel\/wp-json\/wp\/v2\/types\/page"}],"author":[{"embeddable":true,"href":"https:\/\/ecole.ac-nice.fr\/val-siagne\/rebuffel\/wp-json\/wp\/v2\/users\/55"}],"replies":[{"embeddable":true,"href":"https:\/\/ecole.ac-nice.fr\/val-siagne\/rebuffel\/wp-json\/wp\/v2\/comments?post=193"}],"version-history":[{"count":7,"href":"https:\/\/ecole.ac-nice.fr\/val-siagne\/rebuffel\/wp-json\/wp\/v2\/pages\/193\/revisions"}],"predecessor-version":[{"id":311,"href":"https:\/\/ecole.ac-nice.fr\/val-siagne\/rebuffel\/wp-json\/wp\/v2\/pages\/193\/revisions\/311"}],"wp:attachment":[{"href":"https:\/\/ecole.ac-nice.fr\/val-siagne\/rebuffel\/wp-json\/wp\/v2\/media?parent=193"}],"curies":[{"name":"wp","href":"https:\/\/api.w.org\/{rel}","templated":true}]}}

<p>Située au 2è étage, la classe de CM1 accueille 25 élèves.</p>
<p>Pour recevoir les livrets des élèves, pensez à nous envoyer votre adresse mail à : <a href="mailto:rebuffelelem08@laposte.net"> rebuffelelem08@laposte.net</a></p>

<p>Située au 2è étage, la classe de CM1 accueille 25 élèves. Pour recevoir les livrets des élèves, pensez à nous envoyer votre adresse mail à :  rebuffelelem08@laposte.net</p>
