{"id":949,"date":"2021-10-16T10:58:35","date_gmt":"2021-10-16T08:58:35","guid":{"rendered":"https:\/\/ecole.ac-nice.fr\/val-siagne\/ecole3collines\/?page_id=949"},"modified":"2022-01-07T15:24:01","modified_gmt":"2022-01-07T14:24:01","slug":"halloween","status":"publish","type":"page","link":"https:\/\/ecole.ac-nice.fr\/val-siagne\/ecole3collines\/halloween\/","title":{"rendered":"Halloween"},"content":{"rendered":"<p style=\"text-align: justify\"><span style=\"color: #ff6600;font-family: 'arial black', sans-serif\"><span style=\"font-size: 18pt\"><strong>Les d\u00e9cors de l&rsquo;\u00e9cole et <\/strong><\/span><span style=\"font-size: 18pt\"><strong>l&rsquo;expo des fantastiques citrouilles sur une <span style=\"font-size: 36pt;font-family: impact, sans-serif;color: #000000\">vid\u00e9o<\/span> mont\u00e9e par une maman de l&rsquo;APE.\u00a0<\/strong><\/span><\/span><\/p>\n<p><a href=\"https:\/\/drive.google.com\/file\/d\/1mMdlJUqtzl-MvVJ1Ptn4j2RVm3cgvANl\/view?usp=sharing\"><img loading=\"lazy\" decoding=\"async\" class=\"alignnone size-medium wp-image-992\" src=\"http:\/\/ecole.ac-nice.fr\/val-siagne\/ecole3collines\/wp-content\/uploads\/sites\/5\/2021\/11\/Capture-decran-2021-11-21-a-18.16.17-300x163.png\" alt=\"\" width=\"300\" height=\"163\" srcset=\"https:\/\/ecole.ac-nice.fr\/val-siagne\/ecole3collines\/wp-content\/uploads\/sites\/5\/2021\/11\/Capture-decran-2021-11-21-a-18.16.17-300x163.png 300w, https:\/\/ecole.ac-nice.fr\/val-siagne\/ecole3collines\/wp-content\/uploads\/sites\/5\/2021\/11\/Capture-decran-2021-11-21-a-18.16.17-1024x558.png 1024w, https:\/\/ecole.ac-nice.fr\/val-siagne\/ecole3collines\/wp-content\/uploads\/sites\/5\/2021\/11\/Capture-decran-2021-11-21-a-18.16.17-768x418.png 768w, https:\/\/ecole.ac-nice.fr\/val-siagne\/ecole3collines\/wp-content\/uploads\/sites\/5\/2021\/11\/Capture-decran-2021-11-21-a-18.16.17.png 1054w\" sizes=\"auto, (max-width: 300px) 100vw, 300px\" \/><img loading=\"lazy\" decoding=\"async\" class=\"alignnone size-medium wp-image-993\" src=\"http:\/\/ecole.ac-nice.fr\/val-siagne\/ecole3collines\/wp-content\/uploads\/sites\/5\/2021\/11\/Capture-decran-2021-11-21-a-18.16.30-300x133.png\" alt=\"\" width=\"300\" height=\"133\" srcset=\"https:\/\/ecole.ac-nice.fr\/val-siagne\/ecole3collines\/wp-content\/uploads\/sites\/5\/2021\/11\/Capture-decran-2021-11-21-a-18.16.30-300x133.png 300w, https:\/\/ecole.ac-nice.fr\/val-siagne\/ecole3collines\/wp-content\/uploads\/sites\/5\/2021\/11\/Capture-decran-2021-11-21-a-18.16.30-1024x454.png 1024w, https:\/\/ecole.ac-nice.fr\/val-siagne\/ecole3collines\/wp-content\/uploads\/sites\/5\/2021\/11\/Capture-decran-2021-11-21-a-18.16.30-768x341.png 768w, https:\/\/ecole.ac-nice.fr\/val-siagne\/ecole3collines\/wp-content\/uploads\/sites\/5\/2021\/11\/Capture-decran-2021-11-21-a-18.16.30.png 1028w\" sizes=\"auto, (max-width: 300px) 100vw, 300px\" \/><img loading=\"lazy\" decoding=\"async\" class=\"alignnone size-medium wp-image-990\" src=\"http:\/\/ecole.ac-nice.fr\/val-siagne\/ecole3collines\/wp-content\/uploads\/sites\/5\/2021\/11\/Capture-decran-2021-11-21-a-18.10.23-300x195.png\" alt=\"\" width=\"300\" height=\"195\" srcset=\"https:\/\/ecole.ac-nice.fr\/val-siagne\/ecole3collines\/wp-content\/uploads\/sites\/5\/2021\/11\/Capture-decran-2021-11-21-a-18.10.23-300x195.png 300w, https:\/\/ecole.ac-nice.fr\/val-siagne\/ecole3collines\/wp-content\/uploads\/sites\/5\/2021\/11\/Capture-decran-2021-11-21-a-18.10.23-768x500.png 768w, https:\/\/ecole.ac-nice.fr\/val-siagne\/ecole3collines\/wp-content\/uploads\/sites\/5\/2021\/11\/Capture-decran-2021-11-21-a-18.10.23.png 844w\" sizes=\"auto, (max-width: 300px) 100vw, 300px\" \/><img loading=\"lazy\" decoding=\"async\" class=\"alignnone size-medium wp-image-989\" src=\"http:\/\/ecole.ac-nice.fr\/val-siagne\/ecole3collines\/wp-content\/uploads\/sites\/5\/2021\/11\/Capture-decran-2021-11-21-a-18.11.29-300x134.png\" alt=\"\" width=\"300\" height=\"134\" srcset=\"https:\/\/ecole.ac-nice.fr\/val-siagne\/ecole3collines\/wp-content\/uploads\/sites\/5\/2021\/11\/Capture-decran-2021-11-21-a-18.11.29-300x134.png 300w, https:\/\/ecole.ac-nice.fr\/val-siagne\/ecole3collines\/wp-content\/uploads\/sites\/5\/2021\/11\/Capture-decran-2021-11-21-a-18.11.29-768x344.png 768w, https:\/\/ecole.ac-nice.fr\/val-siagne\/ecole3collines\/wp-content\/uploads\/sites\/5\/2021\/11\/Capture-decran-2021-11-21-a-18.11.29.png 926w\" sizes=\"auto, (max-width: 300px) 100vw, 300px\" \/><\/a><\/p>\n","protected":false},"excerpt":{"rendered":"<p>Les d\u00e9cors de l&rsquo;\u00e9cole et l&rsquo;expo des fantastiques citrouilles sur une vid\u00e9o mont\u00e9e par une maman de l&rsquo;APE.\u00a0<\/p>\n","protected":false},"author":174,"featured_media":0,"parent":0,"menu_order":0,"comment_status":"closed","ping_status":"closed","template":"","meta":{"footnotes":""},"class_list":["post-949","page","type-page","status-publish","hentry"],"_links":{"self":[{"href":"https:\/\/ecole.ac-nice.fr\/val-siagne\/ecole3collines\/wp-json\/wp\/v2\/pages\/949","targetHints":{"allow":["GET"]}}],"collection":[{"href":"https:\/\/ecole.ac-nice.fr\/val-siagne\/ecole3collines\/wp-json\/wp\/v2\/pages"}],"about":[{"href":"https:\/\/ecole.ac-nice.fr\/val-siagne\/ecole3collines\/wp-json\/wp\/v2\/types\/page"}],"author":[{"embeddable":true,"href":"https:\/\/ecole.ac-nice.fr\/val-siagne\/ecole3collines\/wp-json\/wp\/v2\/users\/174"}],"replies":[{"embeddable":true,"href":"https:\/\/ecole.ac-nice.fr\/val-siagne\/ecole3collines\/wp-json\/wp\/v2\/comments?post=949"}],"version-history":[{"count":4,"href":"https:\/\/ecole.ac-nice.fr\/val-siagne\/ecole3collines\/wp-json\/wp\/v2\/pages\/949\/revisions"}],"predecessor-version":[{"id":1035,"href":"https:\/\/ecole.ac-nice.fr\/val-siagne\/ecole3collines\/wp-json\/wp\/v2\/pages\/949\/revisions\/1035"}],"wp:attachment":[{"href":"https:\/\/ecole.ac-nice.fr\/val-siagne\/ecole3collines\/wp-json\/wp\/v2\/media?parent=949"}],"curies":[{"name":"wp","href":"https:\/\/api.w.org\/{rel}","templated":true}]}}