{"id":943,"date":"2021-10-16T10:53:50","date_gmt":"2021-10-16T08:53:50","guid":{"rendered":"https:\/\/ecole.ac-nice.fr\/val-siagne\/ecole3collines\/?page_id=943"},"modified":"2021-10-16T11:04:27","modified_gmt":"2021-10-16T09:04:27","slug":"vie-de-lecole","status":"publish","type":"page","link":"https:\/\/ecole.ac-nice.fr\/val-siagne\/ecole3collines\/vie-de-lecole\/","title":{"rendered":"Vie de l&rsquo;\u00e9cole"},"content":{"rendered":"<p>Dans cette rubrique , vous pourrez voir les photos des moments festifs de l&rsquo;\u00e9cole, les travaux plastiques des \u00e9l\u00e8ves , \u00a0les activit\u00e9s p\u00e9dagogiques collectives&#8230; Bonne d\u00e9couverte.<\/p>\n","protected":false},"excerpt":{"rendered":"<p>Dans cette rubrique , vous pourrez voir les photos des moments festifs de l&rsquo;\u00e9cole, les travaux plastiques des \u00e9l\u00e8ves , \u00a0les activit\u00e9s p\u00e9dagogiques collectives&#8230; Bonne d\u00e9couverte.<\/p>\n","protected":false},"author":174,"featured_media":0,"parent":0,"menu_order":0,"comment_status":"closed","ping_status":"closed","template":"","meta":{"footnotes":""},"class_list":["post-943","page","type-page","status-publish","hentry"],"_links":{"self":[{"href":"https:\/\/ecole.ac-nice.fr\/val-siagne\/ecole3collines\/wp-json\/wp\/v2\/pages\/943","targetHints":{"allow":["GET"]}}],"collection":[{"href":"https:\/\/ecole.ac-nice.fr\/val-siagne\/ecole3collines\/wp-json\/wp\/v2\/pages"}],"about":[{"href":"https:\/\/ecole.ac-nice.fr\/val-siagne\/ecole3collines\/wp-json\/wp\/v2\/types\/page"}],"author":[{"embeddable":true,"href":"https:\/\/ecole.ac-nice.fr\/val-siagne\/ecole3collines\/wp-json\/wp\/v2\/users\/174"}],"replies":[{"embeddable":true,"href":"https:\/\/ecole.ac-nice.fr\/val-siagne\/ecole3collines\/wp-json\/wp\/v2\/comments?post=943"}],"version-history":[{"count":3,"href":"https:\/\/ecole.ac-nice.fr\/val-siagne\/ecole3collines\/wp-json\/wp\/v2\/pages\/943\/revisions"}],"predecessor-version":[{"id":961,"href":"https:\/\/ecole.ac-nice.fr\/val-siagne\/ecole3collines\/wp-json\/wp\/v2\/pages\/943\/revisions\/961"}],"wp:attachment":[{"href":"https:\/\/ecole.ac-nice.fr\/val-siagne\/ecole3collines\/wp-json\/wp\/v2\/media?parent=943"}],"curies":[{"name":"wp","href":"https:\/\/api.w.org\/{rel}","templated":true}]}}