{"id":788,"date":"2020-10-16T14:07:41","date_gmt":"2020-10-16T12:07:41","guid":{"rendered":"http:\/\/ecole.ac-nice.fr\/val-siagne\/ecole3collines\/?page_id=788"},"modified":"2025-11-06T15:14:41","modified_gmt":"2025-11-06T14:14:41","slug":"entree-en-section-internationale","status":"publish","type":"page","link":"https:\/\/ecole.ac-nice.fr\/val-siagne\/ecole3collines\/entree-en-section-internationale\/","title":{"rendered":"Entr\u00e9e en section internationale"},"content":{"rendered":"<p style=\"text-align: center\"><span style=\"color: #0000ff;font-size: 18pt\">Candidatures en sections internationales \u00e0 l\u2019\u00e9cole \u00e9l\u00e9mentaire<\/span><\/p>\n<p><span style=\"color: #ff6600\">Section internationale<\/span><br \/>\n<span style=\"color: #ff6600\">anglophone<\/span><br \/>\n<span style=\"text-decoration: underline;font-size: 14pt\"><strong>R\u00e9union d\u2019information en ligne <\/strong><\/span><\/p>\n<p style=\"text-align: center\"><span style=\"text-decoration: underline;font-size: 14pt\"><strong>le lundi 1er d\u00e9cembre \u00e0 18:00<\/strong><\/span><br \/>\nhttps:\/\/visio-agents.education.fr\/meeting\/signin\/invite\/379977\/creator\/35699\/hash\/346bfb2e8d827ca0d1e38c36101707100e909abc<\/p>\n<p style=\"text-align: center\">\nInformations et inscriptions sur le site de la Direction d\u00e9partementale des services de l\u2019\u00c9ducation Nationale des Alpes Maritimes<\/p>\n<p style=\"text-align: center\">du 1er d\u00e9cembre 2025 au 1er f\u00e9vrier 2026<br \/>\nhttps:\/\/www.ac-nice.fr\/sections-internationales-en-ecole<\/p>\n<p style=\"text-align: center\">\nContact : isi1d@ac-nice.fr<\/p>\n<p>&nbsp;<\/p>\n<p>&nbsp;<\/p>\n<p>&nbsp;<\/p>\n","protected":false},"excerpt":{"rendered":"<p>Candidatures en sections internationales \u00e0 l\u2019\u00e9cole \u00e9l\u00e9mentaire Section internationale anglophone R\u00e9union d\u2019information en ligne le lundi 1er d\u00e9cembre \u00e0 18:00 https:\/\/visio-agents.education.fr\/meeting\/signin\/invite\/379977\/creator\/35699\/hash\/346bfb2e8d827ca0d1e38c36101707100e909abc Informations et inscriptions sur le site de la Direction d\u00e9partementale des services de l\u2019\u00c9ducation Nationale des Alpes Maritimes du 1er d\u00e9cembre 2025 au 1er f\u00e9vrier 2026 https:\/\/www.ac-nice.fr\/sections-internationales-en-ecole Contact : isi1d@ac-nice.fr &nbsp; &nbsp; &nbsp;<\/p>\n","protected":false},"author":18,"featured_media":0,"parent":0,"menu_order":0,"comment_status":"closed","ping_status":"closed","template":"","meta":{"footnotes":""},"class_list":["post-788","page","type-page","status-publish","hentry"],"_links":{"self":[{"href":"https:\/\/ecole.ac-nice.fr\/val-siagne\/ecole3collines\/wp-json\/wp\/v2\/pages\/788","targetHints":{"allow":["GET"]}}],"collection":[{"href":"https:\/\/ecole.ac-nice.fr\/val-siagne\/ecole3collines\/wp-json\/wp\/v2\/pages"}],"about":[{"href":"https:\/\/ecole.ac-nice.fr\/val-siagne\/ecole3collines\/wp-json\/wp\/v2\/types\/page"}],"author":[{"embeddable":true,"href":"https:\/\/ecole.ac-nice.fr\/val-siagne\/ecole3collines\/wp-json\/wp\/v2\/users\/18"}],"replies":[{"embeddable":true,"href":"https:\/\/ecole.ac-nice.fr\/val-siagne\/ecole3collines\/wp-json\/wp\/v2\/comments?post=788"}],"version-history":[{"count":14,"href":"https:\/\/ecole.ac-nice.fr\/val-siagne\/ecole3collines\/wp-json\/wp\/v2\/pages\/788\/revisions"}],"predecessor-version":[{"id":1097,"href":"https:\/\/ecole.ac-nice.fr\/val-siagne\/ecole3collines\/wp-json\/wp\/v2\/pages\/788\/revisions\/1097"}],"wp:attachment":[{"href":"https:\/\/ecole.ac-nice.fr\/val-siagne\/ecole3collines\/wp-json\/wp\/v2\/media?parent=788"}],"curies":[{"name":"wp","href":"https:\/\/api.w.org\/{rel}","templated":true}]}}