{"id":766,"date":"2020-07-09T13:41:36","date_gmt":"2020-07-09T11:41:36","guid":{"rendered":"http:\/\/ecole.ac-nice.fr\/val-siagne\/ecole3collines\/?page_id=766"},"modified":"2020-07-09T13:42:31","modified_gmt":"2020-07-09T11:42:31","slug":"glossaire","status":"publish","type":"page","link":"https:\/\/ecole.ac-nice.fr\/val-siagne\/ecole3collines\/glossaire\/","title":{"rendered":"Glossaire"},"content":{"rendered":"<p>Vous trouverez ci-dessous des r\u00e9ponses \u00e0 des questions fr\u00e9quemment pos\u00e9es<\/p>\n<p><strong><span style=\"font-size: 24pt\">A<\/span><\/strong><\/p>\n<p><strong><u>\u00a0Absence<\/u><\/strong><\/p>\n<p>Toute absence doit \u00eatre justifi\u00e9e <strong><u>par \u00e9crit (mot dans le cahier, mail).<\/u><\/strong><\/p>\n<p>Les seuls motifs valables sont les suivants<\/p>\n<p>-maladie de l\u2019enfant<\/p>\n<p>-maladie transmissible ou contagieuse d\u2019un membre de la famille<\/p>\n<p>-r\u00e9union solennelle de la famille<\/p>\n<p>-emp\u00eachement r\u00e9sultant de la difficult\u00e9 accidentelle des communications<\/p>\n<p>-absence temporaire des personnes responsables lorsque les enfants les suivent.<\/p>\n<p>&nbsp;<\/p>\n<p>Les absences en dehors de ces motifs et les absences non justifi\u00e9es donneront lieu \u00e0 un signalement \u00e0 la DSDEN, conform\u00e9ment \u00e0 l\u2019article L131-8 du code de l\u2019Education.<\/p>\n<p>&nbsp;<\/p>\n<p><span style=\"font-size: 24pt\"><strong>C <\/strong><\/span><\/p>\n<p><strong><u>Cantine\u00a0<\/u><\/strong><\/p>\n<p>Le service de restauration est un service facultatif g\u00e9r\u00e9 par la commune. Pour toute question \u00e0 ce sujet (inscriptions, r\u00e8glement, annulation, facturation\u2026), veuillez contacter le guichet-unique au 04 92 92 51 46 ou par mail guichet-unique@villedemougins.com<\/p>\n<p>Vous trouverez des informations et les menus ici<\/p>\n<p><a href=\"https:\/\/mougins.fr\/vivre\/education\/cantine-scolaire\/\">https:\/\/mougins.fr\/vivre\/education\/cantine-scolaire\/<\/a><\/p>\n<p><strong><span style=\"font-size: 24pt\">G<\/span><\/strong><\/p>\n<p><strong><u>Garderie maternelle\u00a0:<\/u><\/strong><\/p>\n<p>Le service de garderie est assur\u00e9 par la commune. La garderie est joignable par t\u00e9l\u00e9phone entre 7h30 et 8h15 puis entre 16h30 et 18h au 04 92 90 56 63. Les Atsems en sont en charge en maternelle. Pascale Brandin en est la r\u00e9f\u00e9rente cette ann\u00e9e.<\/p>\n<p>Pour toute question \u00e0 ce sujet, vous pouvez contacter le guichet-unique au 04 92 92 51 46 ou par mail <a href=\"mailto:guichet-unique@villedemougins.com\">guichet-unique@villedemougins.com<\/a><\/p>\n<p>&nbsp;<\/p>\n<p><strong><u>Garderie \u00e9l\u00e9mentaire\u00a0:<\/u><\/strong><\/p>\n<p>Le service de garderie est assur\u00e9 par la commune\u00a0: par le personnel communal le matin, Florie Vertischel en est la r\u00e9f\u00e9rente cette ann\u00e9e.<\/p>\n<p>Pour toute question \u00e0 ce sujet, vous pouvez contacter le guichet-unique au 04 92 92 51 46 ou par mail <a href=\"mailto:guichet-unique@villedemougins.com\">guichet-unique@villedemougins.com<\/a><\/p>\n<p>Le service jeunesse en est en charge \u00e0 la pause m\u00e9ridienne et le soir. Rapha\u00ebl d\u2019Andreano est le responsable sur le site. Voici les coordonn\u00e9es t\u00e9l\u00e9phoniques de leur bureau\u00a0: 04 92 92 59 90.<\/p>\n<p>La garderie est joignable par t\u00e9l\u00e9phone entre 7h30 et 8h15 puis entre 16h30 et 18h 04 92 90 56 62<\/p>\n<p><strong><u>Gr\u00e8ve<\/u><\/strong><\/p>\n<p>Les enseignants sont tenus de d\u00e9clarer leur intention \u00e0 leur employeur (l\u2019Inspecteur de l\u2019Education Nationale). Aux Trois Collines, les enseignants ont toujours averti les familles par le biais d\u2019un mot dans le cahier ou par mail. Pour toute question, veuillez vous rapprocher de l\u2019enseignant de votre enfant. Le Service Minimum d\u2019Accueil est assur\u00e9 par la mairie, s\u2019il y a lieu. Vous pouvez contacter le guichet-unique au 04 92 92 51 46 ou bien par mail <a href=\"mailto:guichet-unique@villedemougins.com\">guichet-unique@villedemougins.com<\/a><\/p>\n<p>&nbsp;<\/p>\n<p><span style=\"font-size: 24pt\">H\u00a0<\/span><\/p>\n<p><span style=\"text-decoration: underline\"><strong>Horaires<\/strong><\/span><\/p>\n<p>Ils doivent \u00eatre scrupuleusement respect\u00e9s.<\/p>\n<p>L\u2019entr\u00e9e des \u00e9l\u00e8ves se fait entre <strong><u>8h20 et 8h30<\/u><\/strong>, puis entre <strong><u>13h35 et 13h45<\/u><\/strong>. <strong><u>Aucune entr\u00e9e<\/u><\/strong> ne peut avoir lieu en dehors de ces plages horaires.<\/p>\n<p>La sortie de classe a lieu \u00e0 11h45 le matin et 16h30 l\u2019apr\u00e8s-midi.<\/p>\n<p>La garderie accueille les enfants le matin entre 7h30 et 8h20, puis le soir entre 16h30 et 18h. Elle accueille uniquement les enfants inscrits. Plus de d\u00e9tails sur la garderie dans la rubrique concern\u00e9e.<\/p>\n<p><strong><span style=\"font-size: 24pt\">R<\/span><\/strong><\/p>\n<p><strong><u>Retard\u00a0:<\/u><\/strong><\/p>\n<p>En cas de retard (arriv\u00e9e apr\u00e8s 8h30), votre enfant pourra int\u00e9grer l\u2019\u00e9cole \u00e0 13h35. L\u2019entr\u00e9e \u00e0 11h45 est une d\u00e9cision qui incombe \u00e0 la commune qui est en charge des enfants \u00e0 partir de cet horaire.<\/p>\n<p>&nbsp;<\/p>\n","protected":false},"excerpt":{"rendered":"<p>Vous trouverez ci-dessous des r\u00e9ponses \u00e0 des questions fr\u00e9quemment pos\u00e9es A \u00a0Absence Toute absence doit \u00eatre justifi\u00e9e par \u00e9crit (mot dans le cahier, mail). Les seuls motifs valables sont les suivants -maladie de l\u2019enfant -maladie transmissible ou contagieuse d\u2019un membre de la famille -r\u00e9union solennelle de la famille -emp\u00eachement r\u00e9sultant de la difficult\u00e9 accidentelle des &hellip; <a href=\"https:\/\/ecole.ac-nice.fr\/val-siagne\/ecole3collines\/glossaire\/\" class=\"more-link\">Continuer la lecture de <span class=\"screen-reader-text\">Glossaire<\/span>  <span class=\"meta-nav\">&rarr;<\/span><\/a><\/p>\n","protected":false},"author":18,"featured_media":0,"parent":0,"menu_order":0,"comment_status":"closed","ping_status":"closed","template":"","meta":{"footnotes":""},"class_list":["post-766","page","type-page","status-publish","hentry"],"_links":{"self":[{"href":"https:\/\/ecole.ac-nice.fr\/val-siagne\/ecole3collines\/wp-json\/wp\/v2\/pages\/766","targetHints":{"allow":["GET"]}}],"collection":[{"href":"https:\/\/ecole.ac-nice.fr\/val-siagne\/ecole3collines\/wp-json\/wp\/v2\/pages"}],"about":[{"href":"https:\/\/ecole.ac-nice.fr\/val-siagne\/ecole3collines\/wp-json\/wp\/v2\/types\/page"}],"author":[{"embeddable":true,"href":"https:\/\/ecole.ac-nice.fr\/val-siagne\/ecole3collines\/wp-json\/wp\/v2\/users\/18"}],"replies":[{"embeddable":true,"href":"https:\/\/ecole.ac-nice.fr\/val-siagne\/ecole3collines\/wp-json\/wp\/v2\/comments?post=766"}],"version-history":[{"count":2,"href":"https:\/\/ecole.ac-nice.fr\/val-siagne\/ecole3collines\/wp-json\/wp\/v2\/pages\/766\/revisions"}],"predecessor-version":[{"id":768,"href":"https:\/\/ecole.ac-nice.fr\/val-siagne\/ecole3collines\/wp-json\/wp\/v2\/pages\/766\/revisions\/768"}],"wp:attachment":[{"href":"https:\/\/ecole.ac-nice.fr\/val-siagne\/ecole3collines\/wp-json\/wp\/v2\/media?parent=766"}],"curies":[{"name":"wp","href":"https:\/\/api.w.org\/{rel}","templated":true}]}}