{"id":21,"date":"2017-03-26T19:23:05","date_gmt":"2017-03-26T17:23:05","guid":{"rendered":"http:\/\/ecole.ac-nice.fr\/val-siagne\/ecole-2\/?page_id=21"},"modified":"2021-09-02T06:10:31","modified_gmt":"2021-09-02T04:10:31","slug":"accueil","status":"publish","type":"page","link":"https:\/\/ecole.ac-nice.fr\/val-siagne\/ecole3collines\/accueil\/","title":{"rendered":"Accueil"},"content":{"rendered":"<p><!--more-->Bonjour et bienvenue sur le site de l&rsquo;\u00e9cole des 3 Collines<\/p>\n<p>Chers parents d\u2019\u00e9l\u00e8ves<\/p>\n<p>Je suis ravie de rejoindre l\u2019\u00e9cole des 3 collines et de pouvoir accueillir vos enfants.<\/p>\n<p>Je vous incite fortement \u00e0 vous rendre sur le site de l\u2019\u00e9cole<\/p>\n<p>Vous y trouverez d\u00e8s maintenant\u00a0:<\/p>\n<p>-dans l\u2019onglet Actualit\u00e9s &gt; situation actuelle li\u00e9e \u00e0 la COVID\u00a0: deux nouveaux documents<\/p>\n<p>-dans l\u2019onglet Accueil , les mementos et livret d\u2019accueil maternelle<\/p>\n<p>Dans l\u2019ann\u00e9e, j\u2019y mettrai r\u00e9guli\u00e8rement des informations.<img loading=\"lazy\" decoding=\"async\" class=\"alignnone wp-image-815\" src=\"http:\/\/ecole.ac-nice.fr\/val-siagne\/ecole3collines\/wp-content\/uploads\/sites\/5\/2021\/09\/Photo-cv--252x300.jpg\" alt=\"\" width=\"181\" height=\"215\" srcset=\"https:\/\/ecole.ac-nice.fr\/val-siagne\/ecole3collines\/wp-content\/uploads\/sites\/5\/2021\/09\/Photo-cv--252x300.jpg 252w, https:\/\/ecole.ac-nice.fr\/val-siagne\/ecole3collines\/wp-content\/uploads\/sites\/5\/2021\/09\/Photo-cv-.jpg 592w\" sizes=\"auto, (max-width: 181px) 100vw, 181px\" \/><\/p>\n<p>&nbsp;<\/p>\n<p>Je vous remercie et souhaite une excellente rentr\u00e9e \u00e0 tous\u00a0!<\/p>\n<p>Nathalie Grillet , directrice<\/p>\n<ul>\n<li>Pour les maternelle <a href=\"http:\/\/ecole.ac-nice.fr\/val-siagne\/ecole3collines\/wp-content\/uploads\/sites\/5\/2021\/09\/Infos-et-memento-parents-maternelle.pdf\">Infos et memento parents maternelle<\/a><\/li>\n<li>Pour les \u00e9l\u00e9mentaires <img loading=\"lazy\" decoding=\"async\" class=\"alignnone size-medium wp-image-809\" src=\"http:\/\/ecole.ac-nice.fr\/val-siagne\/ecole3collines\/wp-content\/uploads\/sites\/5\/2021\/09\/Capture-decran-2021-09-01-a-06.51.28-300x213.png\" alt=\"\" width=\"300\" height=\"213\" srcset=\"https:\/\/ecole.ac-nice.fr\/val-siagne\/ecole3collines\/wp-content\/uploads\/sites\/5\/2021\/09\/Capture-decran-2021-09-01-a-06.51.28-300x213.png 300w, https:\/\/ecole.ac-nice.fr\/val-siagne\/ecole3collines\/wp-content\/uploads\/sites\/5\/2021\/09\/Capture-decran-2021-09-01-a-06.51.28-1024x726.png 1024w, https:\/\/ecole.ac-nice.fr\/val-siagne\/ecole3collines\/wp-content\/uploads\/sites\/5\/2021\/09\/Capture-decran-2021-09-01-a-06.51.28-768x545.png 768w, https:\/\/ecole.ac-nice.fr\/val-siagne\/ecole3collines\/wp-content\/uploads\/sites\/5\/2021\/09\/Capture-decran-2021-09-01-a-06.51.28.png 1036w\" sizes=\"auto, (max-width: 300px) 100vw, 300px\" \/><\/li>\n<\/ul>\n<p style=\"text-align: center\">\n","protected":false},"excerpt":{"rendered":"","protected":false},"author":2,"featured_media":0,"parent":0,"menu_order":0,"comment_status":"closed","ping_status":"closed","template":"","meta":{"footnotes":""},"class_list":["post-21","page","type-page","status-publish","hentry"],"_links":{"self":[{"href":"https:\/\/ecole.ac-nice.fr\/val-siagne\/ecole3collines\/wp-json\/wp\/v2\/pages\/21","targetHints":{"allow":["GET"]}}],"collection":[{"href":"https:\/\/ecole.ac-nice.fr\/val-siagne\/ecole3collines\/wp-json\/wp\/v2\/pages"}],"about":[{"href":"https:\/\/ecole.ac-nice.fr\/val-siagne\/ecole3collines\/wp-json\/wp\/v2\/types\/page"}],"author":[{"embeddable":true,"href":"https:\/\/ecole.ac-nice.fr\/val-siagne\/ecole3collines\/wp-json\/wp\/v2\/users\/2"}],"replies":[{"embeddable":true,"href":"https:\/\/ecole.ac-nice.fr\/val-siagne\/ecole3collines\/wp-json\/wp\/v2\/comments?post=21"}],"version-history":[{"count":18,"href":"https:\/\/ecole.ac-nice.fr\/val-siagne\/ecole3collines\/wp-json\/wp\/v2\/pages\/21\/revisions"}],"predecessor-version":[{"id":895,"href":"https:\/\/ecole.ac-nice.fr\/val-siagne\/ecole3collines\/wp-json\/wp\/v2\/pages\/21\/revisions\/895"}],"wp:attachment":[{"href":"https:\/\/ecole.ac-nice.fr\/val-siagne\/ecole3collines\/wp-json\/wp\/v2\/media?parent=21"}],"curies":[{"name":"wp","href":"https:\/\/api.w.org\/{rel}","templated":true}]}}