{"id":536,"date":"2019-08-16T13:11:19","date_gmt":"2019-08-16T11:11:19","guid":{"rendered":"http:\/\/ecole.ac-nice.fr\/nice4\/magnolias1\/?page_id=536"},"modified":"2019-08-16T13:47:21","modified_gmt":"2019-08-16T11:47:21","slug":"listes-de-fournitures-2019-2020","status":"publish","type":"page","link":"https:\/\/ecole.ac-nice.fr\/nice4\/magnolias1\/listes-de-fournitures-2019-2020\/","title":{"rendered":"Listes de fournitures 2019-2020"},"content":{"rendered":"<p><span style=\"font-family: comic sans ms, sans-serif; font-size: 10pt; color: #0000ff;\"><em><strong>Bonjour \u00e0 tous,<\/strong><\/em><\/span><\/p>\n<p><span style=\"font-family: comic sans ms, sans-serif; font-size: 10pt; color: #0000ff;\"><em><strong>En cliquant sur le nom de l&rsquo;enseignant de votre enfant, vous acc\u00e8derez \u00e0 la liste de fournitures pour sa rentr\u00e9e en classe le 2 septembre 2019.<\/strong><\/em><\/span><\/p>\n<p><a href=\"https:\/\/ecole.ac-nice.fr\/nice4\/magnolias1\/wp-content\/uploads\/sites\/3\/2019\/08\/Magnolias-1-liste-des-fournitures-CP-Mme-Boissard-2019-2020.doc\"><span style=\"font-family: comic sans ms, sans-serif; font-size: 10pt; color: #0000ff;\"><em><strong>CPA\u00a0 Mme Boisssard<\/strong><\/em><\/span><\/a><\/p>\n<p><a href=\"https:\/\/ecole.ac-nice.fr\/nice4\/magnolias1\/wp-content\/uploads\/sites\/3\/2019\/08\/mAGNOLIAS-1-Liste-de-fournitures-CPB-M.-Parot.odt\"><span style=\"font-family: comic sans ms, sans-serif; font-size: 10pt; color: #0000ff;\"><em><strong>CPB\u00a0 M. Parot<\/strong><\/em><\/span><\/a><\/p>\n<p><a href=\"https:\/\/ecole.ac-nice.fr\/nice4\/magnolias1\/wp-content\/uploads\/sites\/3\/2019\/08\/Magnolias-1-Liste-fournitures-CE1C-Mme-CERES.odt\"><span style=\"font-family: comic sans ms, sans-serif; font-size: 10pt; color: #0000ff;\"><em><strong>CE1C\u00a0 Mme Ceres<\/strong><\/em><\/span><\/a><\/p>\n<p><a href=\"https:\/\/ecole.ac-nice.fr\/nice4\/magnolias1\/wp-content\/uploads\/sites\/3\/2019\/08\/Fournitures-scolaires-CE1D-Mme-DELAFONTAINE-2019-2020-5.odt\"><span style=\"font-family: comic sans ms, sans-serif; font-size: 10pt; color: #0000ff;\"><em><strong>CE1D\u00a0 Mme Delafontaine<\/strong><\/em><\/span><\/a><\/p>\n<p><a href=\"https:\/\/ecole.ac-nice.fr\/nice4\/magnolias1\/wp-content\/uploads\/sites\/3\/2019\/08\/Magnolias-1-liste-des-fournitures-CE2H-Mme-Hazan-2019-2020.doc\"><span style=\"font-family: comic sans ms, sans-serif; font-size: 10pt; color: #0000ff;\"><em><strong>CE2 H\u00a0 Mme Hazan<\/strong><\/em><\/span><\/a><\/p>\n<p><a href=\"https:\/\/ecole.ac-nice.fr\/nice4\/magnolias1\/wp-content\/uploads\/sites\/3\/2019\/08\/CE2V-Mme-Varlet-liste-de-fournitures-2019-2020.odt\"><span style=\"font-family: comic sans ms, sans-serif; font-size: 10pt; color: #0000ff;\"><em><strong>CE2V\u00a0 Mme Varlet<\/strong><\/em><\/span><\/a><\/p>\n<p><a href=\"https:\/\/ecole.ac-nice.fr\/nice4\/magnolias1\/wp-content\/uploads\/sites\/3\/2019\/08\/Magnolias-1-Liste-des-fournitures-CM1-Mme-Rigaud-2019-2020.doc\"><span style=\"font-family: comic sans ms, sans-serif; font-size: 10pt; color: #0000ff;\"><em><strong>CM1R\u00a0 Mme Rigaud<\/strong><\/em><\/span><\/a><\/p>\n<p><a href=\"https:\/\/ecole.ac-nice.fr\/nice4\/magnolias1\/wp-content\/uploads\/sites\/3\/2019\/08\/Magnolias-1-Liste-des-fournitures-CM1-M.-Tabataba\u00ef-2019-2020.doc\"><span style=\"font-family: comic sans ms, sans-serif; font-size: 10pt; color: #0000ff;\"><em><strong>CM1T\u00a0 M. Tabataba\u00ef<\/strong><\/em><\/span><\/a><\/p>\n<p><a href=\"https:\/\/ecole.ac-nice.fr\/nice4\/magnolias1\/wp-content\/uploads\/sites\/3\/2019\/08\/Magnolias-1-liste-des-fournitures-CM2-Mme-OTTO.doc\"><span style=\"font-family: comic sans ms, sans-serif; font-size: 10pt; color: #0000ff;\"><em><strong>CM2O Mme Otto<\/strong><\/em><\/span><\/a><\/p>\n<p><a href=\"https:\/\/ecole.ac-nice.fr\/nice4\/magnolias1\/wp-content\/uploads\/sites\/3\/2019\/08\/Magnolias-1-liste-des-fournitures-CM2S-M.-Stranic-2019-2020.doc.docx\"><span style=\"font-family: comic sans ms, sans-serif; font-size: 10pt; color: #0000ff;\"><em><strong>CM2S\u00a0 M. Stranic<\/strong><\/em><\/span><\/a><\/p>\n<p>&nbsp;<\/p>\n<p><span style=\"font-family: comic sans ms, sans-serif; font-size: 10pt; color: #0000ff;\"><em><strong>A tr\u00e8s bient\u00f4t,<\/strong><\/em><\/span><\/p>\n<p><span style=\"font-family: comic sans ms, sans-serif; font-size: 10pt; color: #0000ff;\"><em><strong>Madame Chantal HAZAN,<\/strong><\/em><\/span><\/p>\n<p><span style=\"font-family: comic sans ms, sans-serif; font-size: 10pt; color: #0000ff;\"><em><strong>Directrice Magnolias Mixte 1<\/strong><\/em><\/span><\/p>\n<p>&nbsp;<\/p>\n","protected":false},"excerpt":{"rendered":"<p>Bonjour \u00e0 tous, En cliquant sur le nom de l&rsquo;enseignant de votre enfant, vous acc\u00e8derez \u00e0 la liste de fournitures pour sa rentr\u00e9e en classe le 2 septembre 2019. CPA\u00a0 Mme Boisssard CPB\u00a0 M. Parot CE1C\u00a0 Mme Ceres CE1D\u00a0 Mme Delafontaine CE2 H\u00a0 Mme Hazan CE2V\u00a0 Mme Varlet CM1R\u00a0 Mme Rigaud CM1T\u00a0 M. Tabataba\u00ef CM2O &hellip; <a href=\"https:\/\/ecole.ac-nice.fr\/nice4\/magnolias1\/listes-de-fournitures-2019-2020\/\" class=\"more-link\">Continuer la lecture de <span class=\"screen-reader-text\">Listes de fournitures 2019-2020<\/span>  <span class=\"meta-nav\">&rarr;<\/span><\/a><\/p>\n","protected":false},"author":12,"featured_media":0,"parent":0,"menu_order":0,"comment_status":"closed","ping_status":"closed","template":"","meta":{"footnotes":""},"class_list":["post-536","page","type-page","status-publish","hentry"],"_links":{"self":[{"href":"https:\/\/ecole.ac-nice.fr\/nice4\/magnolias1\/wp-json\/wp\/v2\/pages\/536","targetHints":{"allow":["GET"]}}],"collection":[{"href":"https:\/\/ecole.ac-nice.fr\/nice4\/magnolias1\/wp-json\/wp\/v2\/pages"}],"about":[{"href":"https:\/\/ecole.ac-nice.fr\/nice4\/magnolias1\/wp-json\/wp\/v2\/types\/page"}],"author":[{"embeddable":true,"href":"https:\/\/ecole.ac-nice.fr\/nice4\/magnolias1\/wp-json\/wp\/v2\/users\/12"}],"replies":[{"embeddable":true,"href":"https:\/\/ecole.ac-nice.fr\/nice4\/magnolias1\/wp-json\/wp\/v2\/comments?post=536"}],"version-history":[{"count":13,"href":"https:\/\/ecole.ac-nice.fr\/nice4\/magnolias1\/wp-json\/wp\/v2\/pages\/536\/revisions"}],"predecessor-version":[{"id":563,"href":"https:\/\/ecole.ac-nice.fr\/nice4\/magnolias1\/wp-json\/wp\/v2\/pages\/536\/revisions\/563"}],"wp:attachment":[{"href":"https:\/\/ecole.ac-nice.fr\/nice4\/magnolias1\/wp-json\/wp\/v2\/media?parent=536"}],"curies":[{"name":"wp","href":"https:\/\/api.w.org\/{rel}","templated":true}]}}