{"id":97,"date":"2019-04-29T15:01:52","date_gmt":"2019-04-29T13:01:52","guid":{"rendered":"https:\/\/ecole.ac-nice.fr\/nice3\/semainedeslangues2019\/?page_id=97"},"modified":"2019-04-29T16:44:41","modified_gmt":"2019-04-29T14:44:41","slug":"cycle-2","status":"publish","type":"page","link":"https:\/\/ecole.ac-nice.fr\/nice3\/semainedeslangues2019\/cycle-2\/","title":{"rendered":"Cycle 2"},"content":{"rendered":"<p>D\u00e9marche et consignes CYCLE 2<\/p>\n<p>Etape 1 :<br \/>\n\u2022 D\u00e9couverte de l\u2019album : visionnage de la lecture enregistr\u00e9e par un anglophone et \/ ou lecture de l\u2019album par l\u2019enseignant<br \/>\n\u2022 Reformulation collective et globale de l\u2019histoire en fran\u00e7ais ou en anglais au choix de l\u2019enseignant.<br \/>\n\u2022 R\u00e9\u00e9coute compl\u00e8te de l\u2019histoire<br \/>\n\u2022 M\u00e9morisation \/ r\u00e9p\u00e9titions collectives et individuelles de mots et \/ ou de phrases au choix de l\u2019enseignant.<\/p>\n<p>Etape 2 : ( sans avoir recours au support)<br \/>\nCycle 2 : 2 Questionnaires niveau 1<br \/>\n\u2022 Lecture de la totalit\u00e9 des questions en fran\u00e7ais par l\u2019enseignant <strong>(t\u00e9l\u00e9charger le pdf)<\/strong><br \/>\n\u2022 R\u00e9ponses collectives en ligne. R\u00e9pondre par vrai ou faux pour chacune des questions<br \/>\n\u2022 Les questionnaires sont remplis en un temps limit\u00e9<\/p>\n<p>&nbsp;<\/p>\n<p>&nbsp;<\/p>\n","protected":false},"excerpt":{"rendered":"<p>D\u00e9marche et consignes CYCLE 2 Etape 1 : \u2022 D\u00e9couverte de l\u2019album : visionnage de la lecture enregistr\u00e9e par un anglophone et \/ ou lecture de l\u2019album par l\u2019enseignant \u2022 Reformulation collective et globale de l\u2019histoire en fran\u00e7ais ou en &hellip; <a href=\"https:\/\/ecole.ac-nice.fr\/nice3\/semainedeslangues2019\/cycle-2\/\">Continuer la lecture <span class=\"meta-nav\">&rarr;<\/span><\/a><\/p>\n","protected":false},"author":2,"featured_media":0,"parent":0,"menu_order":0,"comment_status":"closed","ping_status":"closed","template":"","meta":{"footnotes":""},"class_list":["post-97","page","type-page","status-publish","hentry"],"_links":{"self":[{"href":"https:\/\/ecole.ac-nice.fr\/nice3\/semainedeslangues2019\/wp-json\/wp\/v2\/pages\/97","targetHints":{"allow":["GET"]}}],"collection":[{"href":"https:\/\/ecole.ac-nice.fr\/nice3\/semainedeslangues2019\/wp-json\/wp\/v2\/pages"}],"about":[{"href":"https:\/\/ecole.ac-nice.fr\/nice3\/semainedeslangues2019\/wp-json\/wp\/v2\/types\/page"}],"author":[{"embeddable":true,"href":"https:\/\/ecole.ac-nice.fr\/nice3\/semainedeslangues2019\/wp-json\/wp\/v2\/users\/2"}],"replies":[{"embeddable":true,"href":"https:\/\/ecole.ac-nice.fr\/nice3\/semainedeslangues2019\/wp-json\/wp\/v2\/comments?post=97"}],"version-history":[{"count":5,"href":"https:\/\/ecole.ac-nice.fr\/nice3\/semainedeslangues2019\/wp-json\/wp\/v2\/pages\/97\/revisions"}],"predecessor-version":[{"id":144,"href":"https:\/\/ecole.ac-nice.fr\/nice3\/semainedeslangues2019\/wp-json\/wp\/v2\/pages\/97\/revisions\/144"}],"wp:attachment":[{"href":"https:\/\/ecole.ac-nice.fr\/nice3\/semainedeslangues2019\/wp-json\/wp\/v2\/media?parent=97"}],"curies":[{"name":"wp","href":"https:\/\/api.w.org\/{rel}","templated":true}]}}

<p>Démarche et consignes CYCLE 2</p>
<p>Etape 1 :<br />
• Découverte de l’album : visionnage de la lecture enregistrée par un anglophone et / ou lecture de l’album par l’enseignant<br />
• Reformulation collective et globale de l’histoire en français ou en anglais au choix de l’enseignant.<br />
• Réécoute complète de l’histoire<br />
• Mémorisation / répétitions collectives et individuelles de mots et / ou de phrases au choix de l’enseignant.</p>
<p>Etape 2 : ( sans avoir recours au support)<br />
Cycle 2 : 2 Questionnaires niveau 1<br />
• Lecture de la totalité des questions en français par l’enseignant <strong>(télécharger le pdf)</strong><br />
• Réponses collectives en ligne. Répondre par vrai ou faux pour chacune des questions<br />
• Les questionnaires sont remplis en un temps limité</p>
<p>&nbsp;</p>
<p>&nbsp;</p>

<p>Démarche et consignes CYCLE 2 Etape 1 : • Découverte de l’album : visionnage de la lecture enregistrée par un anglophone et / ou lecture de l’album par l’enseignant • Reformulation collective et globale de l’histoire en français ou en &hellip; <a href="https://ecole.ac-nice.fr/nice3/semainedeslangues2019/cycle-2/">Continuer la lecture <span class="meta-nav">&rarr;</span></a></p>
