{"id":132,"date":"2019-04-29T15:52:27","date_gmt":"2019-04-29T13:52:27","guid":{"rendered":"https:\/\/ecole.ac-nice.fr\/nice3\/semainedeslangues2019\/?page_id=132"},"modified":"2019-05-15T23:56:08","modified_gmt":"2019-05-15T21:56:08","slug":"day-three-cycle-3-i-love-you-as-big-as-the-world","status":"publish","type":"page","link":"https:\/\/ecole.ac-nice.fr\/nice3\/semainedeslangues2019\/day-three-cycle-3-i-love-you-as-big-as-the-world\/","title":{"rendered":"DAY THREE &#8211; Cycle 3 &#8211; I love You as big as the world"},"content":{"rendered":"<p><iframe loading=\"lazy\" src=\"https:\/\/www.youtube.com\/embed\/LoNndJqDqLc\" width=\"560\" height=\"315\" frameborder=\"0\" allowfullscreen=\"allowfullscreen\"><span style=\"display: inline-block; width: 0px; overflow: hidden; line-height: 0;\" data-mce-type=\"bookmark\" class=\"mce_SELRES_start\">\ufeff<\/span><span style=\"display: inline-block; width: 0px; overflow: hidden; line-height: 0;\" data-mce-type=\"bookmark\" class=\"mce_SELRES_start\">\ufeff<\/span><\/iframe><\/p>\n<hr \/>\n<p style=\"text-align: center;\"><strong><span style=\"color: #0000ff;\">\u201cQUESTIONNAIRE A\u201d\u00a0 NIVEAU 2 (Cycle 3)<\/span><br \/>\n<\/strong><\/p>\n<p style=\"text-align: center;\">Pensez \u00e0 cliquer en haut \u00e0 droite du questionnaire ci-dessous pour le mettre en plein \u00e9cran. Le m\u00eame \u201cbouton\u201d servira \u00e0 la man\u0153uvre inverse. Puis retournez sur l\u2019onglet principal !<\/p>\n<p><iframe style=\"border: 0px; width: 100%; height: 500px;\" src=\"https:\/\/learningapps.org\/watch?v=p5dt29q9519\"><\/iframe><\/p>\n<p style=\"text-align: center;\">Pensez \u00e0 cliquer en haut \u00e0 droite du questionnaire ci-dessous pour le mettre en plein \u00e9cran. Le m\u00eame \u201cbouton\u201d servira \u00e0 la man\u0153uvre inverse. Puis retournez sur l\u2019onglet principal !<\/p>\n<p><iframe style=\"border: 0px; width: 100%; height: 500px;\" src=\"https:\/\/learningapps.org\/watch?v=p4uza8r4t19\"><\/iframe><\/p>\n","protected":false},"excerpt":{"rendered":"<p>\ufeff\ufeff \u201cQUESTIONNAIRE A\u201d\u00a0 NIVEAU 2 (Cycle 3) Pensez \u00e0 cliquer en haut \u00e0 droite du questionnaire ci-dessous pour le mettre en plein \u00e9cran. Le m\u00eame \u201cbouton\u201d servira \u00e0 la man\u0153uvre inverse. Puis retournez sur l\u2019onglet principal ! Pensez \u00e0 cliquer &hellip; <a href=\"https:\/\/ecole.ac-nice.fr\/nice3\/semainedeslangues2019\/day-three-cycle-3-i-love-you-as-big-as-the-world\/\">Continuer la lecture <span class=\"meta-nav\">&rarr;<\/span><\/a><\/p>\n","protected":false},"author":2,"featured_media":0,"parent":0,"menu_order":0,"comment_status":"closed","ping_status":"closed","template":"","meta":{"footnotes":""},"class_list":["post-132","page","type-page","status-publish","hentry"],"_links":{"self":[{"href":"https:\/\/ecole.ac-nice.fr\/nice3\/semainedeslangues2019\/wp-json\/wp\/v2\/pages\/132","targetHints":{"allow":["GET"]}}],"collection":[{"href":"https:\/\/ecole.ac-nice.fr\/nice3\/semainedeslangues2019\/wp-json\/wp\/v2\/pages"}],"about":[{"href":"https:\/\/ecole.ac-nice.fr\/nice3\/semainedeslangues2019\/wp-json\/wp\/v2\/types\/page"}],"author":[{"embeddable":true,"href":"https:\/\/ecole.ac-nice.fr\/nice3\/semainedeslangues2019\/wp-json\/wp\/v2\/users\/2"}],"replies":[{"embeddable":true,"href":"https:\/\/ecole.ac-nice.fr\/nice3\/semainedeslangues2019\/wp-json\/wp\/v2\/comments?post=132"}],"version-history":[{"count":10,"href":"https:\/\/ecole.ac-nice.fr\/nice3\/semainedeslangues2019\/wp-json\/wp\/v2\/pages\/132\/revisions"}],"predecessor-version":[{"id":213,"href":"https:\/\/ecole.ac-nice.fr\/nice3\/semainedeslangues2019\/wp-json\/wp\/v2\/pages\/132\/revisions\/213"}],"wp:attachment":[{"href":"https:\/\/ecole.ac-nice.fr\/nice3\/semainedeslangues2019\/wp-json\/wp\/v2\/media?parent=132"}],"curies":[{"name":"wp","href":"https:\/\/api.w.org\/{rel}","templated":true}]}}

<p><iframe loading="lazy" src="https://www.youtube.com/embed/LoNndJqDqLc" width="560" height="315" frameborder="0" allowfullscreen="allowfullscreen"><span style="display: inline-block; width: 0px; overflow: hidden; line-height: 0;" data-mce-type="bookmark" class="mce_SELRES_start">﻿</span><span style="display: inline-block; width: 0px; overflow: hidden; line-height: 0;" data-mce-type="bookmark" class="mce_SELRES_start">﻿</span></iframe></p>
<hr />
<p style="text-align: center;"><strong><span style="color: #0000ff;">“QUESTIONNAIRE A”  NIVEAU 2 (Cycle 3)</span><br />
</strong></p>
<p style="text-align: center;">Pensez à cliquer en haut à droite du questionnaire ci-dessous pour le mettre en plein écran. Le même “bouton” servira à la manœuvre inverse. Puis retournez sur l’onglet principal !</p>
<p><iframe style="border: 0px; width: 100%; height: 500px;" src="https://learningapps.org/watch?v=p5dt29q9519"></iframe></p>
<p style="text-align: center;">Pensez à cliquer en haut à droite du questionnaire ci-dessous pour le mettre en plein écran. Le même “bouton” servira à la manœuvre inverse. Puis retournez sur l’onglet principal !</p>
<p><iframe style="border: 0px; width: 100%; height: 500px;" src="https://learningapps.org/watch?v=p4uza8r4t19"></iframe></p>

<p>﻿﻿ “QUESTIONNAIRE A”  NIVEAU 2 (Cycle 3) Pensez à cliquer en haut à droite du questionnaire ci-dessous pour le mettre en plein écran. Le même “bouton” servira à la manœuvre inverse. Puis retournez sur l’onglet principal ! Pensez à cliquer &hellip; <a href="https://ecole.ac-nice.fr/nice3/semainedeslangues2019/day-three-cycle-3-i-love-you-as-big-as-the-world/">Continuer la lecture <span class="meta-nav">&rarr;</span></a></p>
