{"id":129,"date":"2019-04-29T15:51:13","date_gmt":"2019-04-29T13:51:13","guid":{"rendered":"https:\/\/ecole.ac-nice.fr\/nice3\/semainedeslangues2019\/?page_id=129"},"modified":"2019-05-15T23:55:01","modified_gmt":"2019-05-15T21:55:01","slug":"day-three-cycle-2-i-love-you-as-big-as-the-world","status":"publish","type":"page","link":"https:\/\/ecole.ac-nice.fr\/nice3\/semainedeslangues2019\/day-three-cycle-2-i-love-you-as-big-as-the-world\/","title":{"rendered":"DAY THREE &#8211; Cycle 2 &#8211; I love You as big as the world"},"content":{"rendered":"<p style=\"text-align: center;\"><iframe loading=\"lazy\" src=\"https:\/\/www.youtube.com\/embed\/LoNndJqDqLc\" width=\"560\" height=\"315\" frameborder=\"0\" allowfullscreen=\"allowfullscreen\"><span style=\"display: inline-block; width: 0px; overflow: hidden; line-height: 0;\" data-mce-type=\"bookmark\" class=\"mce_SELRES_start\">\ufeff<\/span><\/iframe><\/p>\n<hr \/>\n<p style=\"text-align: center;\"><strong><span style=\"color: #0000ff;\">\u201cQUESTIONNAIRE A\u201d\u00a0 NIVEAU 1 (Cycle 2)<\/span><br \/>\n<\/strong><\/p>\n<p style=\"text-align: center;\">Pensez \u00e0 cliquer en haut \u00e0 droite du questionnaire ci-dessous pour le mettre en plein \u00e9cran. Le m\u00eame \u201cbouton\u201d servira \u00e0 la man\u0153uvre inverse. Puis retournez sur l\u2019onglet principal !<\/p>\n<p><iframe style=\"border: 0px; width: 100%; height: 500px;\" src=\"https:\/\/learningapps.org\/watch?v=pp0iczwfc19\"><\/iframe><\/p>\n<hr \/>\n<p style=\"text-align: center;\"><strong><span style=\"color: #0000ff;\">\u201cQUESTIONNAIRE B\u201d\u00a0 NIVEAU 1 (Cycle 2)<\/span><br \/>\n<\/strong><\/p>\n<p style=\"text-align: center;\">Pensez \u00e0 cliquer en haut \u00e0 droite du questionnaire ci-dessous pour le mettre en plein \u00e9cran. Le m\u00eame \u201cbouton\u201d servira \u00e0 la man\u0153uvre inverse. Puis retournez sur l\u2019onglet principal !<\/p>\n<p><iframe style=\"border: 0px; width: 100%; height: 500px;\" src=\"https:\/\/learningapps.org\/watch?v=pcytc1dfc19\"><\/iframe><\/p>\n","protected":false},"excerpt":{"rendered":"<p>\ufeff \u201cQUESTIONNAIRE A\u201d\u00a0 NIVEAU 1 (Cycle 2) Pensez \u00e0 cliquer en haut \u00e0 droite du questionnaire ci-dessous pour le mettre en plein \u00e9cran. Le m\u00eame \u201cbouton\u201d servira \u00e0 la man\u0153uvre inverse. Puis retournez sur l\u2019onglet principal ! \u201cQUESTIONNAIRE B\u201d\u00a0 NIVEAU &hellip; <a href=\"https:\/\/ecole.ac-nice.fr\/nice3\/semainedeslangues2019\/day-three-cycle-2-i-love-you-as-big-as-the-world\/\">Continuer la lecture <span class=\"meta-nav\">&rarr;<\/span><\/a><\/p>\n","protected":false},"author":2,"featured_media":0,"parent":0,"menu_order":0,"comment_status":"closed","ping_status":"closed","template":"","meta":{"footnotes":""},"class_list":["post-129","page","type-page","status-publish","hentry"],"_links":{"self":[{"href":"https:\/\/ecole.ac-nice.fr\/nice3\/semainedeslangues2019\/wp-json\/wp\/v2\/pages\/129","targetHints":{"allow":["GET"]}}],"collection":[{"href":"https:\/\/ecole.ac-nice.fr\/nice3\/semainedeslangues2019\/wp-json\/wp\/v2\/pages"}],"about":[{"href":"https:\/\/ecole.ac-nice.fr\/nice3\/semainedeslangues2019\/wp-json\/wp\/v2\/types\/page"}],"author":[{"embeddable":true,"href":"https:\/\/ecole.ac-nice.fr\/nice3\/semainedeslangues2019\/wp-json\/wp\/v2\/users\/2"}],"replies":[{"embeddable":true,"href":"https:\/\/ecole.ac-nice.fr\/nice3\/semainedeslangues2019\/wp-json\/wp\/v2\/comments?post=129"}],"version-history":[{"count":6,"href":"https:\/\/ecole.ac-nice.fr\/nice3\/semainedeslangues2019\/wp-json\/wp\/v2\/pages\/129\/revisions"}],"predecessor-version":[{"id":203,"href":"https:\/\/ecole.ac-nice.fr\/nice3\/semainedeslangues2019\/wp-json\/wp\/v2\/pages\/129\/revisions\/203"}],"wp:attachment":[{"href":"https:\/\/ecole.ac-nice.fr\/nice3\/semainedeslangues2019\/wp-json\/wp\/v2\/media?parent=129"}],"curies":[{"name":"wp","href":"https:\/\/api.w.org\/{rel}","templated":true}]}}

<p style="text-align: center;"><iframe loading="lazy" src="https://www.youtube.com/embed/LoNndJqDqLc" width="560" height="315" frameborder="0" allowfullscreen="allowfullscreen"><span style="display: inline-block; width: 0px; overflow: hidden; line-height: 0;" data-mce-type="bookmark" class="mce_SELRES_start">﻿</span></iframe></p>
<hr />
<p style="text-align: center;"><strong><span style="color: #0000ff;">“QUESTIONNAIRE A”  NIVEAU 1 (Cycle 2)</span><br />
</strong></p>
<p style="text-align: center;">Pensez à cliquer en haut à droite du questionnaire ci-dessous pour le mettre en plein écran. Le même “bouton” servira à la manœuvre inverse. Puis retournez sur l’onglet principal !</p>
<p><iframe style="border: 0px; width: 100%; height: 500px;" src="https://learningapps.org/watch?v=pp0iczwfc19"></iframe></p>
<hr />
<p style="text-align: center;"><strong><span style="color: #0000ff;">“QUESTIONNAIRE B”  NIVEAU 1 (Cycle 2)</span><br />
</strong></p>
<p style="text-align: center;">Pensez à cliquer en haut à droite du questionnaire ci-dessous pour le mettre en plein écran. Le même “bouton” servira à la manœuvre inverse. Puis retournez sur l’onglet principal !</p>
<p><iframe style="border: 0px; width: 100%; height: 500px;" src="https://learningapps.org/watch?v=pcytc1dfc19"></iframe></p>

<p>﻿ “QUESTIONNAIRE A”  NIVEAU 1 (Cycle 2) Pensez à cliquer en haut à droite du questionnaire ci-dessous pour le mettre en plein écran. Le même “bouton” servira à la manœuvre inverse. Puis retournez sur l’onglet principal ! “QUESTIONNAIRE B”  NIVEAU &hellip; <a href="https://ecole.ac-nice.fr/nice3/semainedeslangues2019/day-three-cycle-2-i-love-you-as-big-as-the-world/">Continuer la lecture <span class="meta-nav">&rarr;</span></a></p>
