{"id":114,"date":"2019-04-29T15:20:34","date_gmt":"2019-04-29T13:20:34","guid":{"rendered":"https:\/\/ecole.ac-nice.fr\/nice3\/semainedeslangues2019\/?page_id=114"},"modified":"2019-04-29T16:57:07","modified_gmt":"2019-04-29T14:57:07","slug":"les-pdf-a-telecharger","status":"publish","type":"page","link":"https:\/\/ecole.ac-nice.fr\/nice3\/semainedeslangues2019\/les-pdf-a-telecharger\/","title":{"rendered":"les PDF \u00e0 t\u00e9l\u00e9charger"},"content":{"rendered":"<p><span style=\"color: #0000ff;\"><strong>CYCLE 2 :<\/strong><\/span><\/p>\n<p><a href=\"https:\/\/ecole.ac-nice.fr\/nice3\/semainedeslangues2019\/wp-content\/uploads\/sites\/10\/2019\/04\/JOUR-1_Cycle-2_-Questionnaires.pdf\">JOUR 1_Questionnaires_cycle 2<\/a><\/p>\n<p><a href=\"https:\/\/ecole.ac-nice.fr\/nice3\/semainedeslangues2019\/wp-content\/uploads\/sites\/10\/2019\/04\/JOUR-2_questionnaires_Cycle-2-.pdf\">JOUR 2_Questionnaires_cycle 2<\/a><\/p>\n<p><a href=\"https:\/\/ecole.ac-nice.fr\/nice3\/semainedeslangues2019\/wp-content\/uploads\/sites\/10\/2019\/04\/JOUR-3_Questionnaires_cycle-2.pdf\">JOUR 3_Questionnaires_cycle 2<\/a><\/p>\n<p><a href=\"https:\/\/ecole.ac-nice.fr\/nice3\/semainedeslangues2019\/wp-content\/uploads\/sites\/10\/2019\/04\/JOUR-4_Questionnaires_cycle-2-.pdf\">JOUR 4_Questionnaires_cycle 2<\/a><\/p>\n<hr \/>\n<p><span style=\"color: #0000ff;\"><strong>CYCLE 3 :<\/strong><\/span><\/p>\n<p><a href=\"https:\/\/ecole.ac-nice.fr\/nice3\/semainedeslangues2019\/wp-content\/uploads\/sites\/10\/2019\/04\/JOUR-1_Cycle-3_questionnaires.pdf\">JOUR 1_Questionnaires_Cycle 3<\/a><\/p>\n<p><a href=\"https:\/\/ecole.ac-nice.fr\/nice3\/semainedeslangues2019\/wp-content\/uploads\/sites\/10\/2019\/04\/JOUR-2_Questionnaires_Cycle-3_.pdf\">JOUR 2_Questionnaires_Cycle 3<\/a><\/p>\n<p><a href=\"https:\/\/ecole.ac-nice.fr\/nice3\/semainedeslangues2019\/wp-content\/uploads\/sites\/10\/2019\/04\/JOUR-3_Questionnaire_Cycle-3-.pdf\">JOUR 3_Questionnaire_Cycle 3<\/a><\/p>\n<p><a href=\"https:\/\/ecole.ac-nice.fr\/nice3\/semainedeslangues2019\/wp-content\/uploads\/sites\/10\/2019\/04\/JOUR-4_Questionnaires_Cycle-3.pdf\">JOUR 4_Questionnaires_Cycle 3<\/a><\/p>\n<hr \/>\n<p>&nbsp;<\/p>\n","protected":false},"excerpt":{"rendered":"<p>CYCLE 2 : JOUR 1_Questionnaires_cycle 2 JOUR 2_Questionnaires_cycle 2 JOUR 3_Questionnaires_cycle 2 JOUR 4_Questionnaires_cycle 2 CYCLE 3 : JOUR 1_Questionnaires_Cycle 3 JOUR 2_Questionnaires_Cycle 3 JOUR 3_Questionnaire_Cycle 3 JOUR 4_Questionnaires_Cycle 3 &nbsp;<\/p>\n","protected":false},"author":2,"featured_media":0,"parent":0,"menu_order":0,"comment_status":"closed","ping_status":"closed","template":"","meta":{"footnotes":""},"class_list":["post-114","page","type-page","status-publish","hentry"],"_links":{"self":[{"href":"https:\/\/ecole.ac-nice.fr\/nice3\/semainedeslangues2019\/wp-json\/wp\/v2\/pages\/114","targetHints":{"allow":["GET"]}}],"collection":[{"href":"https:\/\/ecole.ac-nice.fr\/nice3\/semainedeslangues2019\/wp-json\/wp\/v2\/pages"}],"about":[{"href":"https:\/\/ecole.ac-nice.fr\/nice3\/semainedeslangues2019\/wp-json\/wp\/v2\/types\/page"}],"author":[{"embeddable":true,"href":"https:\/\/ecole.ac-nice.fr\/nice3\/semainedeslangues2019\/wp-json\/wp\/v2\/users\/2"}],"replies":[{"embeddable":true,"href":"https:\/\/ecole.ac-nice.fr\/nice3\/semainedeslangues2019\/wp-json\/wp\/v2\/comments?post=114"}],"version-history":[{"count":11,"href":"https:\/\/ecole.ac-nice.fr\/nice3\/semainedeslangues2019\/wp-json\/wp\/v2\/pages\/114\/revisions"}],"predecessor-version":[{"id":163,"href":"https:\/\/ecole.ac-nice.fr\/nice3\/semainedeslangues2019\/wp-json\/wp\/v2\/pages\/114\/revisions\/163"}],"wp:attachment":[{"href":"https:\/\/ecole.ac-nice.fr\/nice3\/semainedeslangues2019\/wp-json\/wp\/v2\/media?parent=114"}],"curies":[{"name":"wp","href":"https:\/\/api.w.org\/{rel}","templated":true}]}}

les PDF à télécharger
