{"id":103,"date":"2019-04-29T15:07:25","date_gmt":"2019-04-29T13:07:25","guid":{"rendered":"https:\/\/ecole.ac-nice.fr\/nice3\/semainedeslangues2019\/?page_id=103"},"modified":"2019-04-29T16:55:52","modified_gmt":"2019-04-29T14:55:52","slug":"cycle-3","status":"publish","type":"page","link":"https:\/\/ecole.ac-nice.fr\/nice3\/semainedeslangues2019\/cycle-3\/","title":{"rendered":"Cycle 3"},"content":{"rendered":"<p><span style=\"color: #0000ff;\"><strong>D\u00e9marche et consignes cycle 3 :<\/strong><\/span><\/p>\n<p><strong>Etape 1 :<\/strong><br \/>\n\u2022 D\u00e9couverte de l\u2019album : visionnage de la lecture enregistr\u00e9e par un anglophone et \/ ou lecture de l\u2019album par l\u2019enseignant<br \/>\n\u2022 Reformulation collective et globale de l\u2019histoire en fran\u00e7ais ou en anglais au choix de l\u2019enseignant.<br \/>\n\u2022 R\u00e9\u00e9coute compl\u00e8te de l\u2019histoire<br \/>\n\u2022 M\u00e9morisation \/ r\u00e9p\u00e9titions collectives et individuelles de mots et \/ ou de phrases au choix de l\u2019enseignant.<\/p>\n<p><strong>Etape 2 :<\/strong><br \/>\n\u2022 En bin\u00f4me, d\u00e9couverte du questionnaire,\u00a0 <strong>(t\u00e9l\u00e9charger le pdf) <\/strong>r\u00e9ponses concert\u00e9es<br \/>\n\u2022 En collectif v\u00e9rification des r\u00e9ponses propos\u00e9es : chaque bin\u00f4me lit la question \u00e0 haute voix et propose sa r\u00e9ponse.<br \/>\n\u2022 Validation collective et r\u00e9ponses en ligne en temps limit\u00e9<\/p>\n","protected":false},"excerpt":{"rendered":"<p>D\u00e9marche et consignes cycle 3 : Etape 1 : \u2022 D\u00e9couverte de l\u2019album : visionnage de la lecture enregistr\u00e9e par un anglophone et \/ ou lecture de l\u2019album par l\u2019enseignant \u2022 Reformulation collective et globale de l\u2019histoire en fran\u00e7ais ou &hellip; <a href=\"https:\/\/ecole.ac-nice.fr\/nice3\/semainedeslangues2019\/cycle-3\/\">Continuer la lecture <span class=\"meta-nav\">&rarr;<\/span><\/a><\/p>\n","protected":false},"author":2,"featured_media":0,"parent":0,"menu_order":0,"comment_status":"closed","ping_status":"closed","template":"","meta":{"footnotes":""},"class_list":["post-103","page","type-page","status-publish","hentry"],"_links":{"self":[{"href":"https:\/\/ecole.ac-nice.fr\/nice3\/semainedeslangues2019\/wp-json\/wp\/v2\/pages\/103","targetHints":{"allow":["GET"]}}],"collection":[{"href":"https:\/\/ecole.ac-nice.fr\/nice3\/semainedeslangues2019\/wp-json\/wp\/v2\/pages"}],"about":[{"href":"https:\/\/ecole.ac-nice.fr\/nice3\/semainedeslangues2019\/wp-json\/wp\/v2\/types\/page"}],"author":[{"embeddable":true,"href":"https:\/\/ecole.ac-nice.fr\/nice3\/semainedeslangues2019\/wp-json\/wp\/v2\/users\/2"}],"replies":[{"embeddable":true,"href":"https:\/\/ecole.ac-nice.fr\/nice3\/semainedeslangues2019\/wp-json\/wp\/v2\/comments?post=103"}],"version-history":[{"count":5,"href":"https:\/\/ecole.ac-nice.fr\/nice3\/semainedeslangues2019\/wp-json\/wp\/v2\/pages\/103\/revisions"}],"predecessor-version":[{"id":161,"href":"https:\/\/ecole.ac-nice.fr\/nice3\/semainedeslangues2019\/wp-json\/wp\/v2\/pages\/103\/revisions\/161"}],"wp:attachment":[{"href":"https:\/\/ecole.ac-nice.fr\/nice3\/semainedeslangues2019\/wp-json\/wp\/v2\/media?parent=103"}],"curies":[{"name":"wp","href":"https:\/\/api.w.org\/{rel}","templated":true}]}}

<p><span style="color: #0000ff;"><strong>Démarche et consignes cycle 3 :</strong></span></p>
<p><strong>Etape 1 :</strong><br />
• Découverte de l’album : visionnage de la lecture enregistrée par un anglophone et / ou lecture de l’album par l’enseignant<br />
• Reformulation collective et globale de l’histoire en français ou en anglais au choix de l’enseignant.<br />
• Réécoute complète de l’histoire<br />
• Mémorisation / répétitions collectives et individuelles de mots et / ou de phrases au choix de l’enseignant.</p>
<p><strong>Etape 2 :</strong><br />
• En binôme, découverte du questionnaire,  <strong>(télécharger le pdf) </strong>réponses concertées<br />
• En collectif vérification des réponses proposées : chaque binôme lit la question à haute voix et propose sa réponse.<br />
• Validation collective et réponses en ligne en temps limité</p>

<p>Démarche et consignes cycle 3 : Etape 1 : • Découverte de l’album : visionnage de la lecture enregistrée par un anglophone et / ou lecture de l’album par l’enseignant • Reformulation collective et globale de l’histoire en français ou &hellip; <a href="https://ecole.ac-nice.fr/nice3/semainedeslangues2019/cycle-3/">Continuer la lecture <span class="meta-nav">&rarr;</span></a></p>
