{"id":75,"date":"2018-05-11T09:16:39","date_gmt":"2018-05-11T07:16:39","guid":{"rendered":"https:\/\/ecole.ac-nice.fr\/nice3\/semainedeslangues2018\/?page_id=75"},"modified":"2018-05-17T10:20:27","modified_gmt":"2018-05-17T08:20:27","slug":"third-day-thursday-may-17th","status":"publish","type":"page","link":"https:\/\/ecole.ac-nice.fr\/nice3\/semainedeslangues2018\/third-day-thursday-may-17th\/","title":{"rendered":"THIRD DAY (Thursday, May 17th)"},"content":{"rendered":"<p><strong>La sensibilit\u00e9 : le respect des autres, la diff\u00e9rence<\/strong><\/p>\n<p><strong>Descriptif\u00a0et consignes d\u00e9taill\u00e9es :<\/strong><\/p>\n<p><span style=\"color: #000080;\">Morning (a.m.) : How to be polite and respect people<\/span><br \/>\n<span style=\"color: #000080;\">It is about greetings and the different ways to ask politely, to thank, to welcome, to say good bye<\/span><\/p>\n<p><span style=\"color: #000080;\">Afternoon (p.m.) : About Difference and Segregation<\/span><\/p>\n<table>\n<tbody>\n<tr>\n<td rowspan=\"3\" width=\"65\"><strong>\u00a0<\/strong><\/p>\n<p><strong>\u00a0<\/strong><\/p>\n<p><strong>\u00a0<\/strong><\/p>\n<p><strong>Matin a.m.<\/strong><\/td>\n<td width=\"227\"><strong>Supports<\/strong><\/td>\n<td width=\"246\"><strong>Activit\u00e9s langagi\u00e8res<\/strong><\/td>\n<td width=\"255\"><strong>Consignes, El\u00e9ments de langage, Structures, lexique<\/strong><\/td>\n<\/tr>\n<tr>\n<td width=\"227\"><strong>Cycle 2<\/strong>\u00a0: document \u00e9crit+ images <a href=\"https:\/\/ecole.ac-nice.fr\/nice3\/semainedeslangues2018\/wp-content\/uploads\/sites\/5\/2018\/05\/Annexe_11_Greetings-C2.compressed.pdf\" target=\"_blank\" rel=\"noopener\">\u00ab\u00a0Greetings\u00a0\u00bb<\/a><\/p>\n<p><strong>Cycle 3<\/strong>\u00a0: document \u00e9crit fran\u00e7ais \/ anglais <a href=\"https:\/\/ecole.ac-nice.fr\/nice3\/semainedeslangues2018\/wp-content\/uploads\/sites\/5\/2018\/05\/Annexe_12_Formules_politesse-C3.pdf\" target=\"_blank\" rel=\"noopener\">\u00ab\u00a0Toutes les formules de politesse\u00a0\u00bb<\/a><\/td>\n<td width=\"246\">Interaction orale\u00a0: mise en sc\u00e8ne d\u2019une sayn\u00e8te repr\u00e9sentative des formules de politesse, remerciements, attention \u00e0 autrui + gestuelle (hug..)<\/td>\n<td width=\"255\"><strong>Cycle 2\u00a0:<\/strong> m\u00e9moriser le lexique et les structures de la fiche<\/p>\n<p><strong>Cycle 3\u00a0:<\/strong> M\u00e9moriser quelques structures de la fiche dans chacun des champs explor\u00e9s<\/td>\n<\/tr>\n<tr>\n<td width=\"227\">Vid\u00e9o chant\u00a0<a href=\"https:\/\/www.youtube.com\/watch?v=2nYjGy_ZUG8\" target=\"_blank\" rel=\"noopener\">\u00ab\u00a0Hello to all the children of the world\u00a0\u00bb<\/a><\/td>\n<td width=\"246\">Ecoute \/ compr\u00e9hension orale<\/p>\n<p>PPC: apprentissage du chant<\/td>\n<td width=\"255\">M\u00e9moriser les paroles de la chanson<\/td>\n<\/tr>\n<tr>\n<td rowspan=\"2\" width=\"54\"><strong>\u00a0<\/strong><\/p>\n<p><strong>\u00a0<\/strong><\/p>\n<p><strong>\u00a0<\/strong><\/p>\n<p><strong>\u00a0<\/strong><\/p>\n<p><strong>Apr\u00e8s-midi p.m.<\/strong><\/td>\n<td width=\"227\"><strong>Cycle 2<\/strong>\u00a0: Vid\u00e9o + script storytelling <a href=\"https:\/\/www.youtube.com\/watch?v=IIzIcUMrvl0\" target=\"_blank\" rel=\"noopener\">\u00ab\u00a0<strong>The Ugly duckling\u00a0\u00bb<\/strong><\/a><\/p>\n<p>Script : <a href=\"https:\/\/ecole.ac-nice.fr\/nice3\/semainedeslangues2018\/wp-content\/uploads\/sites\/5\/2018\/05\/Annexe_15_Script_the-ugly-duckling.pdf\" target=\"_blank\" rel=\"noopener\">ici<\/a><\/td>\n<td width=\"246\">Ecoute \/compr\u00e9hension orale<\/p>\n<p>Interaction orale: questions r\u00e9ponses simples<\/p>\n<p>&nbsp;<\/p>\n<p>&nbsp;<\/p>\n<p><span style=\"color: #ff0000;\"><strong>Compr\u00e9hension \u00e9crite\u00a0: <a style=\"color: #ff0000;\" href=\"https:\/\/ecole.ac-nice.fr\/nice3\/semainedeslangues2018\/wp-content\/uploads\/sites\/5\/2018\/05\/Annexe_16_worksheet_the-ugly-duckling-.pdf\" target=\"_blank\" rel=\"noopener\">fiche \u00ab\u00a0exercices\u00a0\u00bb<\/a><\/strong><\/span><\/p>\n<p><span style=\"color: #ff0000;\"><strong><a style=\"color: #ff0000;\" href=\"https:\/\/ecole.ac-nice.fr\/nice3\/semainedeslangues2018\/wp-content\/uploads\/sites\/5\/2018\/05\/Annexe_17_Reponses_the-ugly-ducklings.pdf\" target=\"_blank\" rel=\"noopener\">(les r\u00e9ponses \/ correction)<\/a><\/strong><\/span><\/td>\n<td width=\"255\">-How many eggs can you see?<\/p>\n<p>-What color is the Ugly duckling?<\/p>\n<p>-Does he have friends?<\/p>\n<p>-Who are the different animals he meets?<\/p>\n<p>&#8211; What animal \u00a0is the Ugly duckling at the end of the story?<\/p>\n<p>&nbsp;<\/td>\n<\/tr>\n<tr>\n<td width=\"227\"><strong>Cycle 3<\/strong><strong> :<\/strong> <strong>Rosa Parks<\/strong><\/p>\n<p><a href=\"https:\/\/ecole.ac-nice.fr\/nice3\/semainedeslangues2018\/wp-content\/uploads\/sites\/5\/2018\/05\/Annexe_18_Le-bus-de-Rosa-tapuscrit.c.pdf\" target=\"_blank\" rel=\"noopener\"><strong>Extrait du tapuscrit<\/strong> en fran\u00e7ais \u00ab\u00a0Le bus de Rosa Parks\u00a0\u00bb<\/a><\/p>\n<p><strong>Vid\u00e9o documentaire audio visuel <\/strong>sur <a href=\"https:\/\/www.youtube.com\/watch?v=yjbYg6fAu50\" target=\"_blank\" rel=\"noopener\">l\u2019histoire de Rosa Parks<\/a><\/p>\n<p><a href=\"https:\/\/www.youtube.com\/watch?v=w76NHeQ40SE\" target=\"_blank\" rel=\"noopener\">Film d&rsquo;animation<\/a> contenant un script sur les droits civiques, Rosa Parks et Martin Luther King<\/p>\n<p><strong>Deux photos<\/strong> du personnage<\/p>\n<p><a href=\"https:\/\/ecole.ac-nice.fr\/nice3\/semainedeslangues2018\/wp-content\/uploads\/sites\/5\/2018\/05\/Rosaparks.pdf\" target=\"_blank\" rel=\"noopener\">Portrait<\/a><\/p>\n<p><a href=\"https:\/\/ecole.ac-nice.fr\/nice3\/semainedeslangues2018\/wp-content\/uploads\/sites\/5\/2018\/05\/RosaParks-BillClinton.pdf\" target=\"_blank\" rel=\"noopener\">Photo <\/a><\/td>\n<td width=\"246\"><strong>En fran\u00e7ais\u00a0:<\/strong> Compr\u00e9hension de l\u2019histoire de Rosa Parks<\/p>\n<p>&nbsp;<\/p>\n<p><strong>En anglais\u00a0:<\/strong><\/p>\n<p>Ecoute\/ compr\u00e9hension<\/p>\n<p>&nbsp;<\/p>\n<p>Compr\u00e9hension \u00e9crite<\/p>\n<p>&nbsp;<\/p>\n<p>Interaction orale\u00a0: questions r\u00e9ponses simples<\/p>\n<p>&nbsp;<\/td>\n<td width=\"255\"><strong>En fran\u00e7ais<\/strong>\u00a0: <em>contextualisation de l\u2019histoire\u00a0: Qui\u00a0? O\u00f9\u00a0? A quelle \u00e9poque\u00a0? Quoi\u00a0? <\/em><em>Pourquoi?<\/em><\/p>\n<p><strong>En anglais\u00a0: <\/strong><\/p>\n<p><em>Who is Rosa Parks?<\/em><\/p>\n<p><em>Where is she from?<\/em><\/p>\n<p><em>What is segregation? (a difference between white and black people \/ different places to live in the same country \/ Not the same rights for white and black people\u2026)<\/em><\/p>\n<p><em>How old is she when she dies?<\/em><\/td>\n<\/tr>\n<\/tbody>\n<\/table>\n<p>&nbsp;<\/p>\n","protected":false},"excerpt":{"rendered":"<p>La sensibilit\u00e9 : le respect des autres, la diff\u00e9rence Descriptif\u00a0et consignes d\u00e9taill\u00e9es : Morning (a.m.) : How to be polite and respect people It is about greetings and the different ways to ask politely, to thank, to welcome, to say good bye Afternoon (p.m.) : About Difference and Segregation \u00a0 \u00a0 \u00a0 Matin a.m. Supports &hellip; <a href=\"https:\/\/ecole.ac-nice.fr\/nice3\/semainedeslangues2018\/third-day-thursday-may-17th\/\" class=\"more-link\">Continuer la lecture<span class=\"screen-reader-text\"> de &laquo;&nbsp;THIRD DAY (Thursday, May 17th)&nbsp;&raquo;<\/span><\/a><\/p>\n","protected":false},"author":2,"featured_media":0,"parent":0,"menu_order":0,"comment_status":"closed","ping_status":"closed","template":"","meta":{"footnotes":""},"class_list":["post-75","page","type-page","status-publish","hentry"],"_links":{"self":[{"href":"https:\/\/ecole.ac-nice.fr\/nice3\/semainedeslangues2018\/wp-json\/wp\/v2\/pages\/75","targetHints":{"allow":["GET"]}}],"collection":[{"href":"https:\/\/ecole.ac-nice.fr\/nice3\/semainedeslangues2018\/wp-json\/wp\/v2\/pages"}],"about":[{"href":"https:\/\/ecole.ac-nice.fr\/nice3\/semainedeslangues2018\/wp-json\/wp\/v2\/types\/page"}],"author":[{"embeddable":true,"href":"https:\/\/ecole.ac-nice.fr\/nice3\/semainedeslangues2018\/wp-json\/wp\/v2\/users\/2"}],"replies":[{"embeddable":true,"href":"https:\/\/ecole.ac-nice.fr\/nice3\/semainedeslangues2018\/wp-json\/wp\/v2\/comments?post=75"}],"version-history":[{"count":30,"href":"https:\/\/ecole.ac-nice.fr\/nice3\/semainedeslangues2018\/wp-json\/wp\/v2\/pages\/75\/revisions"}],"predecessor-version":[{"id":258,"href":"https:\/\/ecole.ac-nice.fr\/nice3\/semainedeslangues2018\/wp-json\/wp\/v2\/pages\/75\/revisions\/258"}],"wp:attachment":[{"href":"https:\/\/ecole.ac-nice.fr\/nice3\/semainedeslangues2018\/wp-json\/wp\/v2\/media?parent=75"}],"curies":[{"name":"wp","href":"https:\/\/api.w.org\/{rel}","templated":true}]}}