{"id":59,"date":"2017-04-17T16:58:00","date_gmt":"2017-04-17T14:58:00","guid":{"rendered":"http:\/\/ecole.ac-nice.fr\/nice2\/lycette-darsonval\/?page_id=59"},"modified":"2023-08-16T17:55:26","modified_gmt":"2023-08-16T15:55:26","slug":"bienvenue-sur-le-site-de-lecole-lycette-darsonval","status":"publish","type":"page","link":"https:\/\/ecole.ac-nice.fr\/nice2\/lycette-darsonval\/","title":{"rendered":"BIENVENUE SUR LE SITE DE L&rsquo;ECOLE LYCETTE DARSONVAL"},"content":{"rendered":"<blockquote><p>Vous \u00eates sur le nouveau site de l&rsquo;\u00e9cole Lycette DARSONVAL<\/p><\/blockquote>\n<p>&nbsp;<\/p>\n<p>RENTR\u00c9E 2023 : les listes de mat\u00e9riel pour\u00a0 toutes les classes sont d\u00e9sormais toutes affich\u00e9es devant l&rsquo;\u00e9cole.<\/p>\n<p>RENTR\u00c9E DES CLASSES LE LUNDI 4 SEPTEMBRE.<\/p>\n<p>LA CANTINE FONCTIONNERA D\u00c8S LE 4 SEPTEMBRE, ainsi que l&rsquo;\u00e9tude du soir.<\/p>\n<p>LA GARDERIE DU MATIN FONCTIONNERA\u00a0 \u00c0 PARTIR DU MARDI 5 SEPTEMBRE .<\/p>\n<p>LE JOUR DE LA RENTR\u00c9E DES CLASSES, : voir les modalit\u00e9s qui seront affich\u00e9es.<\/p>\n<p>LES \u00c9L\u00c8VES DE PETITE SECTION RENTRERONT probablement \u00e0\u00a0 8H45, ET LES \u00c9L\u00c8VES DE MOYENNE\u00a0 SECTION plus tard.<\/p>\n<p>Modalit\u00e9s d&rsquo;entr\u00e9e et de sortie des diff\u00e9rentes classes \u00e0 la rentr\u00e9e\u00a0 2023\u00a0 : voir les affichages qui seront faits avant la rentr\u00e9e .<\/p>\n<p>&nbsp;<\/p>\n<p>Tous les \u00e9l\u00e8ves devraient rentrer par le grand portail. Les \u00e9l\u00e8ves de PS-MS\u00a0 pourront probablement \u00eatre accompagn\u00e9s par leurs parents jusqu&rsquo;\u00e0 la porte de la classe au 1er \u00e9tage.( Les autres parents ne rentrant pas dans l&rsquo;\u00e9cole ) .<\/p>\n<p>La sortie des PS-MS devrait se faire par le petit portail.\u00a0 Les autres classes sortant par le grand portail. Tout cela reste \u00e0 confirmer,\u00a0 voir les affichages qui seront faits avant la rentr\u00e9e.<\/p>\n<p>&nbsp;<\/p>\n<p>P\u00e9riscolaire :<\/p>\n<p>Pour les enfants (tr\u00e8s peu nombreux ) ne mangeant pas \u00e0 la cantine,\u00a0 quelle que soit leur classe,\u00a0 la sortie \u00e0 11h30 se fait par le petit portail,\u00a0 et le retour \u00e0 13h20 par le grand portail.<\/p>\n<p>Pour tout renseignement, \u00e0 propos des recommandations concernant le Covid-19 et les \u00e9tablissements scolaires,\u00a0 vous pouvez consulter le site du minist\u00e8re,\u00a0 r\u00e9guli\u00e8rement mis \u00e0 jour,\u00a0 par le lien suivant, qui vous permettra de voir le protocole sanitaire en vigueur.<\/p>\n<p><a href=\"http:\/\/www.education.gouv.fr\/coronavirus-covid-19-informations-et-recommandations-pour-les-etablissements-scolaires-et-les-274253\">http:\/\/www.education.gouv.fr\/coronavirus-covid-19-informations-et-recommandations-pour-les-etablissements-scolaires-et-les-274253<\/a><\/p>\n<p>AUTRES INFOS:<\/p>\n<p style=\"padding-left: 80px\"><em>\u00a0\u00c9lection<\/em> des Repr\u00e9sentants De Parents d&rsquo;\u00e9l\u00e8ves :\u00a0 excellente participation au vote qui s&rsquo;est d\u00e9roul\u00e9 par correspondance en octobre 2022 :\u00a0 7 \u00e9lus pour la liste PEEP (et 5 suppl\u00e9ants ).<\/p>\n<p>Les prochaines \u00e9lections des repr\u00e9sentants des parents d&rsquo;\u00e9l\u00e8ves se d\u00e9rouleront le vendredi 13 octobre 2023, toujours par correspondance.<\/p>\n<p>&nbsp;<\/p>\n<p><strong>Rentr\u00e9e 2023 :\u00a0 les pr\u00e9 inscriptions en ligne sont\u00a0 possibles pour les \u00e9l\u00e8ves du secteur, sur le site de la mairie de Nice (les justificatifs sont \u00e0 fournir scann\u00e9s). Les pr\u00e9 inscriptions sont \u00e9galement possibles sur place dans les bureaux des mairies annexes. Quand la pr\u00e9 inscription est faite, il faut ensuite prendre rendez-vous pour finaliser l&rsquo;inscription \u00e0 l&rsquo;\u00e9cole (merci de laisser un message au 04 97 13 50 44 (num\u00e9ro\u00a0 <\/strong><strong>du bureau de la directrice, qui vous rappellera <\/strong>.<\/p>\n<p>Les inscriptions en CHAM (classes \u00e0 horaires am\u00e9nag\u00e9s musique ) se d\u00e9roulent selon un dispositif sp\u00e9cifique \u00e0 partir du mois de janvier\u00a0 (r\u00e9union d&rsquo;information,\u00a0 remise de dossiers,\u00a0 observation des candidats ;\u00a0 l&rsquo;admission , l&rsquo;inscription en liste d&rsquo;attente ou le refus sont ensuite\u00a0 prononc\u00e9s par une commission qui se tient habituellement\u00a0 au mois de mai pr\u00e9c\u00e9dent la rentr\u00e9e ). Pour la rentr\u00e9e\u00a0 2023, les candidatures sont closes.<\/p>\n<p>Toutes les informations plus sp\u00e9cifiques aux 7 classes de l&rsquo;\u00e9cole (devoirs, informations diverses, sorties&#8230;etc) \u00e9taient\u00a0 directement accessibles aux parents d&rsquo;\u00e9l\u00e8ves inscrits par le biais de l&rsquo;application Klassly, que\u00a0 tous les enseignants de l&rsquo;\u00e9cole utilisaient pour leur classe. C&rsquo;est pourquoi vous ne trouverez dans les rubriques \u00ab\u00a0classes\u00a0\u00bb de ce site que des informations tr\u00e8s g\u00e9n\u00e9rales comme la liste des fournitures scolaires demand\u00e9es pour la\u00a0 rentr\u00e9e 2019.( Ne pas tenir compte de ces listes de mat\u00e9riel, l&rsquo;\u00e9quipe enseignants n&rsquo;\u00e9tant plus\u00a0 la m\u00eame en grande partie )\u00a0 Ce site , destin\u00e9 au public,\u00a0 et aux futurs parents,\u00a0 ne contient donc volontairement que peu d&rsquo;informations.<\/p>\n<p>Les listes de mat\u00e9riel actualis\u00e9es sont affich\u00e9es devant l&rsquo;\u00e9cole,\u00a0 et aussi\u00a0 remises directement aux \u00e9l\u00e8ves actuels et futurs)<\/p>\n<p>Suzanne RIVIERE, actuelle directrice de l&rsquo;\u00e9cole Darsonval, depuis 2012.<\/p>\n<p>(\u00c0 partir de la rentr\u00e9e 2023 , la directrice sera Mme Catherine MADIOU)<\/p>\n<p>&nbsp;<\/p>\n","protected":false},"excerpt":{"rendered":"<p>Vous \u00eates sur le nouveau site de l&rsquo;\u00e9cole Lycette DARSONVAL &nbsp; RENTR\u00c9E 2023 : les listes de mat\u00e9riel pour\u00a0 toutes les classes sont d\u00e9sormais toutes affich\u00e9es devant l&rsquo;\u00e9cole. RENTR\u00c9E DES CLASSES LE LUNDI 4 SEPTEMBRE. LA CANTINE FONCTIONNERA D\u00c8S LE 4 SEPTEMBRE, ainsi que l&rsquo;\u00e9tude du soir. LA GARDERIE DU MATIN FONCTIONNERA\u00a0 \u00c0 PARTIR DU &hellip; <a href=\"https:\/\/ecole.ac-nice.fr\/nice2\/lycette-darsonval\/\" class=\"more-link\">Continuer la lecture de <span class=\"screen-reader-text\">BIENVENUE SUR LE SITE DE L&rsquo;ECOLE LYCETTE DARSONVAL<\/span>  <span class=\"meta-nav\">&rarr;<\/span><\/a><\/p>\n","protected":false},"author":2,"featured_media":0,"parent":0,"menu_order":0,"comment_status":"closed","ping_status":"closed","template":"","meta":{"footnotes":""},"class_list":["post-59","page","type-page","status-publish","hentry"],"_links":{"self":[{"href":"https:\/\/ecole.ac-nice.fr\/nice2\/lycette-darsonval\/wp-json\/wp\/v2\/pages\/59","targetHints":{"allow":["GET"]}}],"collection":[{"href":"https:\/\/ecole.ac-nice.fr\/nice2\/lycette-darsonval\/wp-json\/wp\/v2\/pages"}],"about":[{"href":"https:\/\/ecole.ac-nice.fr\/nice2\/lycette-darsonval\/wp-json\/wp\/v2\/types\/page"}],"author":[{"embeddable":true,"href":"https:\/\/ecole.ac-nice.fr\/nice2\/lycette-darsonval\/wp-json\/wp\/v2\/users\/2"}],"replies":[{"embeddable":true,"href":"https:\/\/ecole.ac-nice.fr\/nice2\/lycette-darsonval\/wp-json\/wp\/v2\/comments?post=59"}],"version-history":[{"count":123,"href":"https:\/\/ecole.ac-nice.fr\/nice2\/lycette-darsonval\/wp-json\/wp\/v2\/pages\/59\/revisions"}],"predecessor-version":[{"id":976,"href":"https:\/\/ecole.ac-nice.fr\/nice2\/lycette-darsonval\/wp-json\/wp\/v2\/pages\/59\/revisions\/976"}],"wp:attachment":[{"href":"https:\/\/ecole.ac-nice.fr\/nice2\/lycette-darsonval\/wp-json\/wp\/v2\/media?parent=59"}],"curies":[{"name":"wp","href":"https:\/\/api.w.org\/{rel}","templated":true}]}}