{"id":387,"date":"2017-04-28T14:02:29","date_gmt":"2017-04-28T12:02:29","guid":{"rendered":"http:\/\/ecole.ac-nice.fr\/nice2\/lycette-darsonval\/?page_id=387"},"modified":"2017-04-28T14:03:18","modified_gmt":"2017-04-28T12:03:18","slug":"conseils-denfant","status":"publish","type":"page","link":"https:\/\/ecole.ac-nice.fr\/nice2\/lycette-darsonval\/conseils-denfant\/","title":{"rendered":"Conseil d&rsquo;enfants"},"content":{"rendered":"<p><strong>Ecole Lycette Darsonval<\/strong><br \/>\n<strong>Conseil d\u2019Enfants du 12 octobre 2015<\/strong><\/p>\n<p>Le premier conseil d\u2019enfants s\u2019est tenu dans la salle des ma\u00eetres de 12h30 \u00e0 13h20,<br \/>\nen pr\u00e9sence de Mme RIVIERE, Mme BOUTIER et de d\u00e9l\u00e9gu\u00e9s\u00a0de chaque classe :<\/p>\n<p>\u00d8\u00a0 Chlo\u00e9 VALENTIN \u2013 Lana AUMOINE (maternelle).<br \/>\n\u00d8\u00a0 Adam HASSIAOUI \u2013 Marie GIUDICELLI (plus Lya secr\u00e9taire, pour CP \u2013 CE1).<br \/>\n\u00d8\u00a0 No\u00ebl LANTERI THAUVIN \u2013 Ninon OULD YAHIA COLL (CE1 HA).<br \/>\n\u00d8\u00a0 Valentine PIAGET \u2013 Fabio GABELLINI (CE2 HA).<br \/>\n\u00d8\u00a0 Ana\u00efs GUEGUEN \u2013 Mathias FELBABEL (CM1 HA).<br \/>\n\u00d8\u00a0 Zo\u00e9 LEBRUN \u2013 Aim\u00e9e LOEILLET (CE2 \u2013 CM).<br \/>\n\u00d8\u00a0 Joseph TANUCCI \u2013 Chlo\u00e9 FERRUA (CM2 HA).<\/p>\n<div><\/div>\n<p><strong><span style=\"text-decoration: underline;\">Choix de l\u2019ordre des articles pour le Journal de l\u2019\u00e9cole (n\u00b045)<\/span><\/strong><\/p>\n<p>1.\u00a0\u00a0\u00a0\u00a0\u00a0 Bienvenue \u00e0 Darsonval. (CE1ha)<br \/>\n2.\u00a0\u00a0\u00a0\u00a0\u00a0 \u00ab\u00a0Ah la bonne soupe\u00a0!\u00a0\u00bb (maternelle)<br \/>\n3.\u00a0\u00a0\u00a0\u00a0\u00a0 \u00ab\u00a0Le petit tailleur\u00a0\u00bb (CP-CE1).<br \/>\n4.\u00a0\u00a0\u00a0\u00a0\u00a0 Ballade dans les \u00e9toiles (CE2ha)).<br \/>\n5.\u00a0\u00a0\u00a0\u00a0\u00a0 Sur la route du Jazz (CM2 HA).<br \/>\n6.\u00a0\u00a0\u00a0\u00a0\u00a0 La f\u00eate d\u2019Halloween. (CM1ha)<br \/>\n7.\u00a0\u00a0\u00a0\u00a0\u00a0 Jeux pour Halloween. (CM2ha)<\/p>\n<p><em>Finalement , la page \u00ab\u00a0jeux pour Halloween\u00a0\u00bb sera en page centrale, car faite au format A3.<\/em><\/p>\n<p><span style=\"text-decoration: underline;\">Choix de la Couleur\u00a0: \u00a0Bleu pour les pages ext\u00e9rieures du journal <\/span><\/p>\n<p>Choix des 2 dessins\u00a0: au vote, parmi ceux apport\u00e9s par les d\u00e9l\u00e9gu\u00e9s de la\u00a0 classe de CM2ha<\/p>\n<div><\/div>\n<p><strong><span style=\"text-decoration: underline;\">Questions diverses pos\u00e9es par les d\u00e9l\u00e9gu\u00e9s ou soulev\u00e9es par la directrice\u00a0:<\/span><\/strong><\/p>\n<p>&#8211;\u00a0\u00a0\u00a0\u00a0\u00a0\u00a0\u00a0\u00a0\u00a0 <strong>Craies<\/strong>\u00a0: dessiner avec dans la cour sur le sol, <strong>possible le vendredi <em>et le lundi<\/em><\/strong><br \/>\n&#8211;\u00a0\u00a0\u00a0\u00a0\u00a0\u00a0\u00a0\u00a0\u00a0 Cantine\u00a0: il ya aurait trop de sel dans les plats (\u00a0?!)\u00a0: cela concerne la cantine, et cette remarque est surprenante, car l\u2019an dernier, certains se plaignaient du contraire\u2026<br \/>\n&#8211;\u00a0\u00a0\u00a0\u00a0\u00a0\u00a0\u00a0\u00a0\u00a0 <strong>TAE\u00a0: rotation des groupes<\/strong> (<strong>oui<\/strong>, cela se fera sur 4 p\u00e9riodes, pour permettre \u00e0 ceux qui ne sont pas inscrits tous les jours de b\u00e9n\u00e9ficier de toutes les activit\u00e9s sur l\u2019ensemble de l\u2019ann\u00e9e).<br \/>\n&#8211;\u00a0\u00a0\u00a0\u00a0\u00a0\u00a0\u00a0\u00a0\u00a0 Demande de <strong>tables en plus<\/strong>\u00a0? (non, il y en a d\u00e9j\u00e0 5\u00a0: une a \u00e9t\u00e9 rajout\u00e9e, ainsi que 4 chaises, )<br \/>\n&#8211;\u00a0\u00a0\u00a0\u00a0\u00a0\u00a0\u00a0\u00a0\u00a0 <strong>Changer les jardini\u00e8res cass\u00e9es<\/strong> (<strong>oui <\/strong>, ce sera fait apr\u00e8s les vacances, mais on n\u2019en trouve plus d\u2019aussi grandes, et il faudra \u00e9viter de les casser en jouant trop pr\u00e8s).<br \/>\n&#8211;\u00a0\u00a0\u00a0\u00a0\u00a0\u00a0\u00a0\u00a0\u00a0 <strong>Carr\u00e9s de culture <\/strong>install\u00e9s pour les maternelles par leur ma\u00eetresse (si la terre est livr\u00e9e, il \u00a0ne faudra pas marcher dedans\u00a0!). <strong><em>qui sont les autres classes int\u00e9ress\u00e9es par des plantations dans ces carr\u00e9s\u00a0?<\/em><\/strong><br \/>\n&#8211;\u00a0\u00a0\u00a0\u00a0\u00a0\u00a0\u00a0\u00a0\u00a0 Rappel\u00a0: ne pas abimer les plantes, ne pas arracher les feuilles.<br \/>\n&#8211;\u00a0\u00a0\u00a0\u00a0\u00a0\u00a0\u00a0\u00a0\u00a0 Avoir un <strong>bac \u00e0 compost\u00a0?<\/strong> bonne id\u00e9e, (on demandera \u00e0 la mairie ou \u00e0 la maison de l\u2019environnement de nous en fournir un si c\u2019est possible).<br \/>\n&#8211;\u00a0\u00a0\u00a0\u00a0\u00a0\u00a0\u00a0\u00a0\u00a0 <strong>Billes\u00a0:<\/strong> les autoriser \u00e0 nouveau\u00a0<strong>? oui. <\/strong><br \/>\n&#8211;\u00a0\u00a0\u00a0\u00a0\u00a0\u00a0\u00a0\u00a0\u00a0 Cantine\u00a0:\u00a0 certains demandent le silence total\u00a0!<br \/>\nIl ne faut pas crier dans la cantine, mais \u00a0pas non plus interdire de parler, c\u2019est un moment d\u2019\u00e9change important&#8230;<br \/>\n&#8211;\u00a0\u00a0\u00a0\u00a0\u00a0\u00a0\u00a0\u00a0\u00a0 <strong>Tables abim\u00e9es<\/strong>\u00a0: rappel \u00a0ne pas jouer derri\u00e8re les tables d\u2019ext\u00e9rieur en plastique (la partie abim\u00e9e est pr\u00e8s du mur, pour qu\u2019on ne se fasse pas mal\u00a0; les tables qui ne sont vraiment plus utilisables seront chang\u00e9es, mais l\u00e0 elles peuvent encore servir). Cette zone est r\u00e9serv\u00e9e aux jeux calmes.<br \/>\n&#8211;<br \/>\n&#8211;\u00a0\u00a0\u00a0\u00a0\u00a0\u00a0\u00a0\u00a0\u00a0 <strong>RAPPEL\u00a0:\u00a0 les jeux violents sont totalement interdits\u00a0<\/strong>: <strong>il est interdit de se battre ou de faire semblant, de jouer \u00e0 lancer des coups de pied ou de tirer les balles au pied.\u00a0 <\/strong><br \/>\n&#8211;\u00a0\u00a0\u00a0\u00a0\u00a0\u00a0\u00a0\u00a0\u00a0 <strong>Ne pas jouer avec le papier toilette ou essuie-tout (<\/strong>c\u2019est du gaspillage, et \u00e7a salit la cour).<br \/>\n&#8211;\u00a0\u00a0\u00a0\u00a0\u00a0\u00a0\u00a0\u00a0\u00a0 <strong>Ne pas amener de ciseaux dans la cour de r\u00e9cr\u00e9ation<\/strong> (c\u2019est dangereux), <strong>ni les trousses contenant le mat\u00e9riel utile en classe<\/strong> (\u00e7a se perd, on l\u2019oublie..)\u00a0!<\/p>\n<div><\/div>\n<p><strong>Il y a un mur fraichement repeint de blanc. On pourrait y faire une fresque collective.\u00a0 <\/strong><br \/>\n<strong>Th\u00e8mes propos\u00e9s par certains d\u00e9l\u00e9gu\u00e9s pour la fresque\u00a0:<\/strong><\/p>\n<p>&#8211;\u00a0\u00a0\u00a0\u00a0\u00a0\u00a0\u00a0\u00a0\u00a0 La musique \u2013 les instruments<br \/>\n&#8211;\u00a0\u00a0\u00a0\u00a0\u00a0\u00a0\u00a0\u00a0\u00a0 L\u2019oc\u00e9an<br \/>\n&#8211;\u00a0\u00a0\u00a0\u00a0\u00a0\u00a0\u00a0\u00a0\u00a0 Soleil, nuages, arc en ciel<br \/>\n&#8211;\u00a0\u00a0\u00a0\u00a0\u00a0\u00a0\u00a0\u00a0\u00a0 Les saisons (arbre ou paysage \u00e0 diff\u00e9rentes saisons)<br \/>\n&#8211;\u00a0\u00a0\u00a0\u00a0\u00a0\u00a0\u00a0\u00a0\u00a0 Les v\u00e9g\u00e9taux (arbres,fleurs, fruits,feuilles\u2026)<br \/>\nEn discuter dans les classes.<\/p>\n<p><strong>F\u00eate d\u2019Halloween pour toute l\u2019\u00e9cole\u00a0? non<\/strong><br \/>\nPas forc\u00e9ment \u00a0(pas toutes les classes). Chaque enseignant choisit de faire avec sa classe ou pas, et accueille ceux qui viennent d\u00e9filer, mais pas d\u2019obligation de faire pour tous. Cette\u00a0 ann\u00e9e, , les CM1\u00a0font Halloween mercredi matin, la Maternelle\u00a0: mercredi matin et vendredi apr\u00e8s-midi, le CP-CE1\u00a0: vendredi.<\/p>\n<p><span style=\"text-decoration: underline;\">Demande<\/span>\u00a0:<\/p>\n<p>&#8211;\u00a0\u00a0\u00a0\u00a0\u00a0\u00a0\u00a0\u00a0\u00a0 <strong>Faire 2 groupes pour les films quand il pleut\u00a0?<\/strong> (Maternelle \u2013 CP \u2013 CE1 \/ CE2 \u2013 CM).<br \/>\n&#8211;\u00a0\u00a0\u00a0\u00a0\u00a0\u00a0\u00a0\u00a0\u00a0 Oui, quand c\u2019est possible\u00a0. Il y a les lieux et l\u2019\u00e9quipement pour \u00e7a, mais c\u2019est sur le temps de cantine, (voir Mme Champouret)\u00a0 et il faut suffisamment de surveillants, de chaque c\u00f4t\u00e9, et pouvoir g\u00e9rer les d\u00e9placements entre la cantine, la salle d\u2019\u00e9volution, et la salle des piliers. Ce n\u2019est pas possible d\u00e8s le d\u00e9but, mais seulement quand tous ont fini de manger.<\/p>\n<p><strong><span style=\"text-decoration: underline;\">Rappel<\/span><\/strong>\u00a0:<\/p>\n<p><strong>Respecter la sieste des petits (ne pas claquer les portes des WC , ne pas taper dans les portes pr\u00e8s du dortoir).\u00a0<\/strong><\/p>\n","protected":false},"excerpt":{"rendered":"<p>Ecole Lycette Darsonval Conseil d\u2019Enfants du 12 octobre 2015 Le premier conseil d\u2019enfants s\u2019est tenu dans la salle des ma\u00eetres de 12h30 \u00e0 13h20, en pr\u00e9sence de Mme RIVIERE, Mme BOUTIER et de d\u00e9l\u00e9gu\u00e9s\u00a0de chaque classe : \u00d8\u00a0 Chlo\u00e9 VALENTIN \u2013 Lana AUMOINE (maternelle). \u00d8\u00a0 Adam HASSIAOUI \u2013 Marie GIUDICELLI (plus Lya secr\u00e9taire, pour CP &hellip; <a href=\"https:\/\/ecole.ac-nice.fr\/nice2\/lycette-darsonval\/conseils-denfant\/\" class=\"more-link\">Continuer la lecture de <span class=\"screen-reader-text\">Conseil d&rsquo;enfants<\/span>  <span class=\"meta-nav\">&rarr;<\/span><\/a><\/p>\n","protected":false},"author":2,"featured_media":0,"parent":0,"menu_order":0,"comment_status":"closed","ping_status":"closed","template":"","meta":{"footnotes":""},"class_list":["post-387","page","type-page","status-publish","hentry"],"_links":{"self":[{"href":"https:\/\/ecole.ac-nice.fr\/nice2\/lycette-darsonval\/wp-json\/wp\/v2\/pages\/387","targetHints":{"allow":["GET"]}}],"collection":[{"href":"https:\/\/ecole.ac-nice.fr\/nice2\/lycette-darsonval\/wp-json\/wp\/v2\/pages"}],"about":[{"href":"https:\/\/ecole.ac-nice.fr\/nice2\/lycette-darsonval\/wp-json\/wp\/v2\/types\/page"}],"author":[{"embeddable":true,"href":"https:\/\/ecole.ac-nice.fr\/nice2\/lycette-darsonval\/wp-json\/wp\/v2\/users\/2"}],"replies":[{"embeddable":true,"href":"https:\/\/ecole.ac-nice.fr\/nice2\/lycette-darsonval\/wp-json\/wp\/v2\/comments?post=387"}],"version-history":[{"count":2,"href":"https:\/\/ecole.ac-nice.fr\/nice2\/lycette-darsonval\/wp-json\/wp\/v2\/pages\/387\/revisions"}],"predecessor-version":[{"id":391,"href":"https:\/\/ecole.ac-nice.fr\/nice2\/lycette-darsonval\/wp-json\/wp\/v2\/pages\/387\/revisions\/391"}],"wp:attachment":[{"href":"https:\/\/ecole.ac-nice.fr\/nice2\/lycette-darsonval\/wp-json\/wp\/v2\/media?parent=387"}],"curies":[{"name":"wp","href":"https:\/\/api.w.org\/{rel}","templated":true}]}}