{"id":872,"date":"2019-01-25T10:14:33","date_gmt":"2019-01-25T09:14:33","guid":{"rendered":"http:\/\/ecole.ac-nice.fr\/nice2\/?page_id=872"},"modified":"2019-02-12T15:26:06","modified_gmt":"2019-02-12T14:26:06","slug":"programmation-et-robots","status":"publish","type":"page","link":"https:\/\/ecole.ac-nice.fr\/nice2\/?page_id=872","title":{"rendered":"Programmation et robots"},"content":{"rendered":"<p>Voici une liste non exhaustive d\u2019applications, mobiles ou en ligne, qui permettent d\u2019initier les jeunes \u00e9l\u00e8ves aux bases du codage en programmant une suite d\u2019actions dont le r\u00e9sultat sera imm\u00e9diatement visible \u00e0 l\u2019\u00e9cran et modifiable si besoin.<\/p>\n<p><a href=\"https:\/\/scratch.mit.edu\/projects\/editor\/?tip_bar=getStarted\"><strong>SCRATCH\u00a0\u00a0<\/strong><\/a>est un site en ligne sur lequel vous pourrez construire des sc\u00e9nari en choisissant\u00a0 un d\u00e9cor, des personnages que vous pourrez faire se d\u00e9placer en ajoutant des sons,\u2026<\/p>\n<p><a href=\"https:\/\/www.scratchjr.org\/index.html\"><strong>SCRATCH Junior<\/strong>\u00a0<\/a>est une variante de SCRATCH pour \u00e9l\u00e8ves. disponible pour tablettes (IOS et Android) et en web App pour le navigateur CHROME.<\/p>\n<p><a href=\"http:\/\/classedeflorent.fr\/accueil\/jeux\/beebot\/index.php\"><strong>BEE-BOT Le jeu<\/strong><\/a>\u00a0est un site en ligne (con\u00e7u par un professeur des \u00e9coles) qui reprend les principes de d\u00e9placement du robot BEEBOT.<\/p>\n<p>Une application\u00a0<a href=\"https:\/\/itunes.apple.com\/fr\/app\/bee-bot\/id500131639?mt=8\"><strong>BEE-BOT<\/strong>\u00a0<\/a>existe pour Ipad. A chaque nouveau niveau, vous devrez\u00a0 accomplir une mission dont la difficult\u00e9 cro\u00eet.<\/p>\n<p><a href=\"https:\/\/ecole.ac-nice.fr\/nice2\/wp-content\/uploads\/2019\/02\/Apprendre-\u00e0-programmer.pdf\">Apprendre \u00e0 programmer<\/a><\/p>\n","protected":false},"excerpt":{"rendered":"<p>Voici une liste non exhaustive d\u2019applications, mobiles ou en ligne, qui permettent d\u2019initier les jeunes \u00e9l\u00e8ves aux bases du codage en programmant une suite d\u2019actions dont le r\u00e9sultat sera imm\u00e9diatement visible \u00e0 l\u2019\u00e9cran et modifiable si besoin. SCRATCH\u00a0\u00a0est un site en ligne sur lequel vous pourrez construire des sc\u00e9nari en choisissant\u00a0 un d\u00e9cor, des personnages &hellip; <a href=\"https:\/\/ecole.ac-nice.fr\/nice2\/?page_id=872\" class=\"more-link\">Continuer la lecture de <span class=\"screen-reader-text\">Programmation et robots<\/span>  <span class=\"meta-nav\">&rarr;<\/span><\/a><\/p>\n","protected":false},"author":20,"featured_media":0,"parent":0,"menu_order":0,"comment_status":"closed","ping_status":"closed","template":"","meta":{"footnotes":""},"class_list":["post-872","page","type-page","status-publish","hentry"],"_links":{"self":[{"href":"https:\/\/ecole.ac-nice.fr\/nice2\/index.php?rest_route=\/wp\/v2\/pages\/872","targetHints":{"allow":["GET"]}}],"collection":[{"href":"https:\/\/ecole.ac-nice.fr\/nice2\/index.php?rest_route=\/wp\/v2\/pages"}],"about":[{"href":"https:\/\/ecole.ac-nice.fr\/nice2\/index.php?rest_route=\/wp\/v2\/types\/page"}],"author":[{"embeddable":true,"href":"https:\/\/ecole.ac-nice.fr\/nice2\/index.php?rest_route=\/wp\/v2\/users\/20"}],"replies":[{"embeddable":true,"href":"https:\/\/ecole.ac-nice.fr\/nice2\/index.php?rest_route=%2Fwp%2Fv2%2Fcomments&post=872"}],"version-history":[{"count":4,"href":"https:\/\/ecole.ac-nice.fr\/nice2\/index.php?rest_route=\/wp\/v2\/pages\/872\/revisions"}],"predecessor-version":[{"id":983,"href":"https:\/\/ecole.ac-nice.fr\/nice2\/index.php?rest_route=\/wp\/v2\/pages\/872\/revisions\/983"}],"wp:attachment":[{"href":"https:\/\/ecole.ac-nice.fr\/nice2\/index.php?rest_route=%2Fwp%2Fv2%2Fmedia&parent=872"}],"curies":[{"name":"wp","href":"https:\/\/api.w.org\/{rel}","templated":true}]}}