{"id":816,"date":"2019-01-23T16:21:42","date_gmt":"2019-01-23T15:21:42","guid":{"rendered":"http:\/\/ecole.ac-nice.fr\/nice2\/?page_id=816"},"modified":"2021-02-15T17:06:01","modified_gmt":"2021-02-15T16:06:01","slug":"formations","status":"publish","type":"page","link":"https:\/\/ecole.ac-nice.fr\/nice2\/?page_id=816","title":{"rendered":"Formations"},"content":{"rendered":"<p>Le menu d\u00e9roulant vous permet d&rsquo;acc\u00e9der \u00e0 plusieurs rubriques.<\/p>\n<p>Certaines sont prot\u00e9g\u00e9es par un mot de passe. En cas d&rsquo;oubli de ce dernier, contacter votre ERUN.<\/p>\n","protected":false},"excerpt":{"rendered":"<p>Le menu d\u00e9roulant vous permet d&rsquo;acc\u00e9der \u00e0 plusieurs rubriques. Certaines sont prot\u00e9g\u00e9es par un mot de passe. En cas d&rsquo;oubli de ce dernier, contacter votre ERUN.<\/p>\n","protected":false},"author":20,"featured_media":0,"parent":0,"menu_order":0,"comment_status":"closed","ping_status":"closed","template":"","meta":{"footnotes":""},"class_list":["post-816","page","type-page","status-publish","hentry"],"_links":{"self":[{"href":"https:\/\/ecole.ac-nice.fr\/nice2\/index.php?rest_route=\/wp\/v2\/pages\/816","targetHints":{"allow":["GET"]}}],"collection":[{"href":"https:\/\/ecole.ac-nice.fr\/nice2\/index.php?rest_route=\/wp\/v2\/pages"}],"about":[{"href":"https:\/\/ecole.ac-nice.fr\/nice2\/index.php?rest_route=\/wp\/v2\/types\/page"}],"author":[{"embeddable":true,"href":"https:\/\/ecole.ac-nice.fr\/nice2\/index.php?rest_route=\/wp\/v2\/users\/20"}],"replies":[{"embeddable":true,"href":"https:\/\/ecole.ac-nice.fr\/nice2\/index.php?rest_route=%2Fwp%2Fv2%2Fcomments&post=816"}],"version-history":[{"count":3,"href":"https:\/\/ecole.ac-nice.fr\/nice2\/index.php?rest_route=\/wp\/v2\/pages\/816\/revisions"}],"predecessor-version":[{"id":1505,"href":"https:\/\/ecole.ac-nice.fr\/nice2\/index.php?rest_route=\/wp\/v2\/pages\/816\/revisions\/1505"}],"wp:attachment":[{"href":"https:\/\/ecole.ac-nice.fr\/nice2\/index.php?rest_route=%2Fwp%2Fv2%2Fmedia&parent=816"}],"curies":[{"name":"wp","href":"https:\/\/api.w.org\/{rel}","templated":true}]}}