{"id":743,"date":"2018-12-20T15:40:51","date_gmt":"2018-12-20T14:40:51","guid":{"rendered":"http:\/\/ecole.ac-nice.fr\/nice2\/?page_id=743"},"modified":"2018-12-20T15:43:29","modified_gmt":"2018-12-20T14:43:29","slug":"numerique-et-droit","status":"publish","type":"page","link":"https:\/\/ecole.ac-nice.fr\/nice2\/?page_id=743","title":{"rendered":"Num\u00e9rique et Droit"},"content":{"rendered":"<p>Ci-dessous un document sur les droits et obligations pour l&rsquo;utilisation du num\u00e9rique \u00e0 l&rsquo;\u00e9cole.<\/p>\n<p><a href=\"https:\/\/ecole.ac-nice.fr\/nice2\/wp-content\/uploads\/2018\/12\/Droit-et-Obligations.pdf\">Droit et Obligations<\/a><\/p>\n<p>Document \u00e9labor\u00e9 par M. Tristan SIMONOT, CPD TICE<br \/>\nAcad\u00e9mie Nice<\/p>\n<p>&nbsp;<\/p>\n","protected":false},"excerpt":{"rendered":"<p>Ci-dessous un document sur les droits et obligations pour l&rsquo;utilisation du num\u00e9rique \u00e0 l&rsquo;\u00e9cole. Droit et Obligations Document \u00e9labor\u00e9 par M. Tristan SIMONOT, CPD TICE Acad\u00e9mie Nice &nbsp;<\/p>\n","protected":false},"author":20,"featured_media":0,"parent":0,"menu_order":0,"comment_status":"closed","ping_status":"closed","template":"","meta":{"footnotes":""},"class_list":["post-743","page","type-page","status-publish","hentry"],"_links":{"self":[{"href":"https:\/\/ecole.ac-nice.fr\/nice2\/index.php?rest_route=\/wp\/v2\/pages\/743","targetHints":{"allow":["GET"]}}],"collection":[{"href":"https:\/\/ecole.ac-nice.fr\/nice2\/index.php?rest_route=\/wp\/v2\/pages"}],"about":[{"href":"https:\/\/ecole.ac-nice.fr\/nice2\/index.php?rest_route=\/wp\/v2\/types\/page"}],"author":[{"embeddable":true,"href":"https:\/\/ecole.ac-nice.fr\/nice2\/index.php?rest_route=\/wp\/v2\/users\/20"}],"replies":[{"embeddable":true,"href":"https:\/\/ecole.ac-nice.fr\/nice2\/index.php?rest_route=%2Fwp%2Fv2%2Fcomments&post=743"}],"version-history":[{"count":3,"href":"https:\/\/ecole.ac-nice.fr\/nice2\/index.php?rest_route=\/wp\/v2\/pages\/743\/revisions"}],"predecessor-version":[{"id":748,"href":"https:\/\/ecole.ac-nice.fr\/nice2\/index.php?rest_route=\/wp\/v2\/pages\/743\/revisions\/748"}],"wp:attachment":[{"href":"https:\/\/ecole.ac-nice.fr\/nice2\/index.php?rest_route=%2Fwp%2Fv2%2Fmedia&parent=743"}],"curies":[{"name":"wp","href":"https:\/\/api.w.org\/{rel}","templated":true}]}}