{"id":595,"date":"2017-11-14T14:26:56","date_gmt":"2017-11-14T13:26:56","guid":{"rendered":"http:\/\/ecole.ac-nice.fr\/nice2\/?page_id=595"},"modified":"2022-03-07T09:45:57","modified_gmt":"2022-03-07T08:45:57","slug":"595-2","status":"publish","type":"page","link":"https:\/\/ecole.ac-nice.fr\/nice2\/?page_id=595","title":{"rendered":"Les \u00e9coles"},"content":{"rendered":"<p>&nbsp;<\/p>\n<table style=\"background-color: #e3acc2; border-color: #39ed6f; width: 122.27354571031677%;\" width=\"560\">\n<tbody>\n<tr style=\"background-color: #c763db;\">\n<td style=\"text-align: center; width: 45.014798174499184%;\"><span style=\"font-size: 14pt;\"><strong>Nom de l&rsquo;\u00e9cole<\/strong><\/span><\/td>\n<td style=\"text-align: center; width: 14.4650515615434%;\"><span style=\"font-size: 14pt;\"><strong>N\u00b0 de t\u00e9l\u00e9phone<br \/>\n<\/strong><\/span><\/td>\n<td style=\"text-align: center; width: 60.557154634948404%;\"><span style=\"font-size: 14pt;\"><strong>Directrice\/Directeur<\/strong><\/span><\/td>\n<\/tr>\n<tr>\n<td style=\"text-align: center; width: 45.014798174499184%;\">ACACIAS Maternelle<\/td>\n<td style=\"text-align: center; width: 14.4650515615434%;\">04.92.07.91.75<\/td>\n<td style=\"text-align: center; width: 60.557154634948404%;\">M PINCHAUX Vincent<\/td>\n<\/tr>\n<tr>\n<td style=\"text-align: center; width: 45.014798174499184%;\">ACACIAS El\u00e9mentaire<\/td>\n<td style=\"text-align: center; width: 14.4650515615434%;\">04.92.07.91.71<\/td>\n<td style=\"text-align: center; width: 60.557154634948404%;\">M BARLOZZI Julien<\/td>\n<\/tr>\n<tr>\n<td style=\"text-align: center; width: 45.014798174499184%;\">Ar\u00e8nes de Cimiez El\u00e9mentaire<\/td>\n<td style=\"text-align: center; width: 14.4650515615434%;\">04.93.81.48.58<\/td>\n<td style=\"text-align: center; width: 60.557154634948404%;\">M CLOT Bernard<\/td>\n<\/tr>\n<tr>\n<td style=\"text-align: center; width: 45.014798174499184%;\">CIMIEZ Application\u00a0 Maternelle<\/td>\n<td style=\"text-align: center; width: 14.4650515615434%;\">04.93.53.56.30<\/td>\n<td style=\"text-align: center; width: 60.557154634948404%;\">Mme DORVEAUX Anne<\/td>\n<\/tr>\n<tr>\n<td style=\"text-align: center; width: 45.014798174499184%;\">CIMIEZ Essling\u00a0 \u00c9l\u00e9mentaire<\/td>\n<td style=\"text-align: center; width: 14.4650515615434%;\">04.92.00.79.70\/71<\/td>\n<td style=\"text-align: center; width: 60.557154634948404%;\">Mme SAIMI Leila<\/td>\n<\/tr>\n<tr>\n<td style=\"text-align: center; width: 45.014798174499184%;\">Lycette Darsonval Primaire<\/td>\n<td style=\"text-align: center; width: 14.4650515615434%;\">04.97.13.50.44<\/td>\n<td style=\"text-align: center; width: 60.557154634948404%;\">Mme RIVIERE\u00a0 Suzanne<\/td>\n<\/tr>\n<tr>\n<td style=\"text-align: center; width: 45.014798174499184%;\">RIMIEZ Sup. ST Michel \u00c9l\u00e9mentaire<\/td>\n<td style=\"text-align: center; width: 14.4650515615434%;\">04.93.81.09.53<\/td>\n<td style=\"text-align: center; width: 60.557154634948404%;\">Mme GNANI Carine<\/td>\n<\/tr>\n<tr>\n<td style=\"text-align: center; width: 45.014798174499184%;\">FALICON Jules Romains<\/td>\n<td style=\"text-align: center; width: 14.4650515615434%;\">04.93.51.78.48<\/td>\n<td style=\"text-align: center; width: 60.557154634948404%;\">Mme RABUEL Laurence<\/td>\n<\/tr>\n<tr>\n<td style=\"text-align: center; width: 45.014798174499184%;\">Saint Exup\u00e9ry Maternelle<\/td>\n<td style=\"text-align: center; width: 14.4650515615434%;\">04.92.00.32.31<\/td>\n<td style=\"text-align: center; width: 60.557154634948404%;\">M PEREZ Jos\u00e9<\/td>\n<\/tr>\n<tr>\n<td style=\"text-align: center; width: 45.014798174499184%;\">La GAIRAUTINE primaire<\/td>\n<td style=\"text-align: center; width: 14.4650515615434%;\">04.93.84.49.35<\/td>\n<td style=\"text-align: center; width: 60.557154634948404%;\">Mme\u00a0 NATALE Aksa<\/td>\n<\/tr>\n<tr>\n<td style=\"text-align: center; width: 45.014798174499184%;\">Saint Exup\u00e9ry \u00c9l\u00e9mentaire<\/td>\n<td style=\"text-align: center; width: 14.4650515615434%;\">04.92.00.32.30\/32<\/td>\n<td style=\"text-align: center; width: 60.557154634948404%;\">M CURINGA Robert<\/td>\n<\/tr>\n<tr>\n<td style=\"text-align: center; width: 45.014798174499184%;\">Ste THECLE primaire<\/td>\n<td style=\"text-align: center; width: 14.4650515615434%;\">04.93.79.99.39<\/td>\n<td style=\"text-align: center; width: 60.557154634948404%;\">Mme BOURNE H\u00e9l\u00e8ne<\/td>\n<\/tr>\n<tr>\n<td style=\"text-align: center; width: 45.014798174499184%;\">\u00a0BARRAYA primaire<\/td>\n<td style=\"text-align: center; width: 14.4650515615434%;\">04.93.91.60.58<\/td>\n<td style=\"text-align: center; width: 60.557154634948404%;\">Mme CORNARD Genevi\u00e8ve<\/td>\n<\/tr>\n<tr>\n<td style=\"text-align: center; width: 45.014798174499184%;\">BERRE LES ALPES primaire<\/td>\n<td style=\"text-align: center; width: 14.4650515615434%;\">04.93.91.86.03<\/td>\n<td style=\"text-align: center; width: 60.557154634948404%;\">M THEVENOT Thibaut<\/td>\n<\/tr>\n<tr>\n<td style=\"text-align: center; width: 45.014798174499184%;\">BLAUSASC \u00e9l\u00e9mentaire<\/td>\n<td style=\"text-align: center; width: 14.4650515615434%;\">04.97.20.24.05<\/td>\n<td style=\"text-align: center; width: 60.557154634948404%;\">Mme GUYOMARD Sol\u00e8ne<\/td>\n<\/tr>\n<tr>\n<td style=\"text-align: center; width: 45.014798174499184%;\">LA POINTE DE BLAUSASC maternelle<\/td>\n<td style=\"text-align: center; width: 14.4650515615434%;\">04.89.97.87.32<\/td>\n<td style=\"text-align: center; width: 60.557154634948404%;\">Mme PETULLA Sabrina<\/td>\n<\/tr>\n<tr>\n<td style=\"text-align: center; width: 45.014798174499184%;\">ANDRE MARIE PEILLE Primaire<\/td>\n<td style=\"text-align: center; width: 14.4650515615434%;\">04.93.91.92.13<\/td>\n<td style=\"text-align: center; width: 60.557154634948404%;\">MmeTARLIN Sandrine<\/td>\n<\/tr>\n<tr>\n<td style=\"text-align: center; width: 45.014798174499184%;\">GRAVE DE PEILLE primaire<\/td>\n<td style=\"text-align: center; width: 14.4650515615434%;\">04.93.91.99.72<\/td>\n<td style=\"text-align: center; width: 60.557154634948404%;\">Mme CARAGLIO Luce<\/td>\n<\/tr>\n<tr>\n<td style=\"text-align: center; width: 45.014798174499184%;\">BORGHEAS Peillon primaire<\/td>\n<td style=\"text-align: center; width: 14.4650515615434%;\">04.93.80.82.55<\/td>\n<td style=\"text-align: center; width: 60.557154634948404%;\">Mme MARTINEZ Pascale<\/td>\n<\/tr>\n<tr>\n<td style=\"text-align: center; width: 45.014798174499184%;\">St\u00a0 EXUPERY\u00a0 L&rsquo;ESCARENE PRIMAIRE<\/td>\n<td style=\"text-align: center; width: 14.4650515615434%;\">04.91.91.00.02<\/td>\n<td style=\"text-align: center; width: 60.557154634948404%;\">Mme GAMBINO Maud<\/td>\n<\/tr>\n<tr>\n<td style=\"text-align: center; width: 45.014798174499184%;\">ARIANE Cassin \u00c9l\u00e9mentaire<\/td>\n<td style=\"text-align: center; width: 14.4650515615434%;\">04.97.00.08.92<\/td>\n<td style=\"text-align: center; width: 60.557154634948404%;\">Mme GENTES Marie-H\u00e9l\u00e8ne<\/td>\n<\/tr>\n<tr>\n<td style=\"text-align: center; width: 45.014798174499184%;\">ARIANE Pagnol \u00c9l\u00e9mentaire<\/td>\n<td style=\"text-align: center; width: 14.4650515615434%;\">04.97.00.08.91<\/td>\n<td style=\"text-align: center; width: 60.557154634948404%;\">M BOSIO Pierre<\/td>\n<\/tr>\n<tr>\n<td style=\"text-align: center; width: 45.014798174499184%;\">ARIANE M\u00e9sanges Maternelle<\/td>\n<td style=\"text-align: center; width: 14.4650515615434%;\">04.93.27.07.18<\/td>\n<td style=\"text-align: center; width: 60.557154634948404%;\">M \u00a0STAFFE Patricia<\/td>\n<\/tr>\n<tr>\n<td style=\"text-align: center; width: 45.014798174499184%;\">ARIANE Manoir Maternelle<\/td>\n<td style=\"text-align: center; width: 14.4650515615434%;\">04.97.00.05.23<\/td>\n<td style=\"text-align: center; width: 60.557154634948404%;\">Mme REYNAUD Florence<\/td>\n<\/tr>\n<tr>\n<td style=\"text-align: center; width: 45.014798174499184%;\">ARIANE Val d&rsquo;Ariane Maternelle<\/td>\n<td style=\"text-align: center; width: 14.4650515615434%;\">04.97.00.05.20\/21<\/td>\n<td style=\"text-align: center; width: 60.557154634948404%;\">Mme JALAIN Marion<\/td>\n<\/tr>\n<tr>\n<td style=\"text-align: center; width: 45.014798174499184%;\">ARIANE Piaget \u00c9l\u00e9mentaire<\/td>\n<td style=\"text-align: center; width: 14.4650515615434%;\">04.93.54.95.64<\/td>\n<td style=\"text-align: center; width: 60.557154634948404%;\">Mme ANGELI SECONDINO Christine<\/td>\n<\/tr>\n<tr>\n<td style=\"text-align: center; width: 45.014798174499184%;\">ARIANE Pr\u00e9vert \u00c9l\u00e9mentaire<\/td>\n<td style=\"text-align: center; width: 14.4650515615434%;\">04.92.00.75.40<\/td>\n<td style=\"text-align: center; width: 60.557154634948404%;\">M DURIF R\u00e9gis<\/td>\n<\/tr>\n<tr>\n<td style=\"text-align: center; width: 45.014798174499184%;\">ARIANE Lauriers Roses Maternelle<\/td>\n<td style=\"text-align: center; width: 14.4650515615434%;\">04.93.54.36.61<\/td>\n<td style=\"text-align: center; width: 60.557154634948404%;\">M LE GALL Yannick<\/td>\n<\/tr>\n<tr>\n<td style=\"text-align: center; width: 45.014798174499184%;\">ARIANE M\u00fbriers Maternelle<\/td>\n<td style=\"text-align: center; width: 14.4650515615434%;\">04.93.54.61.92<\/td>\n<td style=\"text-align: center; width: 60.557154634948404%;\">M MEELLAART Jurriaan<\/td>\n<\/tr>\n<\/tbody>\n<\/table>\n<p><a href=\"http:\/\/ecole.ac-nice.fr\/nice2\/\">Retour \u00e0 l&rsquo;accueil<\/a><\/p>\n","protected":false},"excerpt":{"rendered":"<p>&nbsp; Nom de l&rsquo;\u00e9cole N\u00b0 de t\u00e9l\u00e9phone Directrice\/Directeur ACACIAS Maternelle 04.92.07.91.75 M PINCHAUX Vincent ACACIAS El\u00e9mentaire 04.92.07.91.71 M BARLOZZI Julien Ar\u00e8nes de Cimiez El\u00e9mentaire 04.93.81.48.58 M CLOT Bernard CIMIEZ Application\u00a0 Maternelle 04.93.53.56.30 Mme DORVEAUX Anne CIMIEZ Essling\u00a0 \u00c9l\u00e9mentaire 04.92.00.79.70\/71 Mme SAIMI Leila Lycette Darsonval Primaire 04.97.13.50.44 Mme RIVIERE\u00a0 Suzanne RIMIEZ Sup. ST Michel \u00c9l\u00e9mentaire 04.93.81.09.53 &hellip; <a href=\"https:\/\/ecole.ac-nice.fr\/nice2\/?page_id=595\" class=\"more-link\">Continuer la lecture de <span class=\"screen-reader-text\">Les \u00e9coles<\/span>  <span class=\"meta-nav\">&rarr;<\/span><\/a><\/p>\n","protected":false},"author":2,"featured_media":0,"parent":0,"menu_order":0,"comment_status":"closed","ping_status":"closed","template":"","meta":{"footnotes":""},"class_list":["post-595","page","type-page","status-publish","hentry"],"_links":{"self":[{"href":"https:\/\/ecole.ac-nice.fr\/nice2\/index.php?rest_route=\/wp\/v2\/pages\/595","targetHints":{"allow":["GET"]}}],"collection":[{"href":"https:\/\/ecole.ac-nice.fr\/nice2\/index.php?rest_route=\/wp\/v2\/pages"}],"about":[{"href":"https:\/\/ecole.ac-nice.fr\/nice2\/index.php?rest_route=\/wp\/v2\/types\/page"}],"author":[{"embeddable":true,"href":"https:\/\/ecole.ac-nice.fr\/nice2\/index.php?rest_route=\/wp\/v2\/users\/2"}],"replies":[{"embeddable":true,"href":"https:\/\/ecole.ac-nice.fr\/nice2\/index.php?rest_route=%2Fwp%2Fv2%2Fcomments&post=595"}],"version-history":[{"count":27,"href":"https:\/\/ecole.ac-nice.fr\/nice2\/index.php?rest_route=\/wp\/v2\/pages\/595\/revisions"}],"predecessor-version":[{"id":1604,"href":"https:\/\/ecole.ac-nice.fr\/nice2\/index.php?rest_route=\/wp\/v2\/pages\/595\/revisions\/1604"}],"wp:attachment":[{"href":"https:\/\/ecole.ac-nice.fr\/nice2\/index.php?rest_route=%2Fwp%2Fv2%2Fmedia&parent=595"}],"curies":[{"name":"wp","href":"https:\/\/api.w.org\/{rel}","templated":true}]}}