{"id":80,"date":"2018-11-25T11:32:47","date_gmt":"2018-11-25T10:32:47","guid":{"rendered":"http:\/\/ecole.ac-nice.fr\/nice2\/test\/?page_id=80"},"modified":"2019-02-10T16:54:44","modified_gmt":"2019-02-10T15:54:44","slug":"les-classes","status":"publish","type":"page","link":"https:\/\/ecole.ac-nice.fr\/nice2\/arianepiagetelem\/les-classes\/","title":{"rendered":"PROJETS ENVIRONNEMENT"},"content":{"rendered":"<ul>\n<li><strong>La recyclerie pour les CE1<\/strong><\/li>\n<\/ul>\n<p><strong><a href=\"https:\/\/ecole.ac-nice.fr\/nice2\/arianepiagetelem\/wp-content\/uploads\/sites\/55\/2019\/02\/projet-partenariat-e\u0301cole-recyclerie.pdf\">projet partenariat e\u0301cole recyclerie<\/a><\/strong><\/p>\n<ul>\n<li><strong>Le jardin p\u00e9dagogique<\/strong> li\u00e9 aux Troph\u00e9es de l&rsquo;environnement 2017\/2018 pour les CE1 et les CE2.<\/li>\n<li><\/li>\n<li><img loading=\"lazy\" decoding=\"async\" class=\"alignright wp-image-232 size-medium\" src=\"https:\/\/ecole.ac-nice.fr\/nice2\/arianepiagetelem\/wp-content\/uploads\/sites\/55\/2019\/02\/thumb_IMG_2207_1024-300x225.jpg\" alt=\"\" width=\"300\" height=\"225\" srcset=\"https:\/\/ecole.ac-nice.fr\/nice2\/arianepiagetelem\/wp-content\/uploads\/sites\/55\/2019\/02\/thumb_IMG_2207_1024-300x225.jpg 300w, https:\/\/ecole.ac-nice.fr\/nice2\/arianepiagetelem\/wp-content\/uploads\/sites\/55\/2019\/02\/thumb_IMG_2207_1024-768x576.jpg 768w, https:\/\/ecole.ac-nice.fr\/nice2\/arianepiagetelem\/wp-content\/uploads\/sites\/55\/2019\/02\/thumb_IMG_2207_1024.jpg 1024w\" sizes=\"auto, (max-width: 300px) 100vw, 300px\" \/><\/li>\n<li><strong>La peinture<\/strong> des bancs de la cour de l&rsquo;\u00e9cole par le\u00a0 \u00a0CE2A, le dispositif ULIS et l&rsquo;artiste MOUSTACHE BLEUE<\/li>\n<\/ul>\n<p>&nbsp;<\/p>\n<ul>\n<li><strong>Les classes transplant\u00e9es<\/strong> \u00e0 la Colmiane pour les CP1 et les CP5 en mai 2019<\/li>\n<\/ul>\n","protected":false},"excerpt":{"rendered":"<p>La recyclerie pour les CE1 projet partenariat e\u0301cole recyclerie Le jardin p\u00e9dagogique li\u00e9 aux Troph\u00e9es de l&rsquo;environnement 2017\/2018 pour les CE1 et les CE2. La peinture des bancs de la cour de l&rsquo;\u00e9cole par le\u00a0 \u00a0CE2A, le dispositif ULIS et l&rsquo;artiste MOUSTACHE BLEUE &nbsp; Les classes transplant\u00e9es \u00e0 la Colmiane pour les CP1 et les &hellip; <a href=\"https:\/\/ecole.ac-nice.fr\/nice2\/arianepiagetelem\/les-classes\/\" class=\"more-link\">Continuer la lecture de <span class=\"screen-reader-text\">PROJETS ENVIRONNEMENT<\/span>  <span class=\"meta-nav\">&rarr;<\/span><\/a><\/p>\n","protected":false},"author":20,"featured_media":0,"parent":0,"menu_order":0,"comment_status":"closed","ping_status":"closed","template":"","meta":{"footnotes":""},"class_list":["post-80","page","type-page","status-publish","hentry"],"_links":{"self":[{"href":"https:\/\/ecole.ac-nice.fr\/nice2\/arianepiagetelem\/wp-json\/wp\/v2\/pages\/80","targetHints":{"allow":["GET"]}}],"collection":[{"href":"https:\/\/ecole.ac-nice.fr\/nice2\/arianepiagetelem\/wp-json\/wp\/v2\/pages"}],"about":[{"href":"https:\/\/ecole.ac-nice.fr\/nice2\/arianepiagetelem\/wp-json\/wp\/v2\/types\/page"}],"author":[{"embeddable":true,"href":"https:\/\/ecole.ac-nice.fr\/nice2\/arianepiagetelem\/wp-json\/wp\/v2\/users\/20"}],"replies":[{"embeddable":true,"href":"https:\/\/ecole.ac-nice.fr\/nice2\/arianepiagetelem\/wp-json\/wp\/v2\/comments?post=80"}],"version-history":[{"count":6,"href":"https:\/\/ecole.ac-nice.fr\/nice2\/arianepiagetelem\/wp-json\/wp\/v2\/pages\/80\/revisions"}],"predecessor-version":[{"id":242,"href":"https:\/\/ecole.ac-nice.fr\/nice2\/arianepiagetelem\/wp-json\/wp\/v2\/pages\/80\/revisions\/242"}],"wp:attachment":[{"href":"https:\/\/ecole.ac-nice.fr\/nice2\/arianepiagetelem\/wp-json\/wp\/v2\/media?parent=80"}],"curies":[{"name":"wp","href":"https:\/\/api.w.org\/{rel}","templated":true}]}}

<ul>
<li><strong>La recyclerie pour les CE1</strong></li>
</ul>
<p><strong><a href="https://ecole.ac-nice.fr/nice2/arianepiagetelem/wp-content/uploads/sites/55/2019/02/projet-partenariat-école-recyclerie.pdf">projet partenariat école recyclerie</a></strong></p>
<ul>
<li><strong>Le jardin pédagogique</strong> lié aux Trophées de l&rsquo;environnement 2017/2018 pour les CE1 et les CE2.</li>
<li></li>
<li><img loading="lazy" decoding="async" class="alignright wp-image-232 size-medium" src="https://ecole.ac-nice.fr/nice2/arianepiagetelem/wp-content/uploads/sites/55/2019/02/thumb_IMG_2207_1024-300x225.jpg" alt="" width="300" height="225" srcset="https://ecole.ac-nice.fr/nice2/arianepiagetelem/wp-content/uploads/sites/55/2019/02/thumb_IMG_2207_1024-300x225.jpg 300w, https://ecole.ac-nice.fr/nice2/arianepiagetelem/wp-content/uploads/sites/55/2019/02/thumb_IMG_2207_1024-768x576.jpg 768w, https://ecole.ac-nice.fr/nice2/arianepiagetelem/wp-content/uploads/sites/55/2019/02/thumb_IMG_2207_1024.jpg 1024w" sizes="auto, (max-width: 300px) 100vw, 300px" /></li>
<li><strong>La peinture</strong> des bancs de la cour de l&rsquo;école par le   CE2A, le dispositif ULIS et l&rsquo;artiste MOUSTACHE BLEUE</li>
</ul>
<p>&nbsp;</p>
<ul>
<li><strong>Les classes transplantées</strong> à la Colmiane pour les CP1 et les CP5 en mai 2019</li>
</ul>

<p>La recyclerie pour les CE1 projet partenariat école recyclerie Le jardin pédagogique lié aux Trophées de l&rsquo;environnement 2017/2018 pour les CE1 et les CE2. La peinture des bancs de la cour de l&rsquo;école par le   CE2A, le dispositif ULIS et l&rsquo;artiste MOUSTACHE BLEUE &nbsp; Les classes transplantées à la Colmiane pour les CP1 et les &hellip; <a href="https://ecole.ac-nice.fr/nice2/arianepiagetelem/les-classes/" class="more-link">Continuer la lecture de <span class="screen-reader-text">PROJETS ENVIRONNEMENT</span>  <span class="meta-nav">&rarr;</span></a></p>
