{"id":496,"date":"2019-02-13T09:17:26","date_gmt":"2019-02-13T08:17:26","guid":{"rendered":"http:\/\/ecole.ac-nice.fr\/nice2\/arianepiagetelem\/?page_id=496"},"modified":"2019-02-13T09:17:26","modified_gmt":"2019-02-13T08:17:26","slug":"le-quartier-de-lariane","status":"publish","type":"page","link":"https:\/\/ecole.ac-nice.fr\/nice2\/arianepiagetelem\/le-quartier-de-lariane\/","title":{"rendered":"Le quartier de l&rsquo;Ariane"},"content":{"rendered":"<p><strong>Le quartier de l\u2019Ariane<\/strong> situ\u00e9 \u00e0 l\u2019extr\u00e9mit\u00e9 nord-est de la ville de Nice dans sa g\u00e9ographie int\u00e8gre un \u00e9changeur routier, un noeud de voies urbaines une usine d\u2019incin\u00e9ration qui accentuent sa <u>situation de quartier de rel\u00e9gation urbaine<\/u>. C&rsquo;est un quartier en pleine expansion.<\/p>\n","protected":false},"excerpt":{"rendered":"<p>Le quartier de l\u2019Ariane situ\u00e9 \u00e0 l\u2019extr\u00e9mit\u00e9 nord-est de la ville de Nice dans sa g\u00e9ographie int\u00e8gre un \u00e9changeur routier, un noeud de voies urbaines une usine d\u2019incin\u00e9ration qui accentuent sa situation de quartier de rel\u00e9gation urbaine. C&rsquo;est un quartier en pleine expansion.<\/p>\n","protected":false},"author":42,"featured_media":0,"parent":0,"menu_order":0,"comment_status":"closed","ping_status":"closed","template":"","meta":{"footnotes":""},"class_list":["post-496","page","type-page","status-publish","hentry"],"_links":{"self":[{"href":"https:\/\/ecole.ac-nice.fr\/nice2\/arianepiagetelem\/wp-json\/wp\/v2\/pages\/496","targetHints":{"allow":["GET"]}}],"collection":[{"href":"https:\/\/ecole.ac-nice.fr\/nice2\/arianepiagetelem\/wp-json\/wp\/v2\/pages"}],"about":[{"href":"https:\/\/ecole.ac-nice.fr\/nice2\/arianepiagetelem\/wp-json\/wp\/v2\/types\/page"}],"author":[{"embeddable":true,"href":"https:\/\/ecole.ac-nice.fr\/nice2\/arianepiagetelem\/wp-json\/wp\/v2\/users\/42"}],"replies":[{"embeddable":true,"href":"https:\/\/ecole.ac-nice.fr\/nice2\/arianepiagetelem\/wp-json\/wp\/v2\/comments?post=496"}],"version-history":[{"count":1,"href":"https:\/\/ecole.ac-nice.fr\/nice2\/arianepiagetelem\/wp-json\/wp\/v2\/pages\/496\/revisions"}],"predecessor-version":[{"id":499,"href":"https:\/\/ecole.ac-nice.fr\/nice2\/arianepiagetelem\/wp-json\/wp\/v2\/pages\/496\/revisions\/499"}],"wp:attachment":[{"href":"https:\/\/ecole.ac-nice.fr\/nice2\/arianepiagetelem\/wp-json\/wp\/v2\/media?parent=496"}],"curies":[{"name":"wp","href":"https:\/\/api.w.org\/{rel}","templated":true}]}}

<p><strong>Le quartier de l’Ariane</strong> situé à l’extrémité nord-est de la ville de Nice dans sa géographie intègre un échangeur routier, un noeud de voies urbaines une usine d’incinération qui accentuent sa <u>situation de quartier de relégation urbaine</u>. C&rsquo;est un quartier en pleine expansion.</p>

<p>Le quartier de l’Ariane situé à l’extrémité nord-est de la ville de Nice dans sa géographie intègre un échangeur routier, un noeud de voies urbaines une usine d’incinération qui accentuent sa situation de quartier de relégation urbaine. C&rsquo;est un quartier en pleine expansion.</p>
