{"id":243,"date":"2019-02-10T17:00:41","date_gmt":"2019-02-10T16:00:41","guid":{"rendered":"http:\/\/ecole.ac-nice.fr\/nice2\/arianepiagetelem\/?page_id=243"},"modified":"2019-02-10T17:00:41","modified_gmt":"2019-02-10T16:00:41","slug":"la-chorale-departementale","status":"publish","type":"page","link":"https:\/\/ecole.ac-nice.fr\/nice2\/arianepiagetelem\/la-chorale-departementale\/","title":{"rendered":"LA CHORALE DEPARTEMENTALE"},"content":{"rendered":"<p>Les classes de CE1, une classe de CE2 et 3 classes de CM se sont inscrites \u00e0 la chorale d\u00e9partementale qui figure dans notre parcours d&rsquo;\u00e9ducation artistique et culturelle. Les r\u00e9p\u00e9titions sont r\u00e9guli\u00e8res pour une repr\u00e9sentation au mois de mai \u00e0 Acropolis.<\/p>\n","protected":false},"excerpt":{"rendered":"<p>Les classes de CE1, une classe de CE2 et 3 classes de CM se sont inscrites \u00e0 la chorale d\u00e9partementale qui figure dans notre parcours d&rsquo;\u00e9ducation artistique et culturelle. Les r\u00e9p\u00e9titions sont r\u00e9guli\u00e8res pour une repr\u00e9sentation au mois de mai \u00e0 Acropolis.<\/p>\n","protected":false},"author":42,"featured_media":0,"parent":0,"menu_order":0,"comment_status":"closed","ping_status":"closed","template":"","meta":{"footnotes":""},"class_list":["post-243","page","type-page","status-publish","hentry"],"_links":{"self":[{"href":"https:\/\/ecole.ac-nice.fr\/nice2\/arianepiagetelem\/wp-json\/wp\/v2\/pages\/243","targetHints":{"allow":["GET"]}}],"collection":[{"href":"https:\/\/ecole.ac-nice.fr\/nice2\/arianepiagetelem\/wp-json\/wp\/v2\/pages"}],"about":[{"href":"https:\/\/ecole.ac-nice.fr\/nice2\/arianepiagetelem\/wp-json\/wp\/v2\/types\/page"}],"author":[{"embeddable":true,"href":"https:\/\/ecole.ac-nice.fr\/nice2\/arianepiagetelem\/wp-json\/wp\/v2\/users\/42"}],"replies":[{"embeddable":true,"href":"https:\/\/ecole.ac-nice.fr\/nice2\/arianepiagetelem\/wp-json\/wp\/v2\/comments?post=243"}],"version-history":[{"count":1,"href":"https:\/\/ecole.ac-nice.fr\/nice2\/arianepiagetelem\/wp-json\/wp\/v2\/pages\/243\/revisions"}],"predecessor-version":[{"id":246,"href":"https:\/\/ecole.ac-nice.fr\/nice2\/arianepiagetelem\/wp-json\/wp\/v2\/pages\/243\/revisions\/246"}],"wp:attachment":[{"href":"https:\/\/ecole.ac-nice.fr\/nice2\/arianepiagetelem\/wp-json\/wp\/v2\/media?parent=243"}],"curies":[{"name":"wp","href":"https:\/\/api.w.org\/{rel}","templated":true}]}}

<p>Les classes de CE1, une classe de CE2 et 3 classes de CM se sont inscrites à la chorale départementale qui figure dans notre parcours d&rsquo;éducation artistique et culturelle. Les répétitions sont régulières pour une représentation au mois de mai à Acropolis.</p>
