{"id":399,"date":"2017-03-26T01:57:54","date_gmt":"2017-03-26T00:57:54","guid":{"rendered":"http:\/\/ecole.ac-nice.fr\/nice1\/modele\/?page_id=399"},"modified":"2018-08-03T17:02:37","modified_gmt":"2018-08-03T15:02:37","slug":"le-quartier","status":"publish","type":"page","link":"https:\/\/ecole.ac-nice.fr\/nice1\/sourgentine\/le-quartier\/","title":{"rendered":"Le quartier"},"content":{"rendered":"<p>Nich\u00e9e \u00e0 proximit\u00e9 du bas du Mont-Boron et peu \u00a0\u00e9loign\u00e9e de la Gare Riquier, La Sourgentine allie calme, verdure et commodit\u00e9.<\/p>\n","protected":false},"excerpt":{"rendered":"<p>Nich\u00e9e \u00e0 proximit\u00e9 du bas du Mont-Boron et peu \u00a0\u00e9loign\u00e9e de la Gare Riquier, La Sourgentine allie calme, verdure et commodit\u00e9.<\/p>\n","protected":false},"author":29,"featured_media":0,"parent":0,"menu_order":0,"comment_status":"closed","ping_status":"closed","template":"","meta":{"footnotes":""},"class_list":["post-399","page","type-page","status-publish","hentry"],"_links":{"self":[{"href":"https:\/\/ecole.ac-nice.fr\/nice1\/sourgentine\/wp-json\/wp\/v2\/pages\/399","targetHints":{"allow":["GET"]}}],"collection":[{"href":"https:\/\/ecole.ac-nice.fr\/nice1\/sourgentine\/wp-json\/wp\/v2\/pages"}],"about":[{"href":"https:\/\/ecole.ac-nice.fr\/nice1\/sourgentine\/wp-json\/wp\/v2\/types\/page"}],"author":[{"embeddable":true,"href":"https:\/\/ecole.ac-nice.fr\/nice1\/sourgentine\/wp-json\/wp\/v2\/users\/29"}],"replies":[{"embeddable":true,"href":"https:\/\/ecole.ac-nice.fr\/nice1\/sourgentine\/wp-json\/wp\/v2\/comments?post=399"}],"version-history":[{"count":3,"href":"https:\/\/ecole.ac-nice.fr\/nice1\/sourgentine\/wp-json\/wp\/v2\/pages\/399\/revisions"}],"predecessor-version":[{"id":653,"href":"https:\/\/ecole.ac-nice.fr\/nice1\/sourgentine\/wp-json\/wp\/v2\/pages\/399\/revisions\/653"}],"wp:attachment":[{"href":"https:\/\/ecole.ac-nice.fr\/nice1\/sourgentine\/wp-json\/wp\/v2\/media?parent=399"}],"curies":[{"name":"wp","href":"https:\/\/api.w.org\/{rel}","templated":true}]}}