{"id":708,"date":"2019-11-14T14:23:52","date_gmt":"2019-11-14T13:23:52","guid":{"rendered":"http:\/\/ecole.ac-nice.fr\/nice1\/papon\/?page_id=708"},"modified":"2019-11-14T14:25:56","modified_gmt":"2019-11-14T13:25:56","slug":"horaires-de-la-garderie-et-de-letude","status":"publish","type":"page","link":"https:\/\/ecole.ac-nice.fr\/nice1\/papon\/horaires-de-la-garderie-et-de-letude\/","title":{"rendered":"Horaires de la garderie et de l&rsquo;\u00e9tude"},"content":{"rendered":"<p><span style=\"text-decoration: underline\">Garderie du matin en maternelle et \u00e9l\u00e9mentaire :<\/span><\/p>\n<p>Ouvertures de la porte : 7h30, 7h45, et 8h00<\/p>\n<p><span style=\"text-decoration: underline\">Garderie du soir en maternelle :<\/span><\/p>\n<p>Ouvertures de la porte : 17h00, 17h30 et 18h00<\/p>\n<p><span style=\"text-decoration: underline\">\u00c9tude du soir en \u00e9l\u00e9mentaire :<\/span><\/p>\n<p>Ouvertures de la porte : 17h30 et 18h00<\/p>\n<p><strong>Pour des raisons de s\u00e9curit\u00e9, les enfants ne pourront pas \u00eatre d\u00e9pos\u00e9s ou r\u00e9cup\u00e9r\u00e9s en dehors de ces horaires.<\/strong><\/p>\n","protected":false},"excerpt":{"rendered":"<p>Garderie du matin en maternelle et \u00e9l\u00e9mentaire : Ouvertures de la porte : 7h30, 7h45, et 8h00 Garderie du soir en maternelle : Ouvertures de la porte : 17h00, 17h30 et 18h00 \u00c9tude du soir en \u00e9l\u00e9mentaire : Ouvertures de la porte : 17h30 et 18h00 Pour des raisons de s\u00e9curit\u00e9, les enfants ne pourront &hellip; <a href=\"https:\/\/ecole.ac-nice.fr\/nice1\/papon\/horaires-de-la-garderie-et-de-letude\/\" class=\"more-link\">Continuer la lecture de <span class=\"screen-reader-text\">Horaires de la garderie et de l&rsquo;\u00e9tude<\/span> <span class=\"meta-nav\">&rarr;<\/span><\/a><\/p>\n","protected":false},"author":47,"featured_media":0,"parent":0,"menu_order":0,"comment_status":"closed","ping_status":"closed","template":"","meta":{"footnotes":""},"class_list":["post-708","page","type-page","status-publish","hentry"],"_links":{"self":[{"href":"https:\/\/ecole.ac-nice.fr\/nice1\/papon\/wp-json\/wp\/v2\/pages\/708","targetHints":{"allow":["GET"]}}],"collection":[{"href":"https:\/\/ecole.ac-nice.fr\/nice1\/papon\/wp-json\/wp\/v2\/pages"}],"about":[{"href":"https:\/\/ecole.ac-nice.fr\/nice1\/papon\/wp-json\/wp\/v2\/types\/page"}],"author":[{"embeddable":true,"href":"https:\/\/ecole.ac-nice.fr\/nice1\/papon\/wp-json\/wp\/v2\/users\/47"}],"replies":[{"embeddable":true,"href":"https:\/\/ecole.ac-nice.fr\/nice1\/papon\/wp-json\/wp\/v2\/comments?post=708"}],"version-history":[{"count":3,"href":"https:\/\/ecole.ac-nice.fr\/nice1\/papon\/wp-json\/wp\/v2\/pages\/708\/revisions"}],"predecessor-version":[{"id":712,"href":"https:\/\/ecole.ac-nice.fr\/nice1\/papon\/wp-json\/wp\/v2\/pages\/708\/revisions\/712"}],"wp:attachment":[{"href":"https:\/\/ecole.ac-nice.fr\/nice1\/papon\/wp-json\/wp\/v2\/media?parent=708"}],"curies":[{"name":"wp","href":"https:\/\/api.w.org\/{rel}","templated":true}]}}

Horaires de la garderie et de l&rsquo;étude

<p><span style="text-decoration: underline">Garderie du matin en maternelle et élémentaire :</span></p>
<p>Ouvertures de la porte : 7h30, 7h45, et 8h00</p>
<p><span style="text-decoration: underline">Garderie du soir en maternelle :</span></p>
<p>Ouvertures de la porte : 17h00, 17h30 et 18h00</p>
<p><span style="text-decoration: underline">Étude du soir en élémentaire :</span></p>
<p>Ouvertures de la porte : 17h30 et 18h00</p>
<p><strong>Pour des raisons de sécurité, les enfants ne pourront pas être déposés ou récupérés en dehors de ces horaires.</strong></p>

<p>Garderie du matin en maternelle et élémentaire : Ouvertures de la porte : 7h30, 7h45, et 8h00 Garderie du soir en maternelle : Ouvertures de la porte : 17h00, 17h30 et 18h00 Étude du soir en élémentaire : Ouvertures de la porte : 17h30 et 18h00 Pour des raisons de sécurité, les enfants ne pourront &hellip; <a href="https://ecole.ac-nice.fr/nice1/papon/horaires-de-la-garderie-et-de-letude/" class="more-link">Continuer la lecture de <span class="screen-reader-text">Horaires de la garderie et de l&rsquo;étude</span> <span class="meta-nav">&rarr;</span></a></p>
