{"id":1026,"date":"2022-01-07T14:04:10","date_gmt":"2022-01-07T13:04:10","guid":{"rendered":"https:\/\/ecole.ac-nice.fr\/nice1\/papon\/?page_id=1026"},"modified":"2022-01-07T15:35:36","modified_gmt":"2022-01-07T14:35:36","slug":"classe-image","status":"publish","type":"page","link":"https:\/\/ecole.ac-nice.fr\/nice1\/papon\/classe-image\/","title":{"rendered":"Classe image"},"content":{"rendered":"<p><a href=\"https:\/\/transfert2fichiers.nicecotedazur.org\/xp1dk1wcd\">Voici le dessin anim\u00e9 r\u00e9alis\u00e9 par la classe de CM1\/CM2 B<\/a><\/p>\n<p>&nbsp;<\/p>\n<p>&nbsp;<\/p>\n","protected":false},"excerpt":{"rendered":"<p>Voici le dessin anim\u00e9 r\u00e9alis\u00e9 par la classe de CM1\/CM2 B &nbsp; &nbsp;<\/p>\n","protected":false},"author":46,"featured_media":0,"parent":0,"menu_order":0,"comment_status":"closed","ping_status":"closed","template":"","meta":{"footnotes":""},"class_list":["post-1026","page","type-page","status-publish","hentry"],"_links":{"self":[{"href":"https:\/\/ecole.ac-nice.fr\/nice1\/papon\/wp-json\/wp\/v2\/pages\/1026","targetHints":{"allow":["GET"]}}],"collection":[{"href":"https:\/\/ecole.ac-nice.fr\/nice1\/papon\/wp-json\/wp\/v2\/pages"}],"about":[{"href":"https:\/\/ecole.ac-nice.fr\/nice1\/papon\/wp-json\/wp\/v2\/types\/page"}],"author":[{"embeddable":true,"href":"https:\/\/ecole.ac-nice.fr\/nice1\/papon\/wp-json\/wp\/v2\/users\/46"}],"replies":[{"embeddable":true,"href":"https:\/\/ecole.ac-nice.fr\/nice1\/papon\/wp-json\/wp\/v2\/comments?post=1026"}],"version-history":[{"count":2,"href":"https:\/\/ecole.ac-nice.fr\/nice1\/papon\/wp-json\/wp\/v2\/pages\/1026\/revisions"}],"predecessor-version":[{"id":1031,"href":"https:\/\/ecole.ac-nice.fr\/nice1\/papon\/wp-json\/wp\/v2\/pages\/1026\/revisions\/1031"}],"wp:attachment":[{"href":"https:\/\/ecole.ac-nice.fr\/nice1\/papon\/wp-json\/wp\/v2\/media?parent=1026"}],"curies":[{"name":"wp","href":"https:\/\/api.w.org\/{rel}","templated":true}]}}