{"id":397,"date":"2017-03-26T01:57:37","date_gmt":"2017-03-26T00:57:37","guid":{"rendered":"http:\/\/ecole.ac-nice.fr\/nice1\/modele\/?page_id=397"},"modified":"2020-11-06T23:27:59","modified_gmt":"2020-11-06T22:27:59","slug":"presentation","status":"publish","type":"page","link":"https:\/\/ecole.ac-nice.fr\/nice1\/monecole\/presentation\/","title":{"rendered":"Pr\u00e9sentation"},"content":{"rendered":"<p>Mon \u00e9cole est l&rsquo;\u00e9cole primaire publique du village de Saint Jean Cap Ferrat. Tr\u00e8s joli village baln\u00e9aire avec un port de plaisance et de p\u00eache de la C\u00f4te d&rsquo;Azur.<\/p>\n<p>Elle accueille 124 \u00e9l\u00e8ves de la petite section au cm2.<\/p>\n<p>&nbsp;<\/p>\n","protected":false},"excerpt":{"rendered":"<p>Mon \u00e9cole est l&rsquo;\u00e9cole primaire publique du village de Saint Jean Cap Ferrat. Tr\u00e8s joli village baln\u00e9aire avec un port de plaisance et de p\u00eache de la C\u00f4te d&rsquo;Azur. Elle accueille 124 \u00e9l\u00e8ves de la petite section au cm2. &nbsp;<\/p>\n","protected":false},"author":27,"featured_media":0,"parent":0,"menu_order":0,"comment_status":"closed","ping_status":"closed","template":"","meta":{"footnotes":""},"class_list":["post-397","page","type-page","status-publish","hentry"],"_links":{"self":[{"href":"https:\/\/ecole.ac-nice.fr\/nice1\/monecole\/wp-json\/wp\/v2\/pages\/397","targetHints":{"allow":["GET"]}}],"collection":[{"href":"https:\/\/ecole.ac-nice.fr\/nice1\/monecole\/wp-json\/wp\/v2\/pages"}],"about":[{"href":"https:\/\/ecole.ac-nice.fr\/nice1\/monecole\/wp-json\/wp\/v2\/types\/page"}],"author":[{"embeddable":true,"href":"https:\/\/ecole.ac-nice.fr\/nice1\/monecole\/wp-json\/wp\/v2\/users\/27"}],"replies":[{"embeddable":true,"href":"https:\/\/ecole.ac-nice.fr\/nice1\/monecole\/wp-json\/wp\/v2\/comments?post=397"}],"version-history":[{"count":4,"href":"https:\/\/ecole.ac-nice.fr\/nice1\/monecole\/wp-json\/wp\/v2\/pages\/397\/revisions"}],"predecessor-version":[{"id":620,"href":"https:\/\/ecole.ac-nice.fr\/nice1\/monecole\/wp-json\/wp\/v2\/pages\/397\/revisions\/620"}],"wp:attachment":[{"href":"https:\/\/ecole.ac-nice.fr\/nice1\/monecole\/wp-json\/wp\/v2\/media?parent=397"}],"curies":[{"name":"wp","href":"https:\/\/api.w.org\/{rel}","templated":true}]}}

Présentation

<p>Mon école est l&rsquo;école primaire publique du village de Saint Jean Cap Ferrat. Très joli village balnéaire avec un port de plaisance et de pêche de la Côte d&rsquo;Azur.</p>
<p>Elle accueille 124 élèves de la petite section au cm2.</p>
<p>&nbsp;</p>

<p>Mon école est l&rsquo;école primaire publique du village de Saint Jean Cap Ferrat. Très joli village balnéaire avec un port de plaisance et de pêche de la Côte d&rsquo;Azur. Elle accueille 124 élèves de la petite section au cm2. &nbsp;</p>
