{"id":669,"date":"2017-09-17T16:32:10","date_gmt":"2017-09-17T14:32:10","guid":{"rendered":"http:\/\/ecole.ac-nice.fr\/nice1\/marinoni\/?page_id=669"},"modified":"2020-07-27T11:30:58","modified_gmt":"2020-07-27T09:30:58","slug":"voile","status":"publish","type":"page","link":"https:\/\/ecole.ac-nice.fr\/nice1\/marinoni\/voile\/","title":{"rendered":"Voile"},"content":{"rendered":"<h1><strong>\u00a0 \u00a0 \u00a0VOILE\u00a0 \u00a0 \u00a0 <\/strong><\/h1>\n<h1><strong>\u00a0<\/strong><strong style=\"font-size: 16px\"><img loading=\"lazy\" decoding=\"async\" class=\"alignnone size-medium wp-image-779\" src=\"https:\/\/ecole.ac-nice.fr\/nice1\/marinoni\/wp-content\/uploads\/sites\/19\/2017\/09\/20170919_094908-1-300x169.jpg\" alt=\"\" width=\"300\" height=\"169\" srcset=\"https:\/\/ecole.ac-nice.fr\/nice1\/marinoni\/wp-content\/uploads\/sites\/19\/2017\/09\/20170919_094908-1-300x169.jpg 300w, https:\/\/ecole.ac-nice.fr\/nice1\/marinoni\/wp-content\/uploads\/sites\/19\/2017\/09\/20170919_094908-1-768x432.jpg 768w, https:\/\/ecole.ac-nice.fr\/nice1\/marinoni\/wp-content\/uploads\/sites\/19\/2017\/09\/20170919_094908-1-1024x576.jpg 1024w, https:\/\/ecole.ac-nice.fr\/nice1\/marinoni\/wp-content\/uploads\/sites\/19\/2017\/09\/20170919_094908-1-830x467.jpg 830w, https:\/\/ecole.ac-nice.fr\/nice1\/marinoni\/wp-content\/uploads\/sites\/19\/2017\/09\/20170919_094908-1-230x129.jpg 230w, https:\/\/ecole.ac-nice.fr\/nice1\/marinoni\/wp-content\/uploads\/sites\/19\/2017\/09\/20170919_094908-1-350x197.jpg 350w, https:\/\/ecole.ac-nice.fr\/nice1\/marinoni\/wp-content\/uploads\/sites\/19\/2017\/09\/20170919_094908-1-480x270.jpg 480w\" sizes=\"auto, (max-width: 300px) 100vw, 300px\" \/><\/strong><\/h1>\n<p>Cette ann\u00e9e les classes de cycle 3 vont pratiquer l&rsquo;activit\u00e9 Voile, avec leur enseignante et l&rsquo;\u00e9quipe du Yacht Club de Beaulieu.<\/p>\n<p>Afin de pouvoir passer le plus de temps sur l&rsquo;eau, votre enfant doit arriver habill\u00e9 \u00e0 l&rsquo;\u00e9cole en tenue de voile \u00e0 savoir : maillot, short, tee-shirt, chaussures pour aller dans l\u2019eau, casquette, lunettes de soleil. Merci de lui mettre de la cr\u00e8me solaire avant de le d\u00e9poser \u00e0 l\u2019\u00e9cole. Dans un sac \u00e0 dos, mettre un coupe-vent, une serviette, un change complet (tee-shirt, short, culotte\/cale\u00e7on, chaussettes) et un grand sac plastique afin de pouvoir ranger toutes les affaires mouill\u00e9es.<\/p>\n<p>Merci de votre compr\u00e9hension.<\/p>\n<h1><strong><img loading=\"lazy\" decoding=\"async\" class=\"alignnone size-medium wp-image-778\" src=\"https:\/\/ecole.ac-nice.fr\/nice1\/marinoni\/wp-content\/uploads\/sites\/19\/2017\/09\/20170919_095734-169x300.jpg\" alt=\"\" width=\"169\" height=\"300\" srcset=\"https:\/\/ecole.ac-nice.fr\/nice1\/marinoni\/wp-content\/uploads\/sites\/19\/2017\/09\/20170919_095734-169x300.jpg 169w, https:\/\/ecole.ac-nice.fr\/nice1\/marinoni\/wp-content\/uploads\/sites\/19\/2017\/09\/20170919_095734-768x1365.jpg 768w, https:\/\/ecole.ac-nice.fr\/nice1\/marinoni\/wp-content\/uploads\/sites\/19\/2017\/09\/20170919_095734-576x1024.jpg 576w, https:\/\/ecole.ac-nice.fr\/nice1\/marinoni\/wp-content\/uploads\/sites\/19\/2017\/09\/20170919_095734-830x1476.jpg 830w, https:\/\/ecole.ac-nice.fr\/nice1\/marinoni\/wp-content\/uploads\/sites\/19\/2017\/09\/20170919_095734-230x409.jpg 230w, https:\/\/ecole.ac-nice.fr\/nice1\/marinoni\/wp-content\/uploads\/sites\/19\/2017\/09\/20170919_095734-350x622.jpg 350w, https:\/\/ecole.ac-nice.fr\/nice1\/marinoni\/wp-content\/uploads\/sites\/19\/2017\/09\/20170919_095734-480x853.jpg 480w, https:\/\/ecole.ac-nice.fr\/nice1\/marinoni\/wp-content\/uploads\/sites\/19\/2017\/09\/20170919_095734.jpg 1836w\" sizes=\"auto, (max-width: 169px) 100vw, 169px\" \/><\/strong><\/h1>\n","protected":false},"excerpt":{"rendered":"<p>\u00a0 \u00a0 \u00a0VOILE\u00a0 \u00a0 \u00a0 \u00a0 Cette ann\u00e9e les classes de cycle 3 vont pratiquer l&rsquo;activit\u00e9 Voile, avec leur enseignante et l&rsquo;\u00e9quipe [&hellip;]<\/p>\n","protected":false},"author":26,"featured_media":0,"parent":0,"menu_order":0,"comment_status":"closed","ping_status":"closed","template":"","meta":{"footnotes":""},"class_list":["post-669","page","type-page","status-publish","hentry"],"_links":{"self":[{"href":"https:\/\/ecole.ac-nice.fr\/nice1\/marinoni\/wp-json\/wp\/v2\/pages\/669","targetHints":{"allow":["GET"]}}],"collection":[{"href":"https:\/\/ecole.ac-nice.fr\/nice1\/marinoni\/wp-json\/wp\/v2\/pages"}],"about":[{"href":"https:\/\/ecole.ac-nice.fr\/nice1\/marinoni\/wp-json\/wp\/v2\/types\/page"}],"author":[{"embeddable":true,"href":"https:\/\/ecole.ac-nice.fr\/nice1\/marinoni\/wp-json\/wp\/v2\/users\/26"}],"replies":[{"embeddable":true,"href":"https:\/\/ecole.ac-nice.fr\/nice1\/marinoni\/wp-json\/wp\/v2\/comments?post=669"}],"version-history":[{"count":14,"href":"https:\/\/ecole.ac-nice.fr\/nice1\/marinoni\/wp-json\/wp\/v2\/pages\/669\/revisions"}],"predecessor-version":[{"id":989,"href":"https:\/\/ecole.ac-nice.fr\/nice1\/marinoni\/wp-json\/wp\/v2\/pages\/669\/revisions\/989"}],"wp:attachment":[{"href":"https:\/\/ecole.ac-nice.fr\/nice1\/marinoni\/wp-json\/wp\/v2\/media?parent=669"}],"curies":[{"name":"wp","href":"https:\/\/api.w.org\/{rel}","templated":true}]}}