{"id":405,"date":"2017-03-26T01:58:54","date_gmt":"2017-03-26T00:58:54","guid":{"rendered":"http:\/\/ecole.ac-nice.fr\/nice1\/modele\/?page_id=405"},"modified":"2021-11-06T15:04:08","modified_gmt":"2021-11-06T14:04:08","slug":"reglement","status":"publish","type":"page","link":"https:\/\/ecole.ac-nice.fr\/nice1\/magnolias\/reglement\/","title":{"rendered":"R\u00e8glement"},"content":{"rendered":"<p class=\"western\"><span style=\"font-family: Arial, sans-serif\"><b><span style=\"font-size: small\">R\u00e8glement int\u00e9rieur de l\u2019\u00e9cole maternelle Les Magnolias,<\/span><\/b><\/span><\/p>\n<p class=\"western\"><span style=\"font-family: Arial, sans-serif\"><span style=\"font-size: small\"><b>Villefranche sur Mer Ann\u00e9e scolaire 2021-2022<\/b><\/span><\/span><\/p>\n<p class=\"western\"><span style=\"font-family: Arial, sans-serif\"><span style=\"font-size: small\"><b><span style=\"font-family: Calibri, sans-serif\"><i>Le r\u00e8glement int\u00e9rieur de l&rsquo;\u00e9cole, sur la base du r\u00e8glement d\u00e9partemental, qui lui-m\u00eame s\u2019inscrit pleinement dans le code de l\u2019\u00e9ducation, pr\u00e9cise les conditions dans lesquelles est assur\u00e9 le respect des droits et des obligations de chacun des membres de la communaut\u00e9 \u00e9ducative (<\/i><\/span><span style=\"color: #17417e\"><span style=\"font-family: Calibri, sans-serif\"><i>article L. 401-2 du code de l&rsquo;\u00e9ducation<\/i><\/span><\/span><span style=\"font-family: Calibri, sans-serif\"><i>). <\/i><\/span><\/b><\/span><\/span><\/p>\n<p class=\"western\" align=\"justify\"><span style=\"font-size: small\"><span style=\"font-family: Calibri, sans-serif\"><i>Il comporte les modalit\u00e9s de transmission des valeurs et des principes de la R\u00e9publique (<\/i><\/span><span style=\"color: #17417e\"><span style=\"font-family: Calibri, sans-serif\"><i>article L. 111-1-1 <\/i><\/span><\/span><span style=\"font-family: Calibri, sans-serif\"><i>du code de l&rsquo;\u00e9ducation), respecte la <\/i><\/span><span style=\"color: #17417e\"><span style=\"font-family: Calibri, sans-serif\"><i>convention internationale des droits de l&rsquo;enfant du 20 novembre 1989 <\/i><\/span><\/span><span style=\"font-family: Calibri, sans-serif\"><i>et la <\/i><\/span><span style=\"color: #17417e\"><span style=\"font-family: Calibri, sans-serif\"><i>d\u00e9claration des Droits de l&rsquo;Homme et du Citoyen de 1789<\/i><\/span><\/span><span style=\"font-family: Calibri, sans-serif\"><i>. <\/i><\/span><span style=\"color: #000000\"><span style=\"font-family: Calibri, sans-serif\"><i><b>La Charte de la la\u00efcit\u00e9 \u00e0 l&rsquo;\u00c9cole (<\/b><\/i><\/span><\/span><span style=\"color: #17417e\"><span style=\"font-family: Calibri, sans-serif\"><i><b>circulaire n\u00b0 2013-144 du 6 septembre 2013<\/b><\/i><\/span><\/span><span style=\"color: #000000\"><span style=\"font-family: Calibri, sans-serif\"><i><b>) <\/b><\/i><\/span><\/span><span style=\"color: #000000\"><span style=\"font-family: Calibri, sans-serif\"><i><b>a \u00e9t\u00e9 jointe \u00e0 la note de rentr\u00e9e<\/b><\/i><\/span><\/span><i><b> <\/b><\/i><span style=\"color: #000000\"><span style=\"font-family: Calibri, sans-serif\"><i><b>du d\u00e9but d\u2019ann\u00e9e. <\/b><\/i><\/span><\/span><span style=\"color: #000000\"><span style=\"font-family: Calibri, sans-serif\"><i><b>L\u2019\u00e9cole maternelle Les Magnolias est une \u00e9cole publique, la\u00efque et obligatoire.<\/b><\/i><\/span><\/span><\/span><\/p>\n<p class=\"western\"><span style=\"font-family: Arial, sans-serif\"><span style=\"font-size: small\"><u>Admission et fr\u00e9quentation \u00e0 l\u2019\u00e9cole maternelle\u00a0<\/u><\/span><\/span><\/p>\n<p class=\"western\"><span style=\"font-family: Arial, sans-serif\"><span style=\"font-size: small\">L\u2019Ecole Maternelle est obligatoire pour tous les enfants \u00e0 partir de trois ans. L\u2019inscription \u00e0 l\u2019\u00e9cole maternelle implique l\u2019engagement, pour l\u2019\u00e9l\u00e8ve inscrit et la famille, d\u2019une fr\u00e9quentation r\u00e9guli\u00e8re et assidue chaque jour de classe: l\u2019\u00e9cole est un lieu d\u2019apprentissages. L\u2019enfant d\u00e9veloppe sa personnalit\u00e9 et se pr\u00e9pare \u00e0 devenir \u00e9l\u00e8ve. Les apprentissages se font sur 8 demi-journ\u00e9es.<\/span><\/span><\/p>\n<p class=\"western\"><span style=\"font-family: Arial, sans-serif\"><span style=\"font-size: small\">A d\u00e9faut d\u2019une fr\u00e9quentation r\u00e9guli\u00e8re, et apr\u00e8s 4 demi-journ\u00e9es d\u2019absence non justifi\u00e9es dans le mois, la directrice r\u00e9unira l\u2019\u00e9quipe \u00e9ducative pour trouver une r\u00e9ponse adapt\u00e9e \u00e0 la situation pour le bien \u00eatre de l\u2019enfant. L\u2019Inspecteur d\u2019Acad\u00e9mie sera \u00e9galement saisi.<\/span><\/span><\/p>\n<p class=\"western\"><span style=\"font-family: Arial, sans-serif\"><span style=\"font-size: small\">Les absences doivent \u00eatre justifi\u00e9es par \u00e9crit: certificat m\u00e9dical, courriel ou lettre des parents. <\/span><\/span><\/p>\n<p class=\"western\"><span style=\"font-family: Arial, sans-serif\"><span style=\"font-size: small\"><u>Horaires et accueil<\/u><\/span><\/span><\/p>\n<p class=\"western\"><span style=\"font-family: Arial, sans-serif\"><span style=\"font-size: small\">Les horaires de l\u2019\u00e9cole sont les suivants: entr\u00e9e des \u00e9l\u00e8ves de 8h05 \u00e0 8h15\u00a0; sortie \u00e0 11h45 le matin; entr\u00e9e des \u00e9l\u00e8ves de 13h20 \u00e0 13h30, sortie \u00e0 16h00 l\u2019apr\u00e8s midi. Les r\u00e9cr\u00e9ations ont lieu entre 10h et 10h30. <\/span><\/span><\/p>\n<p class=\"western\"><span style=\"font-family: Arial, sans-serif\"><span style=\"font-size: small\">Les enfants sont remis, par les parents ou les personnes qui les accompagnent, soit au service d\u2019accueil (un accueil p\u00e9riscolaire fonctionne le matin \u00e0 partir de 7h30 et le soir jusqu\u2019\u00e0 18h30), soit au personnel enseignant. Ils sont repris en fin de journ\u00e9e ou de demi- journ\u00e9e, par les parents, le responsable l\u00e9gal, ou par toute personne nomm\u00e9ment d\u00e9sign\u00e9e par eux et par \u00e9crit et pr\u00e9sent\u00e9e par eux au directeur ou \u00e0 l\u2019enseignant. Des sanctions seront prises en cas de n\u00e9gligences r\u00e9p\u00e9t\u00e9es et de non-respect des horaires fix\u00e9s par le r\u00e8glement int\u00e9rieur.<\/span><\/span><\/p>\n<p class=\"western\"><span style=\"font-family: Arial, sans-serif\"><span style=\"font-size: small\"><u>Dispositions g\u00e9n\u00e9rales<\/u><\/span><\/span><\/p>\n<p class=\"western\"><span style=\"font-family: Arial, sans-serif\"><span style=\"font-size: small\">Les \u00e9l\u00e8ves, comme leurs familles, doivent s\u2019interdire tout comportement, geste ou parole qui porterait atteinte \u00e0 la personne ou \u00e0 la fonction du ma\u00eetre ou de tout autre membre de l\u2019\u00e9quipe \u00e9ducative et au respect d\u00fb \u00e0 leurs camarades ou aux familles de ceux-ci.<\/span><\/span><\/p>\n<p class=\"western\"><span style=\"font-family: Arial, sans-serif\"><span style=\"font-size: small\">L\u2019Ecole rappelle les principes d\u2019un comportement citoyen au sein de l\u2019\u00e9cole: respect de soi et d\u2019autrui, responsabilit\u00e9 et solidarit\u00e9, respect des locaux et propret\u00e9.<\/span><\/span><\/p>\n<p class=\"western\"><span style=\"font-family: Arial, sans-serif\"><span style=\"font-size: small\">Il est du devoir de chacun de contribuer \u00e0 la pr\u00e9servation de ces valeurs fondamentales dont l\u2019institution scolaire est la garante. Aucune forme de violence ne peut \u00eatre tol\u00e9r\u00e9e: violence verbale ou physique, atteinte aux personnes et aux biens personnels ou collectifs.<\/span><\/span><\/p>\n<p class=\"western\"><span style=\"font-family: Arial, sans-serif\"><span style=\"font-size: small\">Le dialogue avec les familles est assur\u00e9 dans le respect des comp\u00e9tences et des responsabilit\u00e9s de chacun.<\/span><\/span><\/p>\n<p class=\"western\"><span style=\"font-family: Arial, sans-serif\"><span style=\"font-size: small\"><u>Hygi\u00e8ne et sant<\/u><u>\u00e9<\/u><\/span><\/span><\/p>\n<p class=\"western\"><span style=\"font-family: Arial, sans-serif\"><span style=\"font-size: small\">Les parents s\u2019efforceront d\u2019assurer \u00e0 leurs enfants une hygi\u00e8ne de vie permettant \u00e0 l\u2019\u00e9cole de remplir sa mission avec la meilleure efficacit\u00e9, notamment en r\u00e9pondant aux besoins physiologiques concernant le sommeil et l\u2019alimentation.<\/span><\/span><\/p>\n<p class=\"western\"><span style=\"font-size: small\"><span style=\"font-family: Arial, sans-serif\">Les parents porteront une attention particuli\u00e8re \u00e0 l\u2019hygi\u00e8ne g\u00e9n\u00e9rale, au lavage des mains, des ongles et des dents, et v\u00e9rifieront l\u2019absence de <\/span><span style=\"font-family: Arial, sans-serif\"><u>poux<\/u><\/span><span style=\"font-family: Arial, sans-serif\"> et autres parasites dans la chevelure de leurs enfants. Tout enfant porteur de poux devra \u00eatre trait\u00e9. Il est indispensable de pr\u00e9venir l\u2019enseignant de la classe. Les maladies \u00e0 \u00e9viction scolaire (gale, imp\u00e9tigo&#8230;) sont pr\u00e9cis\u00e9es sur une liste vis\u00e9e par le minist\u00e8re de la sant\u00e9. De m\u00eame, si un \u00e9l\u00e8ve est malade, les parents pr\u00e9viendront l\u2019\u00e9cole.<\/span><\/span><\/p>\n<p class=\"western\"><span style=\"font-family: Arial, sans-serif\"><span style=\"font-size: small\">Les enfants souffrant de maladie chronique feront l\u2019objet d\u2019un protocole d\u2019accueil individualis\u00e9 PAI, vis\u00e9 par le service de sant\u00e9 scolaire de l\u2019\u00e9ducation nationale et le maire pour le hors temps scolaire. En dehors de ces situations pr\u00e9cises, les enseignants ne sont pas habilit\u00e9s \u00e0 administrer des m\u00e9dicaments aux \u00e9l\u00e8ves.<\/span><\/span><\/p>\n<p class=\"western\" align=\"justify\"><span style=\"font-family: Arial, sans-serif\"><span style=\"font-size: small\">Le nettoyage et l&rsquo;a\u00e9ration des locaux sont quotidiens. Les sanitaires sont maintenus en parfait \u00e9tat de propret\u00e9 et r\u00e9guli\u00e8rement d\u00e9sinfect\u00e9s par la collectivit\u00e9 territoriale. Une vigilance doit \u00eatre exerc\u00e9e \u00e0 l&rsquo;\u00e9gard des sanitaires afin de s\u00e9curiser leur utilisation par les \u00e9l\u00e8ves. L&rsquo;interdiction absolue de fumer \u00e0 l&rsquo;int\u00e9rieur des locaux scolaires ainsi que dans les lieux non couverts pendant la dur\u00e9e de leur fr\u00e9quentation par les \u00e9l\u00e8ves, pr\u00e9vue \u00e0 l&rsquo;article D. 521-17 du code de l&rsquo;\u00e9ducation, est rappel\u00e9e. Si la situation sanitaire l\u2019exige, en cas de pand\u00e9mie notamment, le protocole sanitaire ad hoc sera rigoureusement mis en \u0153uvre. <\/span><\/span><\/p>\n<p class=\"western\"><span style=\"font-size: small\"><span style=\"font-family: Arial, sans-serif\"><u>Scolarisation des enfants en situation de handicap<\/u><\/span><span style=\"font-family: Arial, sans-serif\"> (loi de f\u00e9vrier 2005)<\/span><\/span><\/p>\n<p class=\"western\"><span style=\"font-family: Arial, sans-serif\"><span style=\"font-size: small\">La scolarisation des enfants en situation de handicap n\u00e9cessite la r\u00e9union de l\u2019\u00e9quipe \u00e9ducative (directrice, enseignant, parents, partenaires de soin, enseignant r\u00e9f\u00e9rent et psychologue scolaire) pour l\u2019\u00e9laboration du Parcours Personnalis\u00e9 de Scolarisation (PPS) en collaboration avec l\u2019enseignant r\u00e9f\u00e9rent du secteur, qui assure le lien avec la Maison D\u00e9partementale des Personnes Handicap\u00e9es. <\/span><\/span><\/p>\n<p class=\"western\"><span style=\"font-family: Arial, sans-serif\"><span style=\"font-size: small\"><u>Tenue des \u00e9l\u00e8ves<\/u><\/span><\/span><\/p>\n<p class=\"western\"><span style=\"font-family: Arial, sans-serif\"><span style=\"font-size: small\">Votre enfant pratique diff\u00e9rentes activit\u00e9s tout au long de la journ\u00e9e qui n\u00e9cessitent des v\u00eatements et des chaussures adapt\u00e9s\u00a0: ni tongs, ni mules. Le port du tablier est de rigueur.<\/span><\/span><\/p>\n<p class=\"western\"><span style=\"font-family: Arial, sans-serif\"><span style=\"font-size: small\">Votre enfant portera un tablier correspondant \u00e0 la couleur de sa section.<\/span><\/span><\/p>\n<p class=\"western\"><span style=\"font-family: Arial, sans-serif\"><span style=\"font-size: small\">Il est interdit d\u2019apporter \u00e0 l\u2019\u00e9cole tout objet dangereux tels que briquets, couteaux, ciseaux, m\u00e9dicaments de m\u00eame que les bijoux (colliers et boucles d\u2019oreille), les chewing-gum, les bonbons et les jouets.<\/span><\/span><\/p>\n<p class=\"western\"><span style=\"font-family: Arial, sans-serif\"><span style=\"font-size: small\">Le port de signes ou de tenues par lesquels les \u00e9l\u00e8ves manifestent ostensiblement une appartenance religieuse est interdit. Les parents pourront se reporter \u00e0 la Charte de la La\u00efcit\u00e9 affich\u00e9e dans les locaux scolaires et distribu\u00e9e aux familles en d\u00e9but d\u2019ann\u00e9e..<\/span><\/span><\/p>\n<p class=\"western\"><span style=\"font-family: Arial, sans-serif\"><span style=\"font-size: small\"><u>Assurance scolaire<\/u><\/span><\/span><\/p>\n<p class=\"western\"><span style=\"font-family: Arial, sans-serif\"><span style=\"font-size: small\">Elle est fortement conseill\u00e9e et elle est obligatoire pour toutes les activit\u00e9s d\u00e9passant le temps scolaire: cantine, accueil p\u00e9riscolaire, sorties avec pique-nique. V\u00e9rifiez les deux mentions: responsabilit\u00e9 civile et individuelle accident.<\/span><\/span><\/p>\n<p class=\"western\"><span style=\"font-family: Arial, sans-serif\"><span style=\"font-size: small\"><u>Activit\u00e9s p\u00e9dagogiques compl\u00e9mentaires<\/u><\/span><\/span><\/p>\n<p class=\"western\"><span style=\"font-family: Arial, sans-serif\"><span style=\"font-size: small\">Elles sont organis\u00e9es avec des groupes restreints d\u2019\u00e9l\u00e8ves\u00a0; le fonctionnement de ces activit\u00e9s est propos\u00e9 par le conseil des ma\u00eetres et valid\u00e9 par l\u2019Inspectrice D\u00e9partementale de Circonscription, et mis en place avec l\u2019accord \u00e9crit des parents.<\/span><\/span><\/p>\n<p class=\"western\"><span style=\"font-family: Arial, sans-serif\"><span style=\"font-size: small\"><u>Organisation du temps scolaire<\/u><\/span><\/span><\/p>\n<p class=\"western\"><span style=\"font-family: Arial, sans-serif\"><span style=\"font-size: small\">Les activit\u00e9s d\u2019enseignement se d\u00e9roulent sur 8 demi-journ\u00e9es et 4 journ\u00e9es.<\/span><\/span><\/p>\n<p class=\"western\"><span style=\"font-family: Arial, sans-serif\"><span style=\"font-size: small\">La semaine scolaire ne d\u00e9passe pas 24 heures.<\/span><\/span><\/p>\n<p class=\"western\"><span style=\"font-family: Arial, sans-serif\"><span style=\"font-size: small\">R\u00e8glement int\u00e9rieur adopt\u00e9 par le conseil d\u2019\u00e9cole le 22 octobre 2021<\/span><\/span><\/p>\n","protected":false},"excerpt":{"rendered":"<p>R\u00e8glement int\u00e9rieur de l\u2019\u00e9cole maternelle Les Magnolias, Villefranche sur Mer Ann\u00e9e scolaire 2021-2022 Le r\u00e8glement int\u00e9rieur de l&rsquo;\u00e9cole, sur la base du r\u00e8glement d\u00e9partemental, qui lui-m\u00eame s\u2019inscrit pleinement dans le code de l\u2019\u00e9ducation, pr\u00e9cise les conditions dans lesquelles est assur\u00e9 le respect des droits et des obligations de chacun des membres de la communaut\u00e9 \u00e9ducative &hellip; <a href=\"https:\/\/ecole.ac-nice.fr\/nice1\/magnolias\/reglement\/\" class=\"more-link\">Continuer la lecture de <span class=\"screen-reader-text\">R\u00e8glement<\/span> <span class=\"meta-nav\">&rarr;<\/span><\/a><\/p>\n","protected":false},"author":5,"featured_media":0,"parent":0,"menu_order":0,"comment_status":"closed","ping_status":"closed","template":"","meta":{"footnotes":""},"class_list":["post-405","page","type-page","status-publish","hentry"],"_links":{"self":[{"href":"https:\/\/ecole.ac-nice.fr\/nice1\/magnolias\/wp-json\/wp\/v2\/pages\/405","targetHints":{"allow":["GET"]}}],"collection":[{"href":"https:\/\/ecole.ac-nice.fr\/nice1\/magnolias\/wp-json\/wp\/v2\/pages"}],"about":[{"href":"https:\/\/ecole.ac-nice.fr\/nice1\/magnolias\/wp-json\/wp\/v2\/types\/page"}],"author":[{"embeddable":true,"href":"https:\/\/ecole.ac-nice.fr\/nice1\/magnolias\/wp-json\/wp\/v2\/users\/5"}],"replies":[{"embeddable":true,"href":"https:\/\/ecole.ac-nice.fr\/nice1\/magnolias\/wp-json\/wp\/v2\/comments?post=405"}],"version-history":[{"count":8,"href":"https:\/\/ecole.ac-nice.fr\/nice1\/magnolias\/wp-json\/wp\/v2\/pages\/405\/revisions"}],"predecessor-version":[{"id":2026,"href":"https:\/\/ecole.ac-nice.fr\/nice1\/magnolias\/wp-json\/wp\/v2\/pages\/405\/revisions\/2026"}],"wp:attachment":[{"href":"https:\/\/ecole.ac-nice.fr\/nice1\/magnolias\/wp-json\/wp\/v2\/media?parent=405"}],"curies":[{"name":"wp","href":"https:\/\/api.w.org\/{rel}","templated":true}]}}