{"id":293,"date":"2017-03-25T20:58:40","date_gmt":"2017-03-25T19:58:40","guid":{"rendered":"http:\/\/ecole.ac-nice.fr\/nice1\/modele\/?page_id=293"},"modified":"2017-06-19T22:17:22","modified_gmt":"2017-06-19T20:17:22","slug":"contact","status":"publish","type":"page","link":"https:\/\/ecole.ac-nice.fr\/nice1\/magnolias\/contact\/","title":{"rendered":"Contact"},"content":{"rendered":"<p><span style=\"color: #000080;\"><strong>Directrice :<\/strong><\/span> Mme Fran\u00e7oise Grandclaude<strong><br \/>\n<\/strong><\/p>\n<p><strong><span class=\"_xdb\" style=\"color: #ff0000;\">Adresse : <\/span><\/strong>2 rue des gal\u00e8res 06230 Villefranche-sur-Mer <a href=\"mailto: ecole.0060450G@ac-nice.fr\"><img loading=\"lazy\" decoding=\"async\" class=\"alignleft wp-image-487\" src=\"https:\/\/ecole.ac-nice.fr\/nice1\/peglion\/wp-content\/uploads\/sites\/4\/2017\/03\/envelope-34531_960_720-300x300.png\" alt=\"\" width=\"107\" height=\"107\" \/><\/a><\/p>\n<div class=\"_mr kno-fb-ctx\"><span style=\"color: #ff0000;\"><strong>Mail :<\/strong><\/span> <a href=\"mailto:ecole.0060767B@ac-nice.fr\">ecole.0060767B@ac-nice.fr<strong><br \/>\n<\/strong><\/a><\/div>\n<div class=\"mod\">\n<div class=\"_eFb\">\n<div class=\"_mr kno-fb-ctx\"><span class=\"_xdb\" style=\"color: #ff0000;\"><strong>T\u00e9l\u00e9phone :<\/strong> <\/span><span class=\"_Xbe _ZWk kno-fv\">04 93 55 65 04<br \/>\n<\/span><\/div>\n<div class=\"_mr kno-fb-ctx\"><\/div>\n<\/div>\n<\/div>\n<p><iframe loading=\"lazy\" style=\"border: 0;\" src=\"https:\/\/www.google.com\/maps\/embed?pb=!1m18!1m12!1m3!1d2884.5044809131423!2d7.305599215036214!3d43.70006407911971!2m3!1f0!2f0!3f0!3m2!1i1024!2i768!4f13.1!3m3!1m2!1s0x12cddad80ffd0aa3%3A0xc3d5d36b3ec9e9f!2s2+Rue+des+Gal%C3%A8res%2C+06230+Villefranche-sur-Mer!5e0!3m2!1sen!2sfr!4v1497901082813\" width=\"600\" height=\"450\" frameborder=\"0\" allowfullscreen=\"allowfullscreen\"><\/iframe><\/p>\n","protected":false},"excerpt":{"rendered":"<p>Directrice : Mme Fran\u00e7oise Grandclaude Adresse : 2 rue des gal\u00e8res 06230 Villefranche-sur-Mer Mail : ecole.0060767B@ac-nice.fr T\u00e9l\u00e9phone : 04 93 55 65 04<\/p>\n","protected":false},"author":5,"featured_media":0,"parent":0,"menu_order":0,"comment_status":"closed","ping_status":"closed","template":"","meta":{"footnotes":""},"class_list":["post-293","page","type-page","status-publish","hentry"],"_links":{"self":[{"href":"https:\/\/ecole.ac-nice.fr\/nice1\/magnolias\/wp-json\/wp\/v2\/pages\/293","targetHints":{"allow":["GET"]}}],"collection":[{"href":"https:\/\/ecole.ac-nice.fr\/nice1\/magnolias\/wp-json\/wp\/v2\/pages"}],"about":[{"href":"https:\/\/ecole.ac-nice.fr\/nice1\/magnolias\/wp-json\/wp\/v2\/types\/page"}],"author":[{"embeddable":true,"href":"https:\/\/ecole.ac-nice.fr\/nice1\/magnolias\/wp-json\/wp\/v2\/users\/5"}],"replies":[{"embeddable":true,"href":"https:\/\/ecole.ac-nice.fr\/nice1\/magnolias\/wp-json\/wp\/v2\/comments?post=293"}],"version-history":[{"count":5,"href":"https:\/\/ecole.ac-nice.fr\/nice1\/magnolias\/wp-json\/wp\/v2\/pages\/293\/revisions"}],"predecessor-version":[{"id":646,"href":"https:\/\/ecole.ac-nice.fr\/nice1\/magnolias\/wp-json\/wp\/v2\/pages\/293\/revisions\/646"}],"wp:attachment":[{"href":"https:\/\/ecole.ac-nice.fr\/nice1\/magnolias\/wp-json\/wp\/v2\/media?parent=293"}],"curies":[{"name":"wp","href":"https:\/\/api.w.org\/{rel}","templated":true}]}}