{"id":157,"date":"2017-05-07T09:30:13","date_gmt":"2017-05-07T07:30:13","guid":{"rendered":"http:\/\/ecole.ac-nice.fr\/nice1\/clone\/?page_id=157"},"modified":"2023-03-28T11:33:34","modified_gmt":"2023-03-28T09:33:34","slug":"contact-2","status":"publish","type":"page","link":"https:\/\/ecole.ac-nice.fr\/nice1\/gianton\/contact-2\/","title":{"rendered":"Contact"},"content":{"rendered":"<h5 style=\"text-align: center\"><span style=\"color: #000080\"><strong>Directrice :<\/strong><\/span> <strong>Mme Pons Pascale<\/strong><\/h5>\n<h5 style=\"text-align: left\"><strong><span class=\"_xdb\" style=\"color: #ff0000\">Adresse : <\/span><\/strong><span style=\"color: #000000\"><span class=\"_xdb\">585 boulevard Mar\u00e9chal Leclerc\u00a0 <\/span><strong><span class=\"_xdb\">06360 \u00c8ze<\/span><\/strong><\/span><a href=\"mailto:ecole.0060450G@ac-nice.fr\"><img loading=\"lazy\" decoding=\"async\" class=\"alignleft wp-image-487\" src=\"https:\/\/ecole.ac-nice.fr\/nice1\/peglion\/wp-content\/uploads\/sites\/4\/2017\/03\/envelope-34531_960_720-300x300.png\" alt=\"\" width=\"107\" height=\"107\" \/><\/a><\/h5>\n<h5 class=\"_mr kno-fb-ctx\" style=\"text-align: left\"><span style=\"color: #ff0000\"><strong>Mail\u00a0 direction :<\/strong><\/span> ecole.0060247L@ac-nice.fr<\/h5>\n<h5 style=\"text-align: left\">ou : njardin@ville-eze.fr<\/h5>\n<h5 style=\"text-align: left\">secr\u00e9tariat pour les absences et la cantine<\/h5>\n<h5 class=\"_mr kno-fb-ctx\" style=\"text-align: left\"><span class=\"_xdb\" style=\"color: #ff0000\"><strong>T\u00e9l\u00e9phones :<\/strong> <\/span><span class=\"_Xbe _ZWk kno-fv\">04 92 41 50 60 &#8211; 06 08 82 82 24<\/span><\/h5>\n<div class=\"mod\">\n<div class=\"_eFb\">\n<h4 class=\"_mr kno-fb-ctx\"><\/h4>\n<\/div>\n<\/div>\n","protected":false},"excerpt":{"rendered":"<p>Directrice : Mme Pons Pascale Adresse : 585 boulevard Mar\u00e9chal Leclerc\u00a0 06360 \u00c8ze Mail\u00a0 direction : ecole.0060247L@ac-nice.fr ou : njardin@ville-eze.fr secr\u00e9tariat pour les absences et la cantine T\u00e9l\u00e9phones : 04 92 41 50 60 &#8211; 06 08 82 82 24<\/p>\n","protected":false},"author":6,"featured_media":0,"parent":0,"menu_order":0,"comment_status":"closed","ping_status":"closed","template":"","meta":{"footnotes":""},"class_list":["post-157","page","type-page","status-publish","hentry"],"_links":{"self":[{"href":"https:\/\/ecole.ac-nice.fr\/nice1\/gianton\/wp-json\/wp\/v2\/pages\/157","targetHints":{"allow":["GET"]}}],"collection":[{"href":"https:\/\/ecole.ac-nice.fr\/nice1\/gianton\/wp-json\/wp\/v2\/pages"}],"about":[{"href":"https:\/\/ecole.ac-nice.fr\/nice1\/gianton\/wp-json\/wp\/v2\/types\/page"}],"author":[{"embeddable":true,"href":"https:\/\/ecole.ac-nice.fr\/nice1\/gianton\/wp-json\/wp\/v2\/users\/6"}],"replies":[{"embeddable":true,"href":"https:\/\/ecole.ac-nice.fr\/nice1\/gianton\/wp-json\/wp\/v2\/comments?post=157"}],"version-history":[{"count":13,"href":"https:\/\/ecole.ac-nice.fr\/nice1\/gianton\/wp-json\/wp\/v2\/pages\/157\/revisions"}],"predecessor-version":[{"id":2004,"href":"https:\/\/ecole.ac-nice.fr\/nice1\/gianton\/wp-json\/wp\/v2\/pages\/157\/revisions\/2004"}],"wp:attachment":[{"href":"https:\/\/ecole.ac-nice.fr\/nice1\/gianton\/wp-json\/wp\/v2\/media?parent=157"}],"curies":[{"name":"wp","href":"https:\/\/api.w.org\/{rel}","templated":true}]}}