{"id":1066,"date":"2019-04-08T13:37:35","date_gmt":"2019-04-08T11:37:35","guid":{"rendered":"http:\/\/ecole.ac-nice.fr\/nice1\/chateaugs\/?page_id=1066"},"modified":"2024-01-15T15:17:20","modified_gmt":"2024-01-15T14:17:20","slug":"projets-decole","status":"publish","type":"page","link":"https:\/\/ecole.ac-nice.fr\/nice1\/chateaugs\/projets-decole\/","title":{"rendered":"Projets d&rsquo;\u00e9cole"},"content":{"rendered":"<ul>\n<li><a href=\"http:\/\/ecole.ac-nice.fr\/nice1\/chateaugs\/wp-content\/uploads\/sites\/24\/2022\/10\/Projet_de_base.pdf\" target=\"_blank\" rel=\"noopener noreferrer\">Le projet d&rsquo;\u00e9cole de l&rsquo;\u00e9cole sp\u00e9cialis\u00e9e<\/a><\/li>\n<li><a href=\"http:\/\/ecole.ac-nice.fr\/nice1\/chateaugs\/wp-content\/uploads\/sites\/24\/2024\/01\/Ecole_chateau4.pdf\" target=\"_blank\" rel=\"noopener\">La plaquette de l&rsquo;\u00e9cole sp\u00e9cialis\u00e9e<\/a><\/li>\n<\/ul>\n","protected":false},"excerpt":{"rendered":"<p>Le projet d&rsquo;\u00e9cole de l&rsquo;\u00e9cole sp\u00e9cialis\u00e9e La plaquette de l&rsquo;\u00e9cole sp\u00e9cialis\u00e9e<\/p>\n","protected":false},"author":43,"featured_media":0,"parent":0,"menu_order":0,"comment_status":"closed","ping_status":"closed","template":"","meta":{"footnotes":""},"class_list":["post-1066","page","type-page","status-publish","hentry"],"_links":{"self":[{"href":"https:\/\/ecole.ac-nice.fr\/nice1\/chateaugs\/wp-json\/wp\/v2\/pages\/1066","targetHints":{"allow":["GET"]}}],"collection":[{"href":"https:\/\/ecole.ac-nice.fr\/nice1\/chateaugs\/wp-json\/wp\/v2\/pages"}],"about":[{"href":"https:\/\/ecole.ac-nice.fr\/nice1\/chateaugs\/wp-json\/wp\/v2\/types\/page"}],"author":[{"embeddable":true,"href":"https:\/\/ecole.ac-nice.fr\/nice1\/chateaugs\/wp-json\/wp\/v2\/users\/43"}],"replies":[{"embeddable":true,"href":"https:\/\/ecole.ac-nice.fr\/nice1\/chateaugs\/wp-json\/wp\/v2\/comments?post=1066"}],"version-history":[{"count":4,"href":"https:\/\/ecole.ac-nice.fr\/nice1\/chateaugs\/wp-json\/wp\/v2\/pages\/1066\/revisions"}],"predecessor-version":[{"id":3549,"href":"https:\/\/ecole.ac-nice.fr\/nice1\/chateaugs\/wp-json\/wp\/v2\/pages\/1066\/revisions\/3549"}],"wp:attachment":[{"href":"https:\/\/ecole.ac-nice.fr\/nice1\/chateaugs\/wp-json\/wp\/v2\/media?parent=1066"}],"curies":[{"name":"wp","href":"https:\/\/api.w.org\/{rel}","templated":true}]}}