{"id":114,"date":"2017-05-31T01:46:40","date_gmt":"2017-05-30T23:46:40","guid":{"rendered":"http:\/\/www.ac-nice.fr\/academie\/ringo\/\/ringo\/?page_id=114"},"modified":"2017-05-31T01:46:40","modified_gmt":"2017-05-30T23:46:40","slug":"mentions-legales-credits","status":"publish","type":"page","link":"https:\/\/ecole.ac-nice.fr\/hyeres\/mentions-legales-credits\/","title":{"rendered":"Mentions l\u00e9gales &#8211; cr\u00e9dits"},"content":{"rendered":"<div id=\"chapo\">\n<div id=\"widget__Description_widget\" class=\"ddescription\">\n<div class=\"ddefault\">Informations l\u00e9gales concernant le site de l&rsquo;\u00e9cole.<\/div>\n<\/div>\n<\/div>\n<div id=\"principal\">\n<div id=\"toc\">\n<ul>\n<li><a title=\"Directeur de publication - Responsable de la redaction\" href=\"http:\/\/www2.ac-nice.fr\/cid66074\/a-propos-du-site-mentions-legales-credits.html#Directeur_de_publication_-_Responsable_de_la_redaction\">Directeur de publication &#8211; Responsable de la r\u00e9daction<\/a><\/li>\n<li><a title=\"Cookies\" href=\"http:\/\/www2.ac-nice.fr\/cid66074\/a-propos-du-site-mentions-legales-credits.html#Cookies\">Cookies<\/a><\/li>\n<li><a title=\"Protection des donnees personnelles\" href=\"http:\/\/www2.ac-nice.fr\/cid66074\/a-propos-du-site-mentions-legales-credits.html#Protection_des_donnees_personnelles\">Protection des donn\u00e9es personnelles<\/a><\/li>\n<\/ul>\n<\/div>\n<h3><a title=\"Directeur de publication - Responsable de la r\u00e9daction\" name=\"Directeur_de_publication_-_Responsable_de_la_redaction\"><\/a>Directeur de publication &#8211; Responsable de la r\u00e9daction<\/h3>\n<p>M X,<\/p>\n<p><b><\/b>Directeur de l&rsquo;\u00e9cole YYYYYYYY<\/p>\n<p><b>Raison sociale et h\u00e9bergeur\u00a0:<\/b><\/p>\n<p>Rectorat de l&rsquo;acad\u00e9mie de Nice<br \/>\n53 avenue Cap de Croix<br \/>\n06181 Nice cedex 2<\/p>\n<p>T\u00e9l\u00e9phone 04 93 53 70 70<br \/>\nT\u00e9l\u00e9copie 04 93 53 70 83<\/p>\n<h3><a title=\"Cookies\" name=\"Cookies\"><\/a>Cookies<\/h3>\n<p>Lors de la consultation de notre site ac-nice.fr, des cookies sont d\u00e9pos\u00e9s sur votre ordinateur, votre mobile ou votre tablette.<\/p>\n<p>Les seuls cookies utilis\u00e9s par le site ac-nice.fr sont ceux destin\u00e9s \u00e0 la mesure d&rsquo;audience et ne collectent pas de donn\u00e9es personnelles. Les outils de mesures d&rsquo;audience sont d\u00e9ploy\u00e9s afin d&rsquo;obtenir des informations sur la\u00a0navigation des visiteurs. Ils permettent\u00a0notamment de comprendre comment les utilisateurs arrivent sur un site et de reconstituer leur parcours.<\/p>\n<p>Les donn\u00e9es g\u00e9n\u00e9r\u00e9es par les cookies sont transmises et stock\u00e9es par les prestataires de mesure d&rsquo;audience (Xiti et Google). Les donn\u00e9es g\u00e9n\u00e9r\u00e9es par Google sont h\u00e9berg\u00e9es sur des serveurs situ\u00e9s aux Etats-Unis. Google utilisera cette information dans le but d&rsquo;\u00e9valuer votre utilisation du site mais ne recoupera pas votre adresse IP avec toute autre donn\u00e9e d\u00e9tenue par Google. Les prestataires de mesure d&rsquo;audience sont susceptibles de communiquer ces donn\u00e9es \u00e0 des tiers en cas d&rsquo;obligation l\u00e9gale ou lorsque ces tiers traitent ces donn\u00e9es pour leur compte.<\/p>\n<h4>D\u00e9finition d&rsquo;un cookie<\/h4>\n<p>Un cookie est un fichier texte d\u00e9pos\u00e9 sur votre ordinateur lors de la visite d&rsquo;un site ou de la consultation d&rsquo;une publicit\u00e9. Il a pour but de collecter des informations relatives \u00e0 votre navigation et de vous adresser des services adapt\u00e9s \u00e0 votre terminal (ordinateur, mobile ou tablette). Les cookies sont g\u00e9r\u00e9s par votre navigateur internet.<\/p>\n<p>Nous veillons dans la mesure du possible \u00e0 ce que les prestataires de mesures d&rsquo;audience respectent strictement la loi informatique et libert\u00e9s du 6 janvier 1978 modifi\u00e9e et s&rsquo;engagent \u00e0 mettre en \u0153uvre des mesures appropri\u00e9es de s\u00e9curisation et de protection de la confidentialit\u00e9 des donn\u00e9es.<\/p>\n<h4>Param\u00e9trer votre navigateur internet<\/h4>\n<p>Vous pouvez \u00e0 tout moment choisir de d\u00e9sactiver ces cookies. Votre navigateur peut \u00e9galement \u00eatre param\u00e9tr\u00e9 pour vous signaler les cookies qui sont d\u00e9pos\u00e9s dans votre ordinateur et vous demander de les accepter ou pas. Vous pouvez accepter ou refuser les cookies au cas par cas ou bien les refuser syst\u00e9matiquement. Afin de g\u00e9rer les cookies au plus pr\u00e8s de vos attentes nous vous invitons \u00e0 param\u00e9trer votre navigateur en tenant compte de la finalit\u00e9 des cookies.<\/p>\n<h4>Informations compl\u00e9mentaires sur les cookies<\/h4>\n<p><a class=\"chevron\" title=\"nouvelle fen\u00eatre\" href=\"http:\/\/www.cnil.fr\/vos-droits\/vos-traces\/les-cookies\/\" target=\"_blank\" rel=\"noopener noreferrer\">Pour plus d&rsquo;information sur les cookies<\/a><\/p>\n<h3><a title=\"Protection des donn\u00e9es personnelles\" name=\"Protection_des_donnees_personnelles\"><\/a>Protection des donn\u00e9es personnelles<\/h3>\n<p>Ce site a fait l&rsquo;objet d&rsquo;une autorisation de la Commission Nationale de l&rsquo;Informatique et des Libert\u00e9s relative aux traitements automatis\u00e9s d&rsquo;informations nominatives (<b>Dossier n\u00b0 759236<\/b>).<\/p>\n<p>Conform\u00e9ment aux articles 34 et suivants de la loi \u00ab\u00a0informatique et libert\u00e9s\u00a0\u00bb du 6 janvier 1978, vous disposez d&rsquo;un droit d&rsquo;acc\u00e8s, de modification, de rectification et de suppression des donn\u00e9es qui vous concernent.<br \/>\nPour exercer ce droit, faites parvenir un message \u00e9lectronique \u00e0 l&rsquo;adresse suivante\u00a0:<\/p>\n<p>DSDEN du Var<br \/>\nRue de Montebello -CS 71204<br \/>\n83070 Toulon Cedex<\/p>\n<p>04 94 09 55 00<\/p>\n<p><a href=\"http:\/\/www2.ac-nice.fr\/pid33443\/page.html#dsden83\">Contactez la DSDEN<\/a><\/p>\n<\/div>\n","protected":false},"excerpt":{"rendered":"<p>Informations l\u00e9gales concernant le site de l&rsquo;\u00e9cole. Directeur de publication &#8211; Responsable de la r\u00e9daction Cookies Protection des donn\u00e9es personnelles Directeur de publication &#8211; Responsable de la r\u00e9daction M X, Directeur de l&rsquo;\u00e9cole YYYYYYYY Raison sociale et h\u00e9bergeur\u00a0: Rectorat de l&rsquo;acad\u00e9mie de Nice 53 avenue Cap de Croix 06181 Nice cedex 2 T\u00e9l\u00e9phone 04 93 &hellip; <a href=\"https:\/\/ecole.ac-nice.fr\/hyeres\/mentions-legales-credits\/\" class=\"more-link\">Continuer la lecture de <span class=\"screen-reader-text\">Mentions l\u00e9gales &#8211; cr\u00e9dits<\/span> <span class=\"meta-nav\">&rarr;<\/span><\/a><\/p>\n","protected":false},"author":5,"featured_media":0,"parent":0,"menu_order":0,"comment_status":"closed","ping_status":"closed","template":"","meta":{"footnotes":""},"class_list":["post-114","page","type-page","status-publish","hentry"],"_links":{"self":[{"href":"https:\/\/ecole.ac-nice.fr\/hyeres\/wp-json\/wp\/v2\/pages\/114","targetHints":{"allow":["GET"]}}],"collection":[{"href":"https:\/\/ecole.ac-nice.fr\/hyeres\/wp-json\/wp\/v2\/pages"}],"about":[{"href":"https:\/\/ecole.ac-nice.fr\/hyeres\/wp-json\/wp\/v2\/types\/page"}],"author":[{"embeddable":true,"href":"https:\/\/ecole.ac-nice.fr\/hyeres\/wp-json\/wp\/v2\/users\/5"}],"replies":[{"embeddable":true,"href":"https:\/\/ecole.ac-nice.fr\/hyeres\/wp-json\/wp\/v2\/comments?post=114"}],"version-history":[{"count":0,"href":"https:\/\/ecole.ac-nice.fr\/hyeres\/wp-json\/wp\/v2\/pages\/114\/revisions"}],"wp:attachment":[{"href":"https:\/\/ecole.ac-nice.fr\/hyeres\/wp-json\/wp\/v2\/media?parent=114"}],"curies":[{"name":"wp","href":"https:\/\/api.w.org\/{rel}","templated":true}]}}