{"id":101,"date":"2017-01-16T22:17:16","date_gmt":"2017-01-16T21:17:16","guid":{"rendered":"http:\/\/ecole.ac-nice.fr\/carros\/stetienne\/?page_id=101"},"modified":"2017-03-23T19:41:49","modified_gmt":"2017-03-23T18:41:49","slug":"bienvenue-sur-le-nouveau-site-de-la-circonscription-de-carros-3-vallees","status":"publish","type":"page","link":"https:\/\/ecole.ac-nice.fr\/carros\/stetienne\/","title":{"rendered":""},"content":{"rendered":"<p><img loading=\"lazy\" decoding=\"async\" class=\"alignnone size-medium wp-image-166 aligncenter\" src=\"https:\/\/ecole.ac-nice.fr\/carros\/stetienne\/wp-content\/uploads\/sites\/9\/2017\/01\/entete-site-st-etienne-300x60.png\" alt=\"\" width=\"300\" height=\"60\" srcset=\"https:\/\/ecole.ac-nice.fr\/carros\/stetienne\/wp-content\/uploads\/sites\/9\/2017\/01\/entete-site-st-etienne-300x60.png 300w, https:\/\/ecole.ac-nice.fr\/carros\/stetienne\/wp-content\/uploads\/sites\/9\/2017\/01\/entete-site-st-etienne.png 640w\" sizes=\"auto, (max-width: 300px) 100vw, 300px\" \/><\/p>\n<p><strong><img loading=\"lazy\" decoding=\"async\" class=\"aligncenter wp-image-349 size-full\" src=\"https:\/\/ecole.ac-nice.fr\/carros\/stetienne\/wp-content\/uploads\/sites\/9\/2017\/01\/ecole.jpg\" width=\"400\" height=\"267\" srcset=\"https:\/\/ecole.ac-nice.fr\/carros\/stetienne\/wp-content\/uploads\/sites\/9\/2017\/01\/ecole.jpg 400w, https:\/\/ecole.ac-nice.fr\/carros\/stetienne\/wp-content\/uploads\/sites\/9\/2017\/01\/ecole-300x200.jpg 300w\" sizes=\"auto, (max-width: 400px) 100vw, 400px\" \/><\/strong><\/p>\n<p><strong>Chers parents,<\/strong><\/p>\n<p>Avant tout, nous vous souhaitons \u00e0 vous et \u00e0 vos enfants une excellente ann\u00e9e scolaire, riche d\u2019apprentissages, d\u2019\u00e9changes et de joies.<\/p>\n<p>Vous trouverez de nombreuses informations dans les onglets lat\u00e9raux, mais voici quelques informations de rentr\u00e9e<\/p>\n<p><strong>Horaires de l\u2019\u00e9cole :<\/strong><\/p>\n<p>8h30-12h, 13h30-15h40 \u00a0les lundis, mardis et vendredis,<\/p>\n<p>8h30-12h00 le mercredi et le jeudi.<br \/>\nAvec 10 mn d\u2019accueil, les portes resteront donc ouvertes de 8h20 \u00e0 8h30 les matins , et de 13h20 \u00e0 13h30 les apr\u00e8s midi. Nous vous demandons de bien respecter ces horaires. Pour des raisons d\u2019organisation et de s\u00e9curit\u00e9 les portes devront \u00eatre ferm\u00e9es aux horaires pr\u00e9vus.<\/p>\n<p>En raison du plan vigipirate, les parents ne sont plus autoris\u00e9s \u00e0 rentrer dans l\u2019enceinte de l\u2019\u00e9cole.<\/p>\n<p>Par cons\u00e9quent, si vous souhaitez donner des informations \u00e0 l\u2019enseignant de votre enfant, merci d\u2019envoyer un mail \u00e0 l\u2019adresse de l\u2019\u00e9cole ecole.0060535Z@ac-nice.fr ou d\u2019\u00e9crire un mot dans le cahier de liaison (pour les \u00e9l\u00e8ves \u00e0 partir du CP indiquez bien \u00e0 votre enfant de montrer le cahier \u00e0 l\u2019enseignant).<\/p>\n<p>Si vous voulez vous entretenir avec un enseignant, merci de prendre un rendez-vous.<\/p>\n<p>L\u2019enseignante au portail est affect\u00e9e \u00e0 la surveillance des entr\u00e9es et sorties.<\/p>\n<p><strong>La r\u00e9union de parents de rentr\u00e9e :<\/strong><\/p>\n<p>Les dates de r\u00e9union de rentr\u00e9e ont \u00e9t\u00e9 coll\u00e9es dans le cahier de liaison.<br \/>\nNous comptons sur une pr\u00e9sence de toutes les familles.<\/p>\n<p><strong>Assurances :<\/strong><\/p>\n<p>nous vous rappelons qu\u2019une assurance accident individuelle et responsabilit\u00e9 civile est obligatoire pour couvrir votre enfant pendant les activit\u00e9s scolaires qui se d\u00e9rouleront hors temps scolaire (journ\u00e9es de sorties avec repas&#8230;). C\u2019est pourquoi nous vous demandons de nous fournir le plus rapidement possible une attestation de responsabilit\u00e9 civile et d\u2019assurance individuelle accident.<\/p>\n<p>&nbsp;<\/p>\n<p><strong>R\u00e8glement int\u00e9rieur de l\u2019\u00e9cole :<\/strong><\/p>\n<p>Il vous a \u00e9t\u00e9 communiqu\u00e9 dans le cahier de liaison et vous devez le signer.<\/p>\n<p><strong>S\u00e9curit\u00e9, responsabilit\u00e9 :<\/strong><\/p>\n<p>N\u2019oubliez pas de remplir et de rendre le plus rapidement possible la fiche de renseignements qui nous permet d\u2019avoir des personnes \u00e0 appeler en cas de probl\u00e8me, et la fiche des personnes susceptibles de r\u00e9cup\u00e9rer votre enfant : nous ne pouvons le confier qu\u2019\u00e0 une personne nomm\u00e9ment d\u00e9sign\u00e9e par vous.(pour les \u00e9l\u00e8ves en maternelle)<br \/>\nPensez \u00e0 nous communiquer tout changement de vos coordonn\u00e9es le plus rapidement possible!<\/p>\n<p>&nbsp;<\/p>\n<p><strong>Directrice<\/strong><\/p>\n<p>Madame Riva a en charge la direction de l&rsquo;\u00e9cole. Elle ne sera pas pr\u00e9sente dans l&rsquo;\u00e9cole le lundi (merci de vous adresser \u00e0 Mme Bressi en son absence en cas de probl\u00e8me urgent).<\/p>\n<p>La Directrice est d\u00e9charg\u00e9e de classe le mardi. Elle recevra les parents sur rendez-vous , merci de t\u00e9l\u00e9phoner au 04 93 02 45 20 pour prendre rendez-vous.<\/p>\n<p>L&rsquo;\u00e9cole ne disposant pas de secr\u00e9tariat, merci de t\u00e9l\u00e9phoner uniquement en dehors des heures de classe ou le mardi (jour de d\u00e9charge de la directrice).<\/p>\n<p>&nbsp;<\/p>\n<p>La Directrice, Sabine Riva<\/p>\n","protected":false},"excerpt":{"rendered":"<p>Chers parents, Avant tout, nous vous souhaitons \u00e0 vous et \u00e0 vos enfants une excellente ann\u00e9e scolaire, riche d\u2019apprentissages, d\u2019\u00e9changes et de joies. Vous trouverez de nombreuses informations dans les onglets lat\u00e9raux, mais voici quelques informations de rentr\u00e9e Horaires de l\u2019\u00e9cole : 8h30-12h, 13h30-15h40 \u00a0les lundis, mardis et vendredis, 8h30-12h00 le mercredi et le jeudi. &hellip; <a href=\"https:\/\/ecole.ac-nice.fr\/carros\/stetienne\/\" class=\"more-link\">Continuer la lecture de <span class=\"screen-reader-text\"><\/span> <span class=\"meta-nav\">&rarr;<\/span><\/a><\/p>\n","protected":false},"author":2,"featured_media":0,"parent":0,"menu_order":0,"comment_status":"closed","ping_status":"closed","template":"","meta":{"footnotes":""},"class_list":["post-101","page","type-page","status-publish","hentry"],"_links":{"self":[{"href":"https:\/\/ecole.ac-nice.fr\/carros\/stetienne\/index.php?rest_route=\/wp\/v2\/pages\/101","targetHints":{"allow":["GET"]}}],"collection":[{"href":"https:\/\/ecole.ac-nice.fr\/carros\/stetienne\/index.php?rest_route=\/wp\/v2\/pages"}],"about":[{"href":"https:\/\/ecole.ac-nice.fr\/carros\/stetienne\/index.php?rest_route=\/wp\/v2\/types\/page"}],"author":[{"embeddable":true,"href":"https:\/\/ecole.ac-nice.fr\/carros\/stetienne\/index.php?rest_route=\/wp\/v2\/users\/2"}],"replies":[{"embeddable":true,"href":"https:\/\/ecole.ac-nice.fr\/carros\/stetienne\/index.php?rest_route=%2Fwp%2Fv2%2Fcomments&post=101"}],"version-history":[{"count":12,"href":"https:\/\/ecole.ac-nice.fr\/carros\/stetienne\/index.php?rest_route=\/wp\/v2\/pages\/101\/revisions"}],"predecessor-version":[{"id":404,"href":"https:\/\/ecole.ac-nice.fr\/carros\/stetienne\/index.php?rest_route=\/wp\/v2\/pages\/101\/revisions\/404"}],"wp:attachment":[{"href":"https:\/\/ecole.ac-nice.fr\/carros\/stetienne\/index.php?rest_route=%2Fwp%2Fv2%2Fmedia&parent=101"}],"curies":[{"name":"wp","href":"https:\/\/api.w.org\/{rel}","templated":true}]}}