{"id":101,"date":"2017-01-16T22:17:16","date_gmt":"2017-01-16T21:17:16","guid":{"rendered":"http:\/\/ecole.ac-nice.fr\/carros\/isola\/?page_id=101"},"modified":"2017-12-05T17:11:50","modified_gmt":"2017-12-05T16:11:50","slug":"bienvenue-sur-le-nouveau-site-de-la-circonscription-de-carros-3-vallees","status":"publish","type":"page","link":"https:\/\/ecole.ac-nice.fr\/carros\/isola\/","title":{"rendered":"Site de l&rsquo;\u00e9cole d&rsquo;Isola village"},"content":{"rendered":"<p>Bonjour !<\/p>\n<p>Mises \u00e0 jour :<\/p>\n<p>Le photos des activit\u00e9s musique, v\u00e9lo, piscine et cirque sont en ligne.<\/p>\n<p>Bonne lecture !<\/p>\n<p>C\u00e9line Laporte<\/p>\n","protected":false},"excerpt":{"rendered":"<p>Bonjour ! Mises \u00e0 jour : Le photos des activit\u00e9s musique, v\u00e9lo, piscine et cirque sont en ligne. Bonne lecture ! C\u00e9line Laporte<\/p>\n","protected":false},"author":2,"featured_media":0,"parent":0,"menu_order":0,"comment_status":"closed","ping_status":"closed","template":"","meta":{"footnotes":""},"class_list":["post-101","page","type-page","status-publish","hentry"],"_links":{"self":[{"href":"https:\/\/ecole.ac-nice.fr\/carros\/isola\/index.php?rest_route=\/wp\/v2\/pages\/101","targetHints":{"allow":["GET"]}}],"collection":[{"href":"https:\/\/ecole.ac-nice.fr\/carros\/isola\/index.php?rest_route=\/wp\/v2\/pages"}],"about":[{"href":"https:\/\/ecole.ac-nice.fr\/carros\/isola\/index.php?rest_route=\/wp\/v2\/types\/page"}],"author":[{"embeddable":true,"href":"https:\/\/ecole.ac-nice.fr\/carros\/isola\/index.php?rest_route=\/wp\/v2\/users\/2"}],"replies":[{"embeddable":true,"href":"https:\/\/ecole.ac-nice.fr\/carros\/isola\/index.php?rest_route=%2Fwp%2Fv2%2Fcomments&post=101"}],"version-history":[{"count":15,"href":"https:\/\/ecole.ac-nice.fr\/carros\/isola\/index.php?rest_route=\/wp\/v2\/pages\/101\/revisions"}],"predecessor-version":[{"id":651,"href":"https:\/\/ecole.ac-nice.fr\/carros\/isola\/index.php?rest_route=\/wp\/v2\/pages\/101\/revisions\/651"}],"wp:attachment":[{"href":"https:\/\/ecole.ac-nice.fr\/carros\/isola\/index.php?rest_route=%2Fwp%2Fv2%2Fmedia&parent=101"}],"curies":[{"name":"wp","href":"https:\/\/api.w.org\/{rel}","templated":true}]}}