{"id":101,"date":"2022-02-03T12:00:16","date_gmt":"2022-02-03T11:00:16","guid":{"rendered":"http:\/\/ecole.ac-nice.fr\/carros\/ecole-2\/?page_id=101"},"modified":"2025-06-24T14:58:37","modified_gmt":"2025-06-24T12:58:37","slug":"bienvenue-sur-le-nouveau-site-de-la-circonscription-de-carros-3-vallees","status":"publish","type":"page","link":"https:\/\/ecole.ac-nice.fr\/carros\/circoC3V\/","title":{"rendered":""},"content":{"rendered":"<h2 style=\"text-align: center;\"><strong><span style=\"color: #3366ff;\"><a href=\"https:\/\/ecole.ac-nice.fr\/carros\/circoC3V\/wp-content\/uploads\/sites\/4\/2025\/06\/photo-carros.jpg\"><img loading=\"lazy\" decoding=\"async\" class=\"wp-image-2721 aligncenter\" src=\"https:\/\/ecole.ac-nice.fr\/carros\/circoC3V\/wp-content\/uploads\/sites\/4\/2025\/06\/photo-carros-300x175.jpg\" alt=\"\" width=\"401\" height=\"234\" srcset=\"https:\/\/ecole.ac-nice.fr\/carros\/circoC3V\/wp-content\/uploads\/sites\/4\/2025\/06\/photo-carros-300x175.jpg 300w, https:\/\/ecole.ac-nice.fr\/carros\/circoC3V\/wp-content\/uploads\/sites\/4\/2025\/06\/photo-carros-1024x597.jpg 1024w, https:\/\/ecole.ac-nice.fr\/carros\/circoC3V\/wp-content\/uploads\/sites\/4\/2025\/06\/photo-carros-768x448.jpg 768w, https:\/\/ecole.ac-nice.fr\/carros\/circoC3V\/wp-content\/uploads\/sites\/4\/2025\/06\/photo-carros-1200x699.jpg 1200w, https:\/\/ecole.ac-nice.fr\/carros\/circoC3V\/wp-content\/uploads\/sites\/4\/2025\/06\/photo-carros.jpg 1280w\" sizes=\"auto, (max-width: 401px) 85vw, 401px\" \/><\/a>Bienvenue sur le site de la circonscription Carros 3 Vall\u00e9es<\/span><\/strong><\/h2>\n<div>La circonscription se compose de 52 \u00e9coles situ\u00e9es dans les vall\u00e9es de la V\u00e9subie, de la Tin\u00e9e, du Var, de l&rsquo;Est\u00e9ron et sur les rives du Var.<\/div>\n<div>Ce site permet d&rsquo;acc\u00e9der aux notes de services de l&rsquo;IEN ainsi qu&rsquo;aux diff\u00e9rentes informations concernant les acteurs de la circonscriptions.<\/div>\n<div><\/div>\n<div><a href=\"https:\/\/ecole.ac-nice.fr\/carros\/circoC3V\/wp-content\/uploads\/sites\/4\/2025\/06\/Carte-c3v-2016.jpg\"><img loading=\"lazy\" decoding=\"async\" class=\" wp-image-2730 aligncenter\" src=\"https:\/\/ecole.ac-nice.fr\/carros\/circoC3V\/wp-content\/uploads\/sites\/4\/2025\/06\/Carte-c3v-2016-212x300.jpg\" alt=\"\" width=\"574\" height=\"813\" srcset=\"https:\/\/ecole.ac-nice.fr\/carros\/circoC3V\/wp-content\/uploads\/sites\/4\/2025\/06\/Carte-c3v-2016-212x300.jpg 212w, https:\/\/ecole.ac-nice.fr\/carros\/circoC3V\/wp-content\/uploads\/sites\/4\/2025\/06\/Carte-c3v-2016.jpg 543w\" sizes=\"auto, (max-width: 574px) 85vw, 574px\" \/><\/a><\/div>\n","protected":false},"excerpt":{"rendered":"<p>Bienvenue sur le site de la circonscription Carros 3 Vall\u00e9es La circonscription se compose de 52 \u00e9coles situ\u00e9es dans les vall\u00e9es de la V\u00e9subie, de la Tin\u00e9e, du Var, de l&rsquo;Est\u00e9ron et sur les rives du Var. Ce site permet d&rsquo;acc\u00e9der aux notes de services de l&rsquo;IEN ainsi qu&rsquo;aux diff\u00e9rentes informations concernant les acteurs de &hellip; <a href=\"https:\/\/ecole.ac-nice.fr\/carros\/circoC3V\/\" class=\"more-link\">Continuer la lecture<span class=\"screen-reader-text\"> de &laquo;&nbsp;&nbsp;&raquo;<\/span><\/a><\/p>\n","protected":false},"author":2,"featured_media":0,"parent":0,"menu_order":0,"comment_status":"closed","ping_status":"closed","template":"","meta":{"footnotes":""},"class_list":["post-101","page","type-page","status-publish","hentry"],"_links":{"self":[{"href":"https:\/\/ecole.ac-nice.fr\/carros\/circoC3V\/index.php?rest_route=\/wp\/v2\/pages\/101","targetHints":{"allow":["GET"]}}],"collection":[{"href":"https:\/\/ecole.ac-nice.fr\/carros\/circoC3V\/index.php?rest_route=\/wp\/v2\/pages"}],"about":[{"href":"https:\/\/ecole.ac-nice.fr\/carros\/circoC3V\/index.php?rest_route=\/wp\/v2\/types\/page"}],"author":[{"embeddable":true,"href":"https:\/\/ecole.ac-nice.fr\/carros\/circoC3V\/index.php?rest_route=\/wp\/v2\/users\/2"}],"replies":[{"embeddable":true,"href":"https:\/\/ecole.ac-nice.fr\/carros\/circoC3V\/index.php?rest_route=%2Fwp%2Fv2%2Fcomments&post=101"}],"version-history":[{"count":129,"href":"https:\/\/ecole.ac-nice.fr\/carros\/circoC3V\/index.php?rest_route=\/wp\/v2\/pages\/101\/revisions"}],"predecessor-version":[{"id":2732,"href":"https:\/\/ecole.ac-nice.fr\/carros\/circoC3V\/index.php?rest_route=\/wp\/v2\/pages\/101\/revisions\/2732"}],"wp:attachment":[{"href":"https:\/\/ecole.ac-nice.fr\/carros\/circoC3V\/index.php?rest_route=%2Fwp%2Fv2%2Fmedia&parent=101"}],"curies":[{"name":"wp","href":"https:\/\/api.w.org\/{rel}","templated":true}]}}

<h2 style="text-align: center;"><strong><span style="color: #3366ff;"><a href="https://ecole.ac-nice.fr/carros/circoC3V/wp-content/uploads/sites/4/2025/06/photo-carros.jpg"><img loading="lazy" decoding="async" class="wp-image-2721 aligncenter" src="https://ecole.ac-nice.fr/carros/circoC3V/wp-content/uploads/sites/4/2025/06/photo-carros-300x175.jpg" alt="" width="401" height="234" srcset="https://ecole.ac-nice.fr/carros/circoC3V/wp-content/uploads/sites/4/2025/06/photo-carros-300x175.jpg 300w, https://ecole.ac-nice.fr/carros/circoC3V/wp-content/uploads/sites/4/2025/06/photo-carros-1024x597.jpg 1024w, https://ecole.ac-nice.fr/carros/circoC3V/wp-content/uploads/sites/4/2025/06/photo-carros-768x448.jpg 768w, https://ecole.ac-nice.fr/carros/circoC3V/wp-content/uploads/sites/4/2025/06/photo-carros-1200x699.jpg 1200w, https://ecole.ac-nice.fr/carros/circoC3V/wp-content/uploads/sites/4/2025/06/photo-carros.jpg 1280w" sizes="auto, (max-width: 401px) 85vw, 401px" /></a>Bienvenue sur le site de la circonscription Carros 3 Vallées</span></strong></h2>
<div>La circonscription se compose de 52 écoles situées dans les vallées de la Vésubie, de la Tinée, du Var, de l&rsquo;Estéron et sur les rives du Var.</div>
<div>Ce site permet d&rsquo;accéder aux notes de services de l&rsquo;IEN ainsi qu&rsquo;aux différentes informations concernant les acteurs de la circonscriptions.</div>
<div></div>
<div><a href="https://ecole.ac-nice.fr/carros/circoC3V/wp-content/uploads/sites/4/2025/06/Carte-c3v-2016.jpg"><img loading="lazy" decoding="async" class=" wp-image-2730 aligncenter" src="https://ecole.ac-nice.fr/carros/circoC3V/wp-content/uploads/sites/4/2025/06/Carte-c3v-2016-212x300.jpg" alt="" width="574" height="813" srcset="https://ecole.ac-nice.fr/carros/circoC3V/wp-content/uploads/sites/4/2025/06/Carte-c3v-2016-212x300.jpg 212w, https://ecole.ac-nice.fr/carros/circoC3V/wp-content/uploads/sites/4/2025/06/Carte-c3v-2016.jpg 543w" sizes="auto, (max-width: 574px) 85vw, 574px" /></a></div>

<p>Bienvenue sur le site de la circonscription Carros 3 Vallées La circonscription se compose de 52 écoles situées dans les vallées de la Vésubie, de la Tinée, du Var, de l&rsquo;Estéron et sur les rives du Var. Ce site permet d&rsquo;accéder aux notes de services de l&rsquo;IEN ainsi qu&rsquo;aux différentes informations concernant les acteurs de &hellip; <a href="https://ecole.ac-nice.fr/carros/circoC3V/" class="more-link">Continuer la lecture<span class="screen-reader-text"> de &laquo;&nbsp;&nbsp;&raquo;</span></a></p>
