{"id":96,"date":"2020-12-20T17:07:53","date_gmt":"2020-12-20T16:07:53","guid":{"rendered":"http:\/\/ecole.ac-nice.fr\/cagnes\/fahnestock\/?page_id=96"},"modified":"2020-12-22T20:35:42","modified_gmt":"2020-12-22T19:35:42","slug":"les-absences-injustifiees","status":"publish","type":"page","link":"https:\/\/ecole.ac-nice.fr\/cagnes\/fahnestock\/les-absences-injustifiees\/","title":{"rendered":"Les absences injustifi\u00e9es"},"content":{"rendered":"<p>Les absences injustifi\u00e9es r\u00e9p\u00e9t\u00e9es<\/p>\n<p>Que fait l\u2019\u00e9cole en cas d\u2019absences injustifi\u00e9es r\u00e9p\u00e9t\u00e9es.<\/p>\n<p>La Loi pr\u00e9voit en France une obligation scolaire de 3 \u00e0 16 ans. L\u2019\u00e9tablissement scolaire doit \u00eatre le premier garant du respect de cette disposition.<\/p>\n<p>Le d\u00e9cret n\u00b0 2004-162 du 19 f\u00e9vrier 2004 contr\u00f4le la fr\u00e9quentation et l\u2019assiduit\u00e9 scolaires afin de garantir aux enfants le respect du droit \u00e0 l\u2019instruction.<\/p>\n<p>Les enseignants de toutes les classes tiennent un registre d\u2019appel dans lequel ils notent les pr\u00e9sences et les absences des enfants pour chaque demie-journ\u00e9e.<br \/>\nEn cas d\u2019absence injustifi\u00e9e constat\u00e9e, l\u2019\u00e9cole se donne le droit de contacter imm\u00e9diatement les personnes responsables de l\u2019enfant pour en conna\u00eetre le motif.<br \/>\nPour justifier une absence, la famille utilisera le cahier de liaison de enfant lorsque celui-ci revient en classe.<\/p>\n<p>En cas d\u2019absences r\u00e9p\u00e9t\u00e9es (4 demi-journ\u00e9es au moins par mois), non justifi\u00e9es ou dont la justification para\u00eet douteuse, l\u2019\u00e9quipe \u00e9ducative engagera avec les personnes responsables de l\u2019\u00e9l\u00e8ve un dialogue sur sa situation (1 ou plusieurs entrevues).<\/p>\n<p>Si le dialogue est rompu, l\u2019inspecteur acad\u00e9mique sera alors invit\u00e9 \u00e0 intervenir pour s\u2019occuper du dossier.<\/p>\n","protected":false},"excerpt":{"rendered":"<p>Les absences injustifi\u00e9es r\u00e9p\u00e9t\u00e9es Que fait l\u2019\u00e9cole en cas d\u2019absences injustifi\u00e9es r\u00e9p\u00e9t\u00e9es. La Loi pr\u00e9voit en France une obligation scolaire de 3 \u00e0 16 ans. L\u2019\u00e9tablissement scolaire doit \u00eatre le premier garant du respect de cette disposition. Le d\u00e9cret n\u00b0 2004-162 du 19 f\u00e9vrier 2004 contr\u00f4le la fr\u00e9quentation et l\u2019assiduit\u00e9 scolaires afin de garantir aux &hellip; <a href=\"https:\/\/ecole.ac-nice.fr\/cagnes\/fahnestock\/les-absences-injustifiees\/\" class=\"more-link\">Continuer la lecture<span class=\"screen-reader-text\"> de &laquo;&nbsp;Les absences injustifi\u00e9es&nbsp;&raquo;<\/span><\/a><\/p>\n","protected":false},"author":59,"featured_media":0,"parent":0,"menu_order":0,"comment_status":"closed","ping_status":"closed","template":"","meta":{"footnotes":""},"class_list":["post-96","page","type-page","status-publish","hentry"],"_links":{"self":[{"href":"https:\/\/ecole.ac-nice.fr\/cagnes\/fahnestock\/wp-json\/wp\/v2\/pages\/96","targetHints":{"allow":["GET"]}}],"collection":[{"href":"https:\/\/ecole.ac-nice.fr\/cagnes\/fahnestock\/wp-json\/wp\/v2\/pages"}],"about":[{"href":"https:\/\/ecole.ac-nice.fr\/cagnes\/fahnestock\/wp-json\/wp\/v2\/types\/page"}],"author":[{"embeddable":true,"href":"https:\/\/ecole.ac-nice.fr\/cagnes\/fahnestock\/wp-json\/wp\/v2\/users\/59"}],"replies":[{"embeddable":true,"href":"https:\/\/ecole.ac-nice.fr\/cagnes\/fahnestock\/wp-json\/wp\/v2\/comments?post=96"}],"version-history":[{"count":4,"href":"https:\/\/ecole.ac-nice.fr\/cagnes\/fahnestock\/wp-json\/wp\/v2\/pages\/96\/revisions"}],"predecessor-version":[{"id":172,"href":"https:\/\/ecole.ac-nice.fr\/cagnes\/fahnestock\/wp-json\/wp\/v2\/pages\/96\/revisions\/172"}],"wp:attachment":[{"href":"https:\/\/ecole.ac-nice.fr\/cagnes\/fahnestock\/wp-json\/wp\/v2\/media?parent=96"}],"curies":[{"name":"wp","href":"https:\/\/api.w.org\/{rel}","templated":true}]}}