{"id":404,"date":"2022-04-03T11:28:14","date_gmt":"2022-04-03T09:28:14","guid":{"rendered":"https:\/\/ecole.ac-nice.fr\/antibes\/semainedeslangues\/?page_id=404"},"modified":"2022-04-07T17:27:03","modified_gmt":"2022-04-07T15:27:03","slug":"giorno-4-venerdi-8-aprile","status":"publish","type":"page","link":"https:\/\/ecole.ac-nice.fr\/antibes\/semainedeslangues\/accueil\/italien\/giorno-4-venerdi-8-aprile\/","title":{"rendered":"Giorno 4, Venerdi 8 Aprile"},"content":{"rendered":"<p lang=\"en-US\" align=\"center\"><span style=\"color: #000000;\"><span style=\"font-family: Arial, serif;\"><span style=\"font-size: medium;\"><b>GIORNO 4: Venerdi 8 April<\/b><\/span><\/span><\/span><\/p>\n<p align=\"left\"><span style=\"color: #000000;\"><span style=\"font-family: Times New Roman, serif;\"><span style=\"font-size: medium;\"><span style=\"font-family: Arial, serif;\"><span style=\"font-size: small;\"><span lang=\"en-US\">D\u00e9marche et entrainement identiques avec le jour 3 pour les 3 oeuvres propos<\/span><\/span><\/span><span style=\"font-family: Arial, serif;\"><span style=\"font-size: small;\"><span lang=\"en-US\">\u00e9<\/span><\/span><\/span><span style=\"font-family: Arial, serif;\"><span style=\"font-size: small;\"><span lang=\"en-US\">es ci-dessous<\/span><\/span><\/span><\/span><\/span><\/span><\/p>\n<table width=\"642\" cellspacing=\"0\" cellpadding=\"7\">\n<tbody>\n<tr valign=\"top\">\n<td width=\"326\">\n<p align=\"left\"><span style=\"color: #000000;\"><img loading=\"lazy\" decoding=\"async\" class=\"alignnone wp-image-181\" src=\"http:\/\/ecole.ac-nice.fr\/antibes\/semainedeslangues\/wp-content\/uploads\/sites\/32\/2022\/03\/picasso-guitariste-227x300.jpg\" alt=\"\" width=\"328\" height=\"433\" srcset=\"https:\/\/ecole.ac-nice.fr\/antibes\/semainedeslangues\/wp-content\/uploads\/sites\/32\/2022\/03\/picasso-guitariste-227x300.jpg 227w, https:\/\/ecole.ac-nice.fr\/antibes\/semainedeslangues\/wp-content\/uploads\/sites\/32\/2022\/03\/picasso-guitariste.jpg 269w\" sizes=\"auto, (max-width: 328px) 100vw, 328px\" \/> <\/span><\/p>\n<p lang=\"en-US\" align=\"left\"><span style=\"font-family: Arial, serif;\"><span style=\"font-size: small;\"><b>Picasso<\/b> <u>Le vieux guitariste aveugle<\/u> 1903<\/span><\/span><\/p>\n<\/td>\n<td width=\"288\">\n<p align=\"left\"><img loading=\"lazy\" decoding=\"async\" class=\"alignnone wp-image-179\" src=\"http:\/\/ecole.ac-nice.fr\/antibes\/semainedeslangues\/wp-content\/uploads\/sites\/32\/2022\/03\/joconde-202x300.jpg\" alt=\"\" width=\"305\" height=\"453\" srcset=\"https:\/\/ecole.ac-nice.fr\/antibes\/semainedeslangues\/wp-content\/uploads\/sites\/32\/2022\/03\/joconde-202x300.jpg 202w, https:\/\/ecole.ac-nice.fr\/antibes\/semainedeslangues\/wp-content\/uploads\/sites\/32\/2022\/03\/joconde.jpg 260w\" sizes=\"auto, (max-width: 305px) 100vw, 305px\" \/><\/p>\n<p align=\"left\"><span style=\"font-family: Arial, serif;\"><span style=\"font-size: small;\"><span lang=\"fr-FR\"><b>Leonardo Da Vinci,<\/b><\/span><\/span><\/span> <span style=\"font-family: Arial, serif;\"><span style=\"font-size: small;\"><span lang=\"fr-FR\"><u>Mona Lisa<\/u><\/span><\/span><\/span><span style=\"font-family: Arial, serif;\"><span style=\"font-size: small;\"><span lang=\"fr-FR\">, 1503<\/span><\/span><\/span><\/p>\n<\/td>\n<\/tr>\n<tr>\n<td colspan=\"2\" valign=\"top\" width=\"628\">\n<p align=\"left\"><span style=\"color: #000000;\"> <img loading=\"lazy\" decoding=\"async\" class=\"alignnone wp-image-123\" src=\"http:\/\/ecole.ac-nice.fr\/antibes\/semainedeslangues\/wp-content\/uploads\/sites\/32\/2022\/03\/hopper-lighthouse.jpg\" alt=\"\" width=\"624\" height=\"479\" \/> <\/span><\/p>\n<p align=\"left\"><span style=\"font-family: Arial, serif;\"><span style=\"color: #000000;\"><span style=\"font-size: small;\"><span lang=\"fr-FR\"><b>Turner<\/b><\/span><\/span><\/span><span style=\"color: #000000;\"><span style=\"font-size: small;\"><span lang=\"fr-FR\">, <\/span><\/span><\/span><span style=\"color: #000000;\"><span style=\"font-size: small;\"><span lang=\"fr-FR\"><u>Bell Rock lighthouse<\/u><\/span><\/span><\/span><span style=\"color: #000000;\"><span style=\"font-size: small;\"><span lang=\"fr-FR\">, 1824<\/span><\/span><\/span><\/span><\/p>\n<p align=\"left\">\n<\/td>\n<\/tr>\n<\/tbody>\n<\/table>\n<p lang=\"en-US\" align=\"left\"><a name=\"_GoBack\"><\/a> <span style=\"color: #4f81bd;\"><span style=\"font-family: Arial, serif;\"><span style=\"font-size: medium;\"><b>Production finale<\/b><\/span><\/span><\/span><\/p>\n<p lang=\"en-US\" align=\"left\"><span style=\"color: #000000;\"><span style=\"font-family: Arial, serif;\"><span style=\"font-size: small;\">Parmi les deux \u0153uvres d\u2019art propos\u00e9es, en choisir une \u00e0 pr\u00e9senter pour le concours d\u00e9partemental<\/span><\/span><\/span><\/p>\n<table width=\"747\" cellspacing=\"0\" cellpadding=\"7\">\n<tbody>\n<tr valign=\"top\">\n<td width=\"298\">\n<p align=\"left\"><span style=\"color: #000000;\"><img loading=\"lazy\" decoding=\"async\" class=\"alignnone wp-image-182\" src=\"http:\/\/ecole.ac-nice.fr\/antibes\/semainedeslangues\/wp-content\/uploads\/sites\/32\/2022\/03\/klimt-197x300.jpg\" alt=\"\" width=\"308\" height=\"469\" srcset=\"https:\/\/ecole.ac-nice.fr\/antibes\/semainedeslangues\/wp-content\/uploads\/sites\/32\/2022\/03\/klimt-197x300.jpg 197w, https:\/\/ecole.ac-nice.fr\/antibes\/semainedeslangues\/wp-content\/uploads\/sites\/32\/2022\/03\/klimt.jpg 417w\" sizes=\"auto, (max-width: 308px) 100vw, 308px\" \/> <\/span><\/p>\n<p align=\"left\"><span style=\"font-family: Arial, serif;\"><span style=\"font-size: small;\"><span lang=\"fr-FR\"><b>Gustav Klimt<\/b><\/span> <span lang=\"fr-FR\"><u>Le baiser<\/u><\/span><span lang=\"fr-FR\"> 1907<\/span><\/span><\/span><\/p>\n<\/td>\n<td width=\"421\">\n<p align=\"left\"><span style=\"color: #000000;\"><img loading=\"lazy\" decoding=\"async\" class=\"alignnone wp-image-180\" src=\"http:\/\/ecole.ac-nice.fr\/antibes\/semainedeslangues\/wp-content\/uploads\/sites\/32\/2022\/03\/bruegel-300x216.png\" alt=\"\" width=\"410\" height=\"295\" srcset=\"https:\/\/ecole.ac-nice.fr\/antibes\/semainedeslangues\/wp-content\/uploads\/sites\/32\/2022\/03\/bruegel-300x216.png 300w, https:\/\/ecole.ac-nice.fr\/antibes\/semainedeslangues\/wp-content\/uploads\/sites\/32\/2022\/03\/bruegel-768x553.png 768w, https:\/\/ecole.ac-nice.fr\/antibes\/semainedeslangues\/wp-content\/uploads\/sites\/32\/2022\/03\/bruegel.png 781w\" sizes=\"auto, (max-width: 410px) 100vw, 410px\" \/> <\/span><\/p>\n<p align=\"left\"><span style=\"font-family: Arial, serif;\"><span style=\"font-size: small;\"><span lang=\"fr-FR\"><b>Pieter Bruegel<\/b><\/span> <span lang=\"fr-FR\"><u>Le Combat entre carnaval et car\u00eame<\/u><\/span><span lang=\"fr-FR\">, 1559<\/span><\/span><\/span><\/p>\n<\/td>\n<\/tr>\n<\/tbody>\n<\/table>\n<p style=\"text-align: center;\"><a href=\"http:\/\/ecole.ac-nice.fr\/antibes\/semainedeslangues\/wp-content\/uploads\/sites\/32\/2022\/04\/C3D4it.pdf\" target=\"_blank\" rel=\"noopener\">T\u00e9l\u00e9charger cette page<\/a><\/p>\n<p lang=\"en-US\" align=\"left\">\n","protected":false},"excerpt":{"rendered":"<p>GIORNO 4: Venerdi 8 April D\u00e9marche et entrainement identiques avec le jour 3 pour les 3 oeuvres propos\u00e9es ci-dessous Picasso Le vieux guitariste aveugle 1903 Leonardo Da Vinci, Mona Lisa, 1503 Turner, Bell Rock lighthouse, 1824 Production finale Parmi les deux \u0153uvres d\u2019art propos\u00e9es, en choisir une \u00e0 pr\u00e9senter pour le concours d\u00e9partemental Gustav Klimt &hellip; <a href=\"https:\/\/ecole.ac-nice.fr\/antibes\/semainedeslangues\/accueil\/italien\/giorno-4-venerdi-8-aprile\/\" class=\"more-link\">Continuer la lecture de <span class=\"screen-reader-text\">Giorno 4, Venerdi 8 Aprile<\/span> <span class=\"meta-nav\">&rarr;<\/span><\/a><\/p>\n","protected":false},"author":26,"featured_media":0,"parent":64,"menu_order":0,"comment_status":"closed","ping_status":"closed","template":"","meta":{"footnotes":""},"class_list":["post-404","page","type-page","status-publish","hentry"],"_links":{"self":[{"href":"https:\/\/ecole.ac-nice.fr\/antibes\/semainedeslangues\/wp-json\/wp\/v2\/pages\/404","targetHints":{"allow":["GET"]}}],"collection":[{"href":"https:\/\/ecole.ac-nice.fr\/antibes\/semainedeslangues\/wp-json\/wp\/v2\/pages"}],"about":[{"href":"https:\/\/ecole.ac-nice.fr\/antibes\/semainedeslangues\/wp-json\/wp\/v2\/types\/page"}],"author":[{"embeddable":true,"href":"https:\/\/ecole.ac-nice.fr\/antibes\/semainedeslangues\/wp-json\/wp\/v2\/users\/26"}],"replies":[{"embeddable":true,"href":"https:\/\/ecole.ac-nice.fr\/antibes\/semainedeslangues\/wp-json\/wp\/v2\/comments?post=404"}],"version-history":[{"count":5,"href":"https:\/\/ecole.ac-nice.fr\/antibes\/semainedeslangues\/wp-json\/wp\/v2\/pages\/404\/revisions"}],"predecessor-version":[{"id":426,"href":"https:\/\/ecole.ac-nice.fr\/antibes\/semainedeslangues\/wp-json\/wp\/v2\/pages\/404\/revisions\/426"}],"up":[{"embeddable":true,"href":"https:\/\/ecole.ac-nice.fr\/antibes\/semainedeslangues\/wp-json\/wp\/v2\/pages\/64"}],"wp:attachment":[{"href":"https:\/\/ecole.ac-nice.fr\/antibes\/semainedeslangues\/wp-json\/wp\/v2\/media?parent=404"}],"curies":[{"name":"wp","href":"https:\/\/api.w.org\/{rel}","templated":true}]}}

<p lang="en-US" align="center"><span style="color: #000000;"><span style="font-family: Arial, serif;"><span style="font-size: medium;"><b>GIORNO 4: Venerdi 8 April</b></span></span></span></p>
<p align="left"><span style="color: #000000;"><span style="font-family: Times New Roman, serif;"><span style="font-size: medium;"><span style="font-family: Arial, serif;"><span style="font-size: small;"><span lang="en-US">Démarche et entrainement identiques avec le jour 3 pour les 3 oeuvres propos</span></span></span><span style="font-family: Arial, serif;"><span style="font-size: small;"><span lang="en-US">é</span></span></span><span style="font-family: Arial, serif;"><span style="font-size: small;"><span lang="en-US">es ci-dessous</span></span></span></span></span></span></p>
<table width="642" cellspacing="0" cellpadding="7">
<tbody>
<tr valign="top">
<td width="326">
<p align="left"><span style="color: #000000;"><img loading="lazy" decoding="async" class="alignnone wp-image-181" src="http://ecole.ac-nice.fr/antibes/semainedeslangues/wp-content/uploads/sites/32/2022/03/picasso-guitariste-227x300.jpg" alt="" width="328" height="433" srcset="https://ecole.ac-nice.fr/antibes/semainedeslangues/wp-content/uploads/sites/32/2022/03/picasso-guitariste-227x300.jpg 227w, https://ecole.ac-nice.fr/antibes/semainedeslangues/wp-content/uploads/sites/32/2022/03/picasso-guitariste.jpg 269w" sizes="auto, (max-width: 328px) 100vw, 328px" /> </span></p>
<p lang="en-US" align="left"><span style="font-family: Arial, serif;"><span style="font-size: small;"><b>Picasso</b> <u>Le vieux guitariste aveugle</u> 1903</span></span></p>
</td>
<td width="288">
<p align="left"><img loading="lazy" decoding="async" class="alignnone wp-image-179" src="http://ecole.ac-nice.fr/antibes/semainedeslangues/wp-content/uploads/sites/32/2022/03/joconde-202x300.jpg" alt="" width="305" height="453" srcset="https://ecole.ac-nice.fr/antibes/semainedeslangues/wp-content/uploads/sites/32/2022/03/joconde-202x300.jpg 202w, https://ecole.ac-nice.fr/antibes/semainedeslangues/wp-content/uploads/sites/32/2022/03/joconde.jpg 260w" sizes="auto, (max-width: 305px) 100vw, 305px" /></p>
<p align="left"><span style="font-family: Arial, serif;"><span style="font-size: small;"><span lang="fr-FR"><b>Leonardo Da Vinci,</b></span></span></span> <span style="font-family: Arial, serif;"><span style="font-size: small;"><span lang="fr-FR"><u>Mona Lisa</u></span></span></span><span style="font-family: Arial, serif;"><span style="font-size: small;"><span lang="fr-FR">, 1503</span></span></span></p>
</td>
</tr>
<tr>
<td colspan="2" valign="top" width="628">
<p align="left"><span style="color: #000000;"> <img loading="lazy" decoding="async" class="alignnone wp-image-123" src="http://ecole.ac-nice.fr/antibes/semainedeslangues/wp-content/uploads/sites/32/2022/03/hopper-lighthouse.jpg" alt="" width="624" height="479" /> </span></p>
<p align="left"><span style="font-family: Arial, serif;"><span style="color: #000000;"><span style="font-size: small;"><span lang="fr-FR"><b>Turner</b></span></span></span><span style="color: #000000;"><span style="font-size: small;"><span lang="fr-FR">, </span></span></span><span style="color: #000000;"><span style="font-size: small;"><span lang="fr-FR"><u>Bell Rock lighthouse</u></span></span></span><span style="color: #000000;"><span style="font-size: small;"><span lang="fr-FR">, 1824</span></span></span></span></p>
<p align="left">
</td>
</tr>
</tbody>
</table>
<p lang="en-US" align="left"><a name="_GoBack"></a> <span style="color: #4f81bd;"><span style="font-family: Arial, serif;"><span style="font-size: medium;"><b>Production finale</b></span></span></span></p>
<p lang="en-US" align="left"><span style="color: #000000;"><span style="font-family: Arial, serif;"><span style="font-size: small;">Parmi les deux œuvres d’art proposées, en choisir une à présenter pour le concours départemental</span></span></span></p>
<table width="747" cellspacing="0" cellpadding="7">
<tbody>
<tr valign="top">
<td width="298">
<p align="left"><span style="color: #000000;"><img loading="lazy" decoding="async" class="alignnone wp-image-182" src="http://ecole.ac-nice.fr/antibes/semainedeslangues/wp-content/uploads/sites/32/2022/03/klimt-197x300.jpg" alt="" width="308" height="469" srcset="https://ecole.ac-nice.fr/antibes/semainedeslangues/wp-content/uploads/sites/32/2022/03/klimt-197x300.jpg 197w, https://ecole.ac-nice.fr/antibes/semainedeslangues/wp-content/uploads/sites/32/2022/03/klimt.jpg 417w" sizes="auto, (max-width: 308px) 100vw, 308px" /> </span></p>
<p align="left"><span style="font-family: Arial, serif;"><span style="font-size: small;"><span lang="fr-FR"><b>Gustav Klimt</b></span> <span lang="fr-FR"><u>Le baiser</u></span><span lang="fr-FR"> 1907</span></span></span></p>
</td>
<td width="421">
<p align="left"><span style="color: #000000;"><img loading="lazy" decoding="async" class="alignnone wp-image-180" src="http://ecole.ac-nice.fr/antibes/semainedeslangues/wp-content/uploads/sites/32/2022/03/bruegel-300x216.png" alt="" width="410" height="295" srcset="https://ecole.ac-nice.fr/antibes/semainedeslangues/wp-content/uploads/sites/32/2022/03/bruegel-300x216.png 300w, https://ecole.ac-nice.fr/antibes/semainedeslangues/wp-content/uploads/sites/32/2022/03/bruegel-768x553.png 768w, https://ecole.ac-nice.fr/antibes/semainedeslangues/wp-content/uploads/sites/32/2022/03/bruegel.png 781w" sizes="auto, (max-width: 410px) 100vw, 410px" /> </span></p>
<p align="left"><span style="font-family: Arial, serif;"><span style="font-size: small;"><span lang="fr-FR"><b>Pieter Bruegel</b></span> <span lang="fr-FR"><u>Le Combat entre carnaval et carême</u></span><span lang="fr-FR">, 1559</span></span></span></p>
</td>
</tr>
</tbody>
</table>
<p style="text-align: center;"><a href="http://ecole.ac-nice.fr/antibes/semainedeslangues/wp-content/uploads/sites/32/2022/04/C3D4it.pdf" target="_blank" rel="noopener">Télécharger cette page</a></p>
<p lang="en-US" align="left">

<p>GIORNO 4: Venerdi 8 April Démarche et entrainement identiques avec le jour 3 pour les 3 oeuvres proposées ci-dessous Picasso Le vieux guitariste aveugle 1903 Leonardo Da Vinci, Mona Lisa, 1503 Turner, Bell Rock lighthouse, 1824 Production finale Parmi les deux œuvres d’art proposées, en choisir une à présenter pour le concours départemental Gustav Klimt &hellip; <a href="https://ecole.ac-nice.fr/antibes/semainedeslangues/accueil/italien/giorno-4-venerdi-8-aprile/" class="more-link">Continuer la lecture de <span class="screen-reader-text">Giorno 4, Venerdi 8 Aprile</span> <span class="meta-nav">&rarr;</span></a></p>
